{"id":10651,"date":"2018-07-10T09:43:00","date_gmt":"2018-07-10T07:43:00","guid":{"rendered":"http:\/\/recarprofi.cz\/?page_id=10651"},"modified":"2024-04-26T15:22:56","modified_gmt":"2024-04-26T13:22:56","slug":"bubnove-unia","status":"publish","type":"page","link":"https:\/\/recarprofi.cz\/uvod\/zemedelska-technika\/picniny\/zaci-stroje\/bubnove-unia\/","title":{"rendered":"Bubnov\u00e9 \u017eac\u00ed stroje Unia"},"content":{"rendered":"\t\t<div data-elementor-type=\"wp-page\" data-elementor-id=\"10651\" class=\"elementor elementor-10651\">\n\t\t\t\t\t\t<section class=\"elementor-section elementor-top-section elementor-element elementor-element-4f0dda17 elementor-section-boxed elementor-section-height-default elementor-section-height-default\" data-id=\"4f0dda17\" data-element_type=\"section\" data-e-type=\"section\">\n\t\t\t\t\t\t<div class=\"elementor-container elementor-column-gap-default\">\n\t\t\t\t\t<div class=\"elementor-column elementor-col-100 elementor-top-column elementor-element elementor-element-76b09f50\" data-id=\"76b09f50\" data-element_type=\"column\" data-e-type=\"column\">\n\t\t\t<div class=\"elementor-widget-wrap elementor-element-populated\">\n\t\t\t\t\t\t<div class=\"elementor-element elementor-element-4dfd7353 elementor-widget elementor-widget-text-editor\" data-id=\"4dfd7353\" data-element_type=\"widget\" data-e-type=\"widget\" data-widget_type=\"text-editor.default\">\n\t\t\t\t<div class=\"elementor-widget-container\">\n\t\t\t\t\t\t\t\t\t<p><a href=\"http:\/\/recarprofi.cz\/wp-content\/uploads\/2018\/07\/unia-mewa.jpg\"><img fetchpriority=\"high\" decoding=\"async\" class=\"aligncenter wp-image-10649 size-full\" src=\"https:\/\/recarprofi.cz\/wp-content\/uploads\/2018\/07\/unia-mewa.jpg\" alt=\"\" width=\"500\" height=\"491\" srcset=\"https:\/\/recarprofi.cz\/wp-content\/uploads\/2018\/07\/unia-mewa.jpg 500w, https:\/\/recarprofi.cz\/wp-content\/uploads\/2018\/07\/unia-mewa-416x409.jpg 416w, https:\/\/recarprofi.cz\/wp-content\/uploads\/2018\/07\/unia-mewa-420x412.jpg 420w\" sizes=\"(max-width: 500px) 100vw, 500px\" \/><\/a><\/p><p>Nesen\u00e9 rota\u010dn\u00ed bubnov\u00e9 seka\u010dky MEWA jsou \u00a0vzadu nesen\u00e9. Tov\u00e1rn\u00ed nastaven\u00ed v\u00fd\u0161ky se\u010den\u00ed je 5cm, co\u017e zaru\u010duje rychl\u00e9 obr\u016fst\u00e1n\u00ed porost\u016f. M\u011bnit v\u00fd\u0161ku se\u010den\u00ed lze pomoc\u00ed distan\u010dn\u00edch podlo\u017eek. D\u00edky mo\u017enosti dokoupen\u00ed hydraulick\u00e9 vzp\u011bry je mo\u017en\u00fd transport vedle, nebo za ta\u017en\u00fdm prost\u0159edkem. P\u0159ed po\u0161kozen\u00edm p\u0159i najet\u00ed na p\u0159ek\u00e1\u017eku je seka\u010dka chr\u00e1n\u011bna \u00a0pru\u017einov\u00fdm syst\u00e9mem. Dlouhou \u017eivotnost zaru\u010duj\u00ed zes\u00edlen\u00e9 kluzn\u00e9 podb\u011bhy. Zadn\u00ed seka\u010dky lze pou\u017e\u00edvat na se\u010den\u00ed svah\u016f a\u017e do sklonu 40 stup\u0148\u016f.<\/p><p>Standardn\u00ed v\u00fdbava:<\/p><ul><li>t\u0159\u00edbodov\u00fd z\u00e1v\u011bs<\/li><li>dva pracovn\u00ed bubny<\/li><li>vrchn\u00ed plechov\u00fd kryt bubn\u016f<\/li><li>kryc\u00ed plachta<\/li><li>n\u00e1jezdov\u00e9 zabezpe\u010den\u00ed<\/li><li>kondicion\u00e9r (varianta K)<\/li><\/ul><p><strong>Technick\u00e9 parametry:<\/strong><\/p><table><tbody><tr><td width=\"85\"><strong>Model<\/strong><\/td><td width=\"85\"><strong>Mewa 1,65<\/strong><\/td><td width=\"85\"><strong>Mewa 1,85<\/strong><\/td><td width=\"85\"><strong>Mewa 1,85 K<\/strong><\/td><td width=\"85\"><strong>Mewa 2,1<\/strong><\/td><td width=\"85\"><strong>Mewa 2,1 K<\/strong><\/td><\/tr><tr><td width=\"85\">Pracovn\u00ed z\u00e1b\u011br (m)<\/td><td width=\"85\">1,65<\/td><td width=\"85\">1,85<\/td><td width=\"85\">1,85<\/td><td width=\"85\">2,1<\/td><td width=\"85\">2,1<\/td><\/tr><tr><td width=\"85\">Hodinov\u00e1 v\u00fdkonnost (ha\/hod)<\/td><td width=\"85\">1,7<\/td><td width=\"85\">2<\/td><td width=\"85\">2<\/td><td width=\"85\">2,4<\/td><td width=\"85\">2,4<\/td><\/tr><tr><td width=\"85\">Po\u010det no\u017e\u016f (ks)<\/td><td width=\"85\">6<\/td><td width=\"85\">6<\/td><td width=\"85\">6<\/td><td width=\"85\">8<\/td><td width=\"85\">8<\/td><\/tr><tr><td width=\"85\">V\u00fdkon traktoru (k)<\/td><td width=\"85\">40<\/td><td width=\"85\">40<\/td><td width=\"85\">60<\/td><td width=\"85\">80<\/td><td width=\"85\">80<\/td><\/tr><tr><td width=\"85\">Hmotnost (kg)<\/td><td width=\"85\">360<\/td><td width=\"85\">430<\/td><td width=\"85\">540<\/td><td width=\"85\">520<\/td><td width=\"85\">640<\/td><\/tr><\/tbody><\/table><p><a href=\"http:\/\/recarprofi.cz\/wp-content\/uploads\/2018\/07\/unia-mewa3.png\"><img decoding=\"async\" class=\"aligncenter wp-image-10666 size-full\" src=\"https:\/\/recarprofi.cz\/wp-content\/uploads\/2018\/07\/unia-mewa3.png\" alt=\"\" width=\"800\" height=\"600\" srcset=\"https:\/\/recarprofi.cz\/wp-content\/uploads\/2018\/07\/unia-mewa3.png 800w, https:\/\/recarprofi.cz\/wp-content\/uploads\/2018\/07\/unia-mewa3-600x450.png 600w, https:\/\/recarprofi.cz\/wp-content\/uploads\/2018\/07\/unia-mewa3-420x315.png 420w, https:\/\/recarprofi.cz\/wp-content\/uploads\/2018\/07\/unia-mewa3-744x558.png 744w, https:\/\/recarprofi.cz\/wp-content\/uploads\/2018\/07\/unia-mewa3-768x576.png 768w\" sizes=\"(max-width: 800px) 100vw, 800px\" \/><\/a><a href=\"http:\/\/recarprofi.cz\/wp-content\/uploads\/2018\/07\/unia-mewa1.jpg\"><img decoding=\"async\" class=\"aligncenter wp-image-10658 size-full\" src=\"https:\/\/recarprofi.cz\/wp-content\/uploads\/2018\/07\/unia-mewa1.jpg\" alt=\"\" width=\"800\" height=\"600\" srcset=\"https:\/\/recarprofi.cz\/wp-content\/uploads\/2018\/07\/unia-mewa1.jpg 800w, https:\/\/recarprofi.cz\/wp-content\/uploads\/2018\/07\/unia-mewa1-600x450.jpg 600w, https:\/\/recarprofi.cz\/wp-content\/uploads\/2018\/07\/unia-mewa1-420x315.jpg 420w, https:\/\/recarprofi.cz\/wp-content\/uploads\/2018\/07\/unia-mewa1-744x558.jpg 744w, https:\/\/recarprofi.cz\/wp-content\/uploads\/2018\/07\/unia-mewa1-768x576.jpg 768w\" sizes=\"(max-width: 800px) 100vw, 800px\" \/><\/a><\/p>\t\t\t\t\t\t\t\t<\/div>\n\t\t\t\t<\/div>\n\t\t\t\t\t<\/div>\n\t\t<\/div>\n\t\t\t\t\t<\/div>\n\t\t<\/section>\n\t\t\t\t<\/div>\n\t\t","protected":false},"excerpt":{"rendered":"<p>Nesen\u00e9 rota\u010dn\u00ed bubnov\u00e9 seka\u010dky MEWA jsou \u00a0vzadu nesen\u00e9. Tov\u00e1rn\u00ed nastaven\u00ed v\u00fd\u0161ky se\u010den\u00ed je 5cm, co\u017e zaru\u010duje rychl\u00e9 obr\u016fst\u00e1n\u00ed porost\u016f. M\u011bnit v\u00fd\u0161ku se\u010den\u00ed lze pomoc\u00ed distan\u010dn\u00edch podlo\u017eek. D\u00edky mo\u017enosti dokoupen\u00ed hydraulick\u00e9 vzp\u011bry je mo\u017en\u00fd transport vedle,&hellip;<\/p>\n","protected":false},"author":1,"featured_media":0,"parent":2559,"menu_order":7,"comment_status":"closed","ping_status":"closed","template":"","meta":{"footnotes":""},"class_list":["post-10651","page","type-page","status-publish","hentry"],"_links":{"self":[{"href":"https:\/\/recarprofi.cz\/uvod\/wp-json\/wp\/v2\/pages\/10651","targetHints":{"allow":["GET"]}}],"collection":[{"href":"https:\/\/recarprofi.cz\/uvod\/wp-json\/wp\/v2\/pages"}],"about":[{"href":"https:\/\/recarprofi.cz\/uvod\/wp-json\/wp\/v2\/types\/page"}],"author":[{"embeddable":true,"href":"https:\/\/recarprofi.cz\/uvod\/wp-json\/wp\/v2\/users\/1"}],"replies":[{"embeddable":true,"href":"https:\/\/recarprofi.cz\/uvod\/wp-json\/wp\/v2\/comments?post=10651"}],"version-history":[{"count":13,"href":"https:\/\/recarprofi.cz\/uvod\/wp-json\/wp\/v2\/pages\/10651\/revisions"}],"predecessor-version":[{"id":21333,"href":"https:\/\/recarprofi.cz\/uvod\/wp-json\/wp\/v2\/pages\/10651\/revisions\/21333"}],"up":[{"embeddable":true,"href":"https:\/\/recarprofi.cz\/uvod\/wp-json\/wp\/v2\/pages\/2559"}],"wp:attachment":[{"href":"https:\/\/recarprofi.cz\/uvod\/wp-json\/wp\/v2\/media?parent=10651"}],"curies":[{"name":"wp","href":"https:\/\/api.w.org\/{rel}","templated":true}]}}

Bubnové žací stroje Unia

<div data-elementor-type="wp-page" data-elementor-id="10651" class="elementor elementor-10651">
						<section class="elementor-section elementor-top-section elementor-element elementor-element-4f0dda17 elementor-section-boxed elementor-section-height-default elementor-section-height-default" data-id="4f0dda17" data-element_type="section" data-e-type="section">
						<div class="elementor-container elementor-column-gap-default">
					<div class="elementor-column elementor-col-100 elementor-top-column elementor-element elementor-element-76b09f50" data-id="76b09f50" data-element_type="column" data-e-type="column">
			<div class="elementor-widget-wrap elementor-element-populated">
						<div class="elementor-element elementor-element-4dfd7353 elementor-widget elementor-widget-text-editor" data-id="4dfd7353" data-element_type="widget" data-e-type="widget" data-widget_type="text-editor.default">
				<div class="elementor-widget-container">
									<p><a href="http://recarprofi.cz/wp-content/uploads/2018/07/unia-mewa.jpg"><img fetchpriority="high" decoding="async" class="aligncenter wp-image-10649 size-full" src="https://recarprofi.cz/wp-content/uploads/2018/07/unia-mewa.jpg" alt="" width="500" height="491" srcset="https://recarprofi.cz/wp-content/uploads/2018/07/unia-mewa.jpg 500w, https://recarprofi.cz/wp-content/uploads/2018/07/unia-mewa-416x409.jpg 416w, https://recarprofi.cz/wp-content/uploads/2018/07/unia-mewa-420x412.jpg 420w" sizes="(max-width: 500px) 100vw, 500px" /></a></p><p>Nesené rotační bubnové sekačky MEWA jsou  vzadu nesené. Tovární nastavení výšky sečení je 5cm, což zaručuje rychlé obrůstání porostů. Měnit výšku sečení lze pomocí distančních podložek. Díky možnosti dokoupení hydraulické vzpěry je možný transport vedle, nebo za tažným prostředkem. Před poškozením při najetí na překážku je sekačka chráněna  pružinovým systémem. Dlouhou životnost zaručují zesílené kluzné podběhy. Zadní sekačky lze používat na sečení svahů až do sklonu 40 stupňů.</p><p>Standardní výbava:</p><ul><li>tříbodový závěs</li><li>dva pracovní bubny</li><li>vrchní plechový kryt bubnů</li><li>krycí plachta</li><li>nájezdové zabezpečení</li><li>kondicionér (varianta K)</li></ul><p><strong>Technické parametry:</strong></p><table><tbody><tr><td width="85"><strong>Model</strong></td><td width="85"><strong>Mewa 1,65</strong></td><td width="85"><strong>Mewa 1,85</strong></td><td width="85"><strong>Mewa 1,85 K</strong></td><td width="85"><strong>Mewa 2,1</strong></td><td width="85"><strong>Mewa 2,1 K</strong></td></tr><tr><td width="85">Pracovní záběr (m)</td><td width="85">1,65</td><td width="85">1,85</td><td width="85">1,85</td><td width="85">2,1</td><td width="85">2,1</td></tr><tr><td width="85">Hodinová výkonnost (ha/hod)</td><td width="85">1,7</td><td width="85">2</td><td width="85">2</td><td width="85">2,4</td><td width="85">2,4</td></tr><tr><td width="85">Počet nožů (ks)</td><td width="85">6</td><td width="85">6</td><td width="85">6</td><td width="85">8</td><td width="85">8</td></tr><tr><td width="85">Výkon traktoru (k)</td><td width="85">40</td><td width="85">40</td><td width="85">60</td><td width="85">80</td><td width="85">80</td></tr><tr><td width="85">Hmotnost (kg)</td><td width="85">360</td><td width="85">430</td><td width="85">540</td><td width="85">520</td><td width="85">640</td></tr></tbody></table><p><a href="http://recarprofi.cz/wp-content/uploads/2018/07/unia-mewa3.png"><img decoding="async" class="aligncenter wp-image-10666 size-full" src="https://recarprofi.cz/wp-content/uploads/2018/07/unia-mewa3.png" alt="" width="800" height="600" srcset="https://recarprofi.cz/wp-content/uploads/2018/07/unia-mewa3.png 800w, https://recarprofi.cz/wp-content/uploads/2018/07/unia-mewa3-600x450.png 600w, https://recarprofi.cz/wp-content/uploads/2018/07/unia-mewa3-420x315.png 420w, https://recarprofi.cz/wp-content/uploads/2018/07/unia-mewa3-744x558.png 744w, https://recarprofi.cz/wp-content/uploads/2018/07/unia-mewa3-768x576.png 768w" sizes="(max-width: 800px) 100vw, 800px" /></a><a href="http://recarprofi.cz/wp-content/uploads/2018/07/unia-mewa1.jpg"><img decoding="async" class="aligncenter wp-image-10658 size-full" src="https://recarprofi.cz/wp-content/uploads/2018/07/unia-mewa1.jpg" alt="" width="800" height="600" srcset="https://recarprofi.cz/wp-content/uploads/2018/07/unia-mewa1.jpg 800w, https://recarprofi.cz/wp-content/uploads/2018/07/unia-mewa1-600x450.jpg 600w, https://recarprofi.cz/wp-content/uploads/2018/07/unia-mewa1-420x315.jpg 420w, https://recarprofi.cz/wp-content/uploads/2018/07/unia-mewa1-744x558.jpg 744w, https://recarprofi.cz/wp-content/uploads/2018/07/unia-mewa1-768x576.jpg 768w" sizes="(max-width: 800px) 100vw, 800px" /></a></p>								</div>
				</div>
					</div>
		</div>
					</div>
		</section>
				</div>

<p>Nesené rotační bubnové sekačky MEWA jsou  vzadu nesené. Tovární nastavení výšky sečení je 5cm, což zaručuje rychlé obrůstání porostů. Měnit výšku sečení lze pomocí distančních podložek. Díky možnosti dokoupení hydraulické vzpěry je možný transport vedle,&hellip;</p>
