{"id":11051,"date":"2018-08-13T13:46:40","date_gmt":"2018-08-13T11:46:40","guid":{"rendered":"http:\/\/recarprofi.cz\/?page_id=11051"},"modified":"2024-04-10T15:03:34","modified_gmt":"2024-04-10T13:03:34","slug":"cbe2500-3000","status":"publish","type":"page","link":"https:\/\/recarprofi.cz\/uvod\/manipulacni-technika\/ctyrcestne-vysokozdvizne-voziky-combilift\/cbe2500-3000\/","title":{"rendered":"\u010cty\u0159cestn\u00e9 vysokozdvi\u017en\u00e9 voz\u00edky Combi CBE2500-3000"},"content":{"rendered":"\t\t<div data-elementor-type=\"wp-page\" data-elementor-id=\"11051\" class=\"elementor elementor-11051\">\n\t\t\t\t\t\t<section class=\"elementor-section elementor-top-section elementor-element elementor-element-62b7f95a elementor-section-boxed elementor-section-height-default elementor-section-height-default\" data-id=\"62b7f95a\" data-element_type=\"section\" data-e-type=\"section\">\n\t\t\t\t\t\t<div class=\"elementor-container elementor-column-gap-default\">\n\t\t\t\t\t<div class=\"elementor-column elementor-col-100 elementor-top-column elementor-element elementor-element-3f32dd12\" data-id=\"3f32dd12\" data-element_type=\"column\" data-e-type=\"column\">\n\t\t\t<div class=\"elementor-widget-wrap elementor-element-populated\">\n\t\t\t\t\t\t<div class=\"elementor-element elementor-element-11cff08e elementor-widget elementor-widget-text-editor\" data-id=\"11cff08e\" data-element_type=\"widget\" data-e-type=\"widget\" data-widget_type=\"text-editor.default\">\n\t\t\t\t<div class=\"elementor-widget-container\">\n\t\t\t\t\t\t\t\t\t<p><a href=\"http:\/\/recarprofi.cz\/wp-content\/uploads\/2018\/08\/combilift-cbe25-3-1.jpg\"><img fetchpriority=\"high\" decoding=\"async\" class=\"aligncenter wp-image-11052 size-full\" src=\"https:\/\/recarprofi.cz\/wp-content\/uploads\/2018\/08\/combilift-cbe25-3-1.jpg\" alt=\"\" width=\"768\" height=\"768\" srcset=\"https:\/\/recarprofi.cz\/wp-content\/uploads\/2018\/08\/combilift-cbe25-3-1.jpg 768w, https:\/\/recarprofi.cz\/wp-content\/uploads\/2018\/08\/combilift-cbe25-3-1-100x100.jpg 100w, https:\/\/recarprofi.cz\/wp-content\/uploads\/2018\/08\/combilift-cbe25-3-1-600x600.jpg 600w\" sizes=\"(max-width: 768px) 100vw, 768px\" \/><\/a><\/p><p>Voz\u00edk \u0159ady CBE je kompaktn\u00ed vysokozdvi\u017en\u00fd voz\u00edk s protiz\u00e1va\u017e\u00edm a\u00a0\u010dty\u0159cestn\u00fdm\u00a0pojezdem. CBE je ide\u00e1ln\u00ed pro p\u0159epravu zbo\u017e\u00ed,\u00a0 jako je klasick\u00fd voz\u00edk ale m\u00e1 dal\u0161\u00ed v\u00fdhodu, m\u00e1 schopnost p\u0159en\u00e1\u0161et velk\u00e9 zat\u00ed\u017een\u00ed v bo\u010dn\u00edm re\u017eimu. Pohon voz\u00edku je elektrick\u00fd.<\/p><p>\u00a0<\/p><p><strong>Prospekt:\u00a0<span style=\"color: #008000;\"><a style=\"color: #008000;\" href=\"http:\/\/recarprofi.cz\/wp-content\/uploads\/2018\/08\/combilift-cbe-25-3.pdf\">Combi CBE 2,5-3<\/a><\/span><\/strong><\/p><p>\u00a0<\/p><p><strong>Technick\u00e9 parametry:<\/strong><\/p><table><tbody><tr><td width=\"194\"><em><strong>Typ voz\u00edku<\/strong><\/em><\/td><td width=\"194\"><em><strong>CBE 2,5<\/strong><\/em><\/td><td width=\"194\"><em><strong>CBE 3<\/strong><\/em><\/td><\/tr><tr><td width=\"194\">Nosnost<\/td><td width=\"194\">2.500 kg<\/td><td width=\"194\">3.000 kg<\/td><\/tr><tr><td width=\"194\">T\u011b\u017ei\u0161t\u011b vylo\u017een\u00ed<\/td><td width=\"194\">600 mm<\/td><td width=\"194\">600 mm<\/td><\/tr><tr><td width=\"194\">Pohon<\/td><td width=\"194\">Elektrick\u00fd<\/td><td width=\"194\">Elektrick\u00fd<\/td><\/tr><tr><td width=\"194\">Vlastn\u00ed hmotnost<\/td><td width=\"194\">6.500 kg<\/td><td width=\"194\">6.800 kg<\/td><\/tr><tr><td width=\"194\">Rychlost pojezdu<\/td><td width=\"194\">11 km\/h<\/td><td width=\"194\">11 km\/h<\/td><\/tr><tr><td width=\"194\">Pneumatiky p\u0159edn\u00ed<\/td><td width=\"194\">16&#215;7-10,5<\/td><td width=\"194\">16&#215;7-10,5<\/td><\/tr><tr><td width=\"194\">Pneumatiky zadn\u00ed<\/td><td width=\"194\">22x10x16<\/td><td width=\"194\">22x10x16<\/td><\/tr><tr><td width=\"194\">Motor<\/td><td width=\"194\">2 x AC 48V<\/td><td width=\"194\">2 x AC 48V<\/td><\/tr><tr><td width=\"194\">V\u00fdkon motoru<\/td><td width=\"194\">2 x 5kW<\/td><td width=\"194\">2 x 5kW<\/td><\/tr><\/tbody><\/table><p><a href=\"http:\/\/recarprofi.cz\/wp-content\/uploads\/2018\/08\/combilift-cbe31.jpg\"><img decoding=\"async\" class=\"aligncenter wp-image-11060 size-full\" src=\"https:\/\/recarprofi.cz\/wp-content\/uploads\/2018\/08\/combilift-cbe31.jpg\" alt=\"\" width=\"1024\" height=\"765\" srcset=\"https:\/\/recarprofi.cz\/wp-content\/uploads\/2018\/08\/combilift-cbe31.jpg 1024w, https:\/\/recarprofi.cz\/wp-content\/uploads\/2018\/08\/combilift-cbe31-600x448.jpg 600w, https:\/\/recarprofi.cz\/wp-content\/uploads\/2018\/08\/combilift-cbe31-420x314.jpg 420w, https:\/\/recarprofi.cz\/wp-content\/uploads\/2018\/08\/combilift-cbe31-744x556.jpg 744w, https:\/\/recarprofi.cz\/wp-content\/uploads\/2018\/08\/combilift-cbe31-768x574.jpg 768w\" sizes=\"(max-width: 1024px) 100vw, 1024px\" \/><\/a><a href=\"http:\/\/recarprofi.cz\/wp-content\/uploads\/2018\/08\/combilift-cbe3.jpg\"><img decoding=\"async\" class=\"aligncenter wp-image-11059 size-full\" src=\"https:\/\/recarprofi.cz\/wp-content\/uploads\/2018\/08\/combilift-cbe3.jpg\" alt=\"\" width=\"1024\" height=\"576\" srcset=\"https:\/\/recarprofi.cz\/wp-content\/uploads\/2018\/08\/combilift-cbe3.jpg 1024w, https:\/\/recarprofi.cz\/wp-content\/uploads\/2018\/08\/combilift-cbe3-600x338.jpg 600w, https:\/\/recarprofi.cz\/wp-content\/uploads\/2018\/08\/combilift-cbe3-420x236.jpg 420w, https:\/\/recarprofi.cz\/wp-content\/uploads\/2018\/08\/combilift-cbe3-744x419.jpg 744w, https:\/\/recarprofi.cz\/wp-content\/uploads\/2018\/08\/combilift-cbe3-768x432.jpg 768w\" sizes=\"(max-width: 1024px) 100vw, 1024px\" \/><\/a><\/p>\t\t\t\t\t\t\t\t<\/div>\n\t\t\t\t<\/div>\n\t\t\t\t\t<\/div>\n\t\t<\/div>\n\t\t\t\t\t<\/div>\n\t\t<\/section>\n\t\t\t\t<\/div>\n\t\t","protected":false},"excerpt":{"rendered":"<p>Voz\u00edk \u0159ady CBE je kompaktn\u00ed vysokozdvi\u017en\u00fd voz\u00edk s protiz\u00e1va\u017e\u00edm a\u00a0\u010dty\u0159cestn\u00fdm\u00a0pojezdem. CBE je ide\u00e1ln\u00ed pro p\u0159epravu zbo\u017e\u00ed,\u00a0 jako je klasick\u00fd voz\u00edk ale m\u00e1 dal\u0161\u00ed v\u00fdhodu, m\u00e1 schopnost p\u0159en\u00e1\u0161et velk\u00e9 zat\u00ed\u017een\u00ed v bo\u010dn\u00edm re\u017eimu. Pohon voz\u00edku je&hellip;<\/p>\n","protected":false},"author":1,"featured_media":11059,"parent":147,"menu_order":10,"comment_status":"closed","ping_status":"closed","template":"","meta":{"footnotes":""},"class_list":["post-11051","page","type-page","status-publish","has-post-thumbnail","hentry"],"_links":{"self":[{"href":"https:\/\/recarprofi.cz\/uvod\/wp-json\/wp\/v2\/pages\/11051","targetHints":{"allow":["GET"]}}],"collection":[{"href":"https:\/\/recarprofi.cz\/uvod\/wp-json\/wp\/v2\/pages"}],"about":[{"href":"https:\/\/recarprofi.cz\/uvod\/wp-json\/wp\/v2\/types\/page"}],"author":[{"embeddable":true,"href":"https:\/\/recarprofi.cz\/uvod\/wp-json\/wp\/v2\/users\/1"}],"replies":[{"embeddable":true,"href":"https:\/\/recarprofi.cz\/uvod\/wp-json\/wp\/v2\/comments?post=11051"}],"version-history":[{"count":13,"href":"https:\/\/recarprofi.cz\/uvod\/wp-json\/wp\/v2\/pages\/11051\/revisions"}],"predecessor-version":[{"id":29865,"href":"https:\/\/recarprofi.cz\/uvod\/wp-json\/wp\/v2\/pages\/11051\/revisions\/29865"}],"up":[{"embeddable":true,"href":"https:\/\/recarprofi.cz\/uvod\/wp-json\/wp\/v2\/pages\/147"}],"wp:featuredmedia":[{"embeddable":true,"href":"https:\/\/recarprofi.cz\/uvod\/wp-json\/wp\/v2\/media\/11059"}],"wp:attachment":[{"href":"https:\/\/recarprofi.cz\/uvod\/wp-json\/wp\/v2\/media?parent=11051"}],"curies":[{"name":"wp","href":"https:\/\/api.w.org\/{rel}","templated":true}]}}

Čtyřcestné vysokozdvižné vozíky Combi CBE2500-3000

<div data-elementor-type="wp-page" data-elementor-id="11051" class="elementor elementor-11051">
						<section class="elementor-section elementor-top-section elementor-element elementor-element-62b7f95a elementor-section-boxed elementor-section-height-default elementor-section-height-default" data-id="62b7f95a" data-element_type="section" data-e-type="section">
						<div class="elementor-container elementor-column-gap-default">
					<div class="elementor-column elementor-col-100 elementor-top-column elementor-element elementor-element-3f32dd12" data-id="3f32dd12" data-element_type="column" data-e-type="column">
			<div class="elementor-widget-wrap elementor-element-populated">
						<div class="elementor-element elementor-element-11cff08e elementor-widget elementor-widget-text-editor" data-id="11cff08e" data-element_type="widget" data-e-type="widget" data-widget_type="text-editor.default">
				<div class="elementor-widget-container">
									<p><a href="http://recarprofi.cz/wp-content/uploads/2018/08/combilift-cbe25-3-1.jpg"><img fetchpriority="high" decoding="async" class="aligncenter wp-image-11052 size-full" src="https://recarprofi.cz/wp-content/uploads/2018/08/combilift-cbe25-3-1.jpg" alt="" width="768" height="768" srcset="https://recarprofi.cz/wp-content/uploads/2018/08/combilift-cbe25-3-1.jpg 768w, https://recarprofi.cz/wp-content/uploads/2018/08/combilift-cbe25-3-1-100x100.jpg 100w, https://recarprofi.cz/wp-content/uploads/2018/08/combilift-cbe25-3-1-600x600.jpg 600w" sizes="(max-width: 768px) 100vw, 768px" /></a></p><p>Vozík řady CBE je kompaktní vysokozdvižný vozík s protizávažím a čtyřcestným pojezdem. CBE je ideální pro přepravu zboží,  jako je klasický vozík ale má další výhodu, má schopnost přenášet velké zatížení v bočním režimu. Pohon vozíku je elektrický.</p><p> </p><p><strong>Prospekt: <span style="color: #008000;"><a style="color: #008000;" href="http://recarprofi.cz/wp-content/uploads/2018/08/combilift-cbe-25-3.pdf">Combi CBE 2,5-3</a></span></strong></p><p> </p><p><strong>Technické parametry:</strong></p><table><tbody><tr><td width="194"><em><strong>Typ vozíku</strong></em></td><td width="194"><em><strong>CBE 2,5</strong></em></td><td width="194"><em><strong>CBE 3</strong></em></td></tr><tr><td width="194">Nosnost</td><td width="194">2.500 kg</td><td width="194">3.000 kg</td></tr><tr><td width="194">Těžiště vyložení</td><td width="194">600 mm</td><td width="194">600 mm</td></tr><tr><td width="194">Pohon</td><td width="194">Elektrický</td><td width="194">Elektrický</td></tr><tr><td width="194">Vlastní hmotnost</td><td width="194">6.500 kg</td><td width="194">6.800 kg</td></tr><tr><td width="194">Rychlost pojezdu</td><td width="194">11 km/h</td><td width="194">11 km/h</td></tr><tr><td width="194">Pneumatiky přední</td><td width="194">16&#215;7-10,5</td><td width="194">16&#215;7-10,5</td></tr><tr><td width="194">Pneumatiky zadní</td><td width="194">22x10x16</td><td width="194">22x10x16</td></tr><tr><td width="194">Motor</td><td width="194">2 x AC 48V</td><td width="194">2 x AC 48V</td></tr><tr><td width="194">Výkon motoru</td><td width="194">2 x 5kW</td><td width="194">2 x 5kW</td></tr></tbody></table><p><a href="http://recarprofi.cz/wp-content/uploads/2018/08/combilift-cbe31.jpg"><img decoding="async" class="aligncenter wp-image-11060 size-full" src="https://recarprofi.cz/wp-content/uploads/2018/08/combilift-cbe31.jpg" alt="" width="1024" height="765" srcset="https://recarprofi.cz/wp-content/uploads/2018/08/combilift-cbe31.jpg 1024w, https://recarprofi.cz/wp-content/uploads/2018/08/combilift-cbe31-600x448.jpg 600w, https://recarprofi.cz/wp-content/uploads/2018/08/combilift-cbe31-420x314.jpg 420w, https://recarprofi.cz/wp-content/uploads/2018/08/combilift-cbe31-744x556.jpg 744w, https://recarprofi.cz/wp-content/uploads/2018/08/combilift-cbe31-768x574.jpg 768w" sizes="(max-width: 1024px) 100vw, 1024px" /></a><a href="http://recarprofi.cz/wp-content/uploads/2018/08/combilift-cbe3.jpg"><img decoding="async" class="aligncenter wp-image-11059 size-full" src="https://recarprofi.cz/wp-content/uploads/2018/08/combilift-cbe3.jpg" alt="" width="1024" height="576" srcset="https://recarprofi.cz/wp-content/uploads/2018/08/combilift-cbe3.jpg 1024w, https://recarprofi.cz/wp-content/uploads/2018/08/combilift-cbe3-600x338.jpg 600w, https://recarprofi.cz/wp-content/uploads/2018/08/combilift-cbe3-420x236.jpg 420w, https://recarprofi.cz/wp-content/uploads/2018/08/combilift-cbe3-744x419.jpg 744w, https://recarprofi.cz/wp-content/uploads/2018/08/combilift-cbe3-768x432.jpg 768w" sizes="(max-width: 1024px) 100vw, 1024px" /></a></p>								</div>
				</div>
					</div>
		</div>
					</div>
		</section>
				</div>

<p>Vozík řady CBE je kompaktní vysokozdvižný vozík s protizávažím a čtyřcestným pojezdem. CBE je ideální pro přepravu zboží,  jako je klasický vozík ale má další výhodu, má schopnost přenášet velké zatížení v bočním režimu. Pohon vozíku je&hellip;</p>
