{"id":11065,"date":"2018-08-13T14:29:15","date_gmt":"2018-08-13T12:29:15","guid":{"rendered":"http:\/\/recarprofi.cz\/?page_id=11065"},"modified":"2024-04-10T15:04:35","modified_gmt":"2024-04-10T13:04:35","slug":"cbe-4","status":"publish","type":"page","link":"https:\/\/recarprofi.cz\/uvod\/manipulacni-technika\/ctyrcestne-vysokozdvizne-voziky-combilift\/cbe-4\/","title":{"rendered":"\u010cty\u0159cestn\u00e9 vysokozdvi\u017en\u00e9 voz\u00edky Combi CBE4"},"content":{"rendered":"\t\t<div data-elementor-type=\"wp-page\" data-elementor-id=\"11065\" class=\"elementor elementor-11065\">\n\t\t\t\t\t\t<section class=\"elementor-section elementor-top-section elementor-element elementor-element-333d44a0 elementor-section-boxed elementor-section-height-default elementor-section-height-default\" data-id=\"333d44a0\" data-element_type=\"section\" data-e-type=\"section\">\n\t\t\t\t\t\t<div class=\"elementor-container elementor-column-gap-default\">\n\t\t\t\t\t<div class=\"elementor-column elementor-col-100 elementor-top-column elementor-element elementor-element-16728c8c\" data-id=\"16728c8c\" data-element_type=\"column\" data-e-type=\"column\">\n\t\t\t<div class=\"elementor-widget-wrap elementor-element-populated\">\n\t\t\t\t\t\t<div class=\"elementor-element elementor-element-389c24df elementor-widget elementor-widget-text-editor\" data-id=\"389c24df\" data-element_type=\"widget\" data-e-type=\"widget\" data-widget_type=\"text-editor.default\">\n\t\t\t\t<div class=\"elementor-widget-container\">\n\t\t\t\t\t\t\t\t\t<p><a href=\"http:\/\/recarprofi.cz\/wp-content\/uploads\/2018\/08\/combilift-cbe4t.jpg\"><img fetchpriority=\"high\" decoding=\"async\" class=\"aligncenter wp-image-11005 size-full\" src=\"https:\/\/recarprofi.cz\/wp-content\/uploads\/2018\/08\/combilift-cbe4t.jpg\" alt=\"\" width=\"1000\" height=\"733\" srcset=\"https:\/\/recarprofi.cz\/wp-content\/uploads\/2018\/08\/combilift-cbe4t.jpg 1000w, https:\/\/recarprofi.cz\/wp-content\/uploads\/2018\/08\/combilift-cbe4t-600x440.jpg 600w, https:\/\/recarprofi.cz\/wp-content\/uploads\/2018\/08\/combilift-cbe4t-420x308.jpg 420w, https:\/\/recarprofi.cz\/wp-content\/uploads\/2018\/08\/combilift-cbe4t-744x545.jpg 744w, https:\/\/recarprofi.cz\/wp-content\/uploads\/2018\/08\/combilift-cbe4t-768x563.jpg 768w\" sizes=\"(max-width: 1000px) 100vw, 1000px\" \/><\/a><\/p><p>Voz\u00edk \u0159ady CBE je kompaktn\u00ed vysokozdvi\u017en\u00fd voz\u00edk s protiz\u00e1va\u017e\u00edm a\u00a0\u010dty\u0159cestn\u00fdm\u00a0pojezdem. CBE je ide\u00e1ln\u00ed pro p\u0159epravu zbo\u017e\u00ed,\u00a0 jako je klasick\u00fd voz\u00edk ale m\u00e1 dal\u0161\u00ed v\u00fdhodu, m\u00e1 schopnost p\u0159en\u00e1\u0161et velk\u00e9 zat\u00ed\u017een\u00ed v bo\u010dn\u00edm re\u017eimu. Pohon voz\u00edku je elektrick\u00fd.<\/p><p>\u00a0<\/p><p><strong>Prospekt: <span style=\"color: #008000;\"><a style=\"color: #008000;\" href=\"http:\/\/recarprofi.cz\/wp-content\/uploads\/2018\/08\/combilift-cbe-4.pdf\">Combi CBE 4T<\/a><\/span><\/strong><\/p><p>\u00a0<\/p><p><strong>Technick\u00e9 parametry:\u00a0<\/strong><\/p><table><tbody><tr><td width=\"194\"><em><strong>Typ voz\u00edku<\/strong><\/em><\/td><td width=\"194\"><em><strong>CBE 4<\/strong><\/em><\/td><\/tr><tr><td width=\"194\">Nosnost<\/td><td width=\"194\">4.000 kg<\/td><\/tr><tr><td width=\"194\">Pohon<\/td><td width=\"194\">Elektrick\u00fd<\/td><\/tr><tr><td width=\"194\">T\u011b\u017ei\u0161t\u011b vylo\u017een\u00ed<\/td><td width=\"194\">600 mm<\/td><\/tr><tr><td width=\"194\">Vlastn\u00ed hmotnost<\/td><td width=\"194\">8.750 kg<\/td><\/tr><tr><td width=\"194\">Rychlost pojezdu<\/td><td width=\"194\">11 km\/h<\/td><\/tr><tr><td width=\"194\">Pneumatiky p\u0159edn\u00ed<\/td><td width=\"194\">20x9x22<\/td><\/tr><tr><td width=\"194\">Pneumatiky zadn\u00ed<\/td><td width=\"194\">28x10x22<\/td><\/tr><tr><td width=\"194\">Motor<\/td><td width=\"194\">3 x AC 72V<\/td><\/tr><tr><td width=\"194\">V\u00fdkon motoru<\/td><td width=\"194\">2 x 3kW \/ 1 x 5kW<\/td><\/tr><\/tbody><\/table><p><a href=\"http:\/\/recarprofi.cz\/wp-content\/uploads\/2018\/08\/combilift-cbe3-1.jpg\"><img decoding=\"async\" class=\"aligncenter wp-image-11072 size-full\" src=\"https:\/\/recarprofi.cz\/wp-content\/uploads\/2018\/08\/combilift-cbe3-1.jpg\" alt=\"\" width=\"1024\" height=\"576\" srcset=\"https:\/\/recarprofi.cz\/wp-content\/uploads\/2018\/08\/combilift-cbe3-1.jpg 1024w, https:\/\/recarprofi.cz\/wp-content\/uploads\/2018\/08\/combilift-cbe3-1-600x338.jpg 600w, https:\/\/recarprofi.cz\/wp-content\/uploads\/2018\/08\/combilift-cbe3-1-420x236.jpg 420w, https:\/\/recarprofi.cz\/wp-content\/uploads\/2018\/08\/combilift-cbe3-1-744x419.jpg 744w, https:\/\/recarprofi.cz\/wp-content\/uploads\/2018\/08\/combilift-cbe3-1-768x432.jpg 768w\" sizes=\"(max-width: 1024px) 100vw, 1024px\" \/><\/a><a href=\"http:\/\/recarprofi.cz\/wp-content\/uploads\/2018\/08\/combilift-cb32.jpg\"><img decoding=\"async\" class=\"aligncenter wp-image-11024 size-full\" src=\"https:\/\/recarprofi.cz\/wp-content\/uploads\/2018\/08\/combilift-cb32.jpg\" alt=\"\" width=\"1024\" height=\"768\" srcset=\"https:\/\/recarprofi.cz\/wp-content\/uploads\/2018\/08\/combilift-cb32.jpg 1024w, https:\/\/recarprofi.cz\/wp-content\/uploads\/2018\/08\/combilift-cb32-600x450.jpg 600w, https:\/\/recarprofi.cz\/wp-content\/uploads\/2018\/08\/combilift-cb32-420x315.jpg 420w, https:\/\/recarprofi.cz\/wp-content\/uploads\/2018\/08\/combilift-cb32-744x558.jpg 744w, https:\/\/recarprofi.cz\/wp-content\/uploads\/2018\/08\/combilift-cb32-768x576.jpg 768w\" sizes=\"(max-width: 1024px) 100vw, 1024px\" \/><\/a><\/p>\t\t\t\t\t\t\t\t<\/div>\n\t\t\t\t<\/div>\n\t\t\t\t\t<\/div>\n\t\t<\/div>\n\t\t\t\t\t<\/div>\n\t\t<\/section>\n\t\t\t\t<\/div>\n\t\t","protected":false},"excerpt":{"rendered":"<p>Voz\u00edk \u0159ady CBE je kompaktn\u00ed vysokozdvi\u017en\u00fd voz\u00edk s protiz\u00e1va\u017e\u00edm a\u00a0\u010dty\u0159cestn\u00fdm\u00a0pojezdem. CBE je ide\u00e1ln\u00ed pro p\u0159epravu zbo\u017e\u00ed,\u00a0 jako je klasick\u00fd voz\u00edk ale m\u00e1 dal\u0161\u00ed v\u00fdhodu, m\u00e1 schopnost p\u0159en\u00e1\u0161et velk\u00e9 zat\u00ed\u017een\u00ed v bo\u010dn\u00edm re\u017eimu. Pohon voz\u00edku je&hellip;<\/p>\n","protected":false},"author":1,"featured_media":11448,"parent":147,"menu_order":11,"comment_status":"closed","ping_status":"closed","template":"","meta":{"footnotes":""},"class_list":["post-11065","page","type-page","status-publish","has-post-thumbnail","hentry"],"_links":{"self":[{"href":"https:\/\/recarprofi.cz\/uvod\/wp-json\/wp\/v2\/pages\/11065","targetHints":{"allow":["GET"]}}],"collection":[{"href":"https:\/\/recarprofi.cz\/uvod\/wp-json\/wp\/v2\/pages"}],"about":[{"href":"https:\/\/recarprofi.cz\/uvod\/wp-json\/wp\/v2\/types\/page"}],"author":[{"embeddable":true,"href":"https:\/\/recarprofi.cz\/uvod\/wp-json\/wp\/v2\/users\/1"}],"replies":[{"embeddable":true,"href":"https:\/\/recarprofi.cz\/uvod\/wp-json\/wp\/v2\/comments?post=11065"}],"version-history":[{"count":11,"href":"https:\/\/recarprofi.cz\/uvod\/wp-json\/wp\/v2\/pages\/11065\/revisions"}],"predecessor-version":[{"id":29866,"href":"https:\/\/recarprofi.cz\/uvod\/wp-json\/wp\/v2\/pages\/11065\/revisions\/29866"}],"up":[{"embeddable":true,"href":"https:\/\/recarprofi.cz\/uvod\/wp-json\/wp\/v2\/pages\/147"}],"wp:featuredmedia":[{"embeddable":true,"href":"https:\/\/recarprofi.cz\/uvod\/wp-json\/wp\/v2\/media\/11448"}],"wp:attachment":[{"href":"https:\/\/recarprofi.cz\/uvod\/wp-json\/wp\/v2\/media?parent=11065"}],"curies":[{"name":"wp","href":"https:\/\/api.w.org\/{rel}","templated":true}]}}

Čtyřcestné vysokozdvižné vozíky Combi CBE4

<div data-elementor-type="wp-page" data-elementor-id="11065" class="elementor elementor-11065">
						<section class="elementor-section elementor-top-section elementor-element elementor-element-333d44a0 elementor-section-boxed elementor-section-height-default elementor-section-height-default" data-id="333d44a0" data-element_type="section" data-e-type="section">
						<div class="elementor-container elementor-column-gap-default">
					<div class="elementor-column elementor-col-100 elementor-top-column elementor-element elementor-element-16728c8c" data-id="16728c8c" data-element_type="column" data-e-type="column">
			<div class="elementor-widget-wrap elementor-element-populated">
						<div class="elementor-element elementor-element-389c24df elementor-widget elementor-widget-text-editor" data-id="389c24df" data-element_type="widget" data-e-type="widget" data-widget_type="text-editor.default">
				<div class="elementor-widget-container">
									<p><a href="http://recarprofi.cz/wp-content/uploads/2018/08/combilift-cbe4t.jpg"><img fetchpriority="high" decoding="async" class="aligncenter wp-image-11005 size-full" src="https://recarprofi.cz/wp-content/uploads/2018/08/combilift-cbe4t.jpg" alt="" width="1000" height="733" srcset="https://recarprofi.cz/wp-content/uploads/2018/08/combilift-cbe4t.jpg 1000w, https://recarprofi.cz/wp-content/uploads/2018/08/combilift-cbe4t-600x440.jpg 600w, https://recarprofi.cz/wp-content/uploads/2018/08/combilift-cbe4t-420x308.jpg 420w, https://recarprofi.cz/wp-content/uploads/2018/08/combilift-cbe4t-744x545.jpg 744w, https://recarprofi.cz/wp-content/uploads/2018/08/combilift-cbe4t-768x563.jpg 768w" sizes="(max-width: 1000px) 100vw, 1000px" /></a></p><p>Vozík řady CBE je kompaktní vysokozdvižný vozík s protizávažím a čtyřcestným pojezdem. CBE je ideální pro přepravu zboží,  jako je klasický vozík ale má další výhodu, má schopnost přenášet velké zatížení v bočním režimu. Pohon vozíku je elektrický.</p><p> </p><p><strong>Prospekt: <span style="color: #008000;"><a style="color: #008000;" href="http://recarprofi.cz/wp-content/uploads/2018/08/combilift-cbe-4.pdf">Combi CBE 4T</a></span></strong></p><p> </p><p><strong>Technické parametry: </strong></p><table><tbody><tr><td width="194"><em><strong>Typ vozíku</strong></em></td><td width="194"><em><strong>CBE 4</strong></em></td></tr><tr><td width="194">Nosnost</td><td width="194">4.000 kg</td></tr><tr><td width="194">Pohon</td><td width="194">Elektrický</td></tr><tr><td width="194">Těžiště vyložení</td><td width="194">600 mm</td></tr><tr><td width="194">Vlastní hmotnost</td><td width="194">8.750 kg</td></tr><tr><td width="194">Rychlost pojezdu</td><td width="194">11 km/h</td></tr><tr><td width="194">Pneumatiky přední</td><td width="194">20x9x22</td></tr><tr><td width="194">Pneumatiky zadní</td><td width="194">28x10x22</td></tr><tr><td width="194">Motor</td><td width="194">3 x AC 72V</td></tr><tr><td width="194">Výkon motoru</td><td width="194">2 x 3kW / 1 x 5kW</td></tr></tbody></table><p><a href="http://recarprofi.cz/wp-content/uploads/2018/08/combilift-cbe3-1.jpg"><img decoding="async" class="aligncenter wp-image-11072 size-full" src="https://recarprofi.cz/wp-content/uploads/2018/08/combilift-cbe3-1.jpg" alt="" width="1024" height="576" srcset="https://recarprofi.cz/wp-content/uploads/2018/08/combilift-cbe3-1.jpg 1024w, https://recarprofi.cz/wp-content/uploads/2018/08/combilift-cbe3-1-600x338.jpg 600w, https://recarprofi.cz/wp-content/uploads/2018/08/combilift-cbe3-1-420x236.jpg 420w, https://recarprofi.cz/wp-content/uploads/2018/08/combilift-cbe3-1-744x419.jpg 744w, https://recarprofi.cz/wp-content/uploads/2018/08/combilift-cbe3-1-768x432.jpg 768w" sizes="(max-width: 1024px) 100vw, 1024px" /></a><a href="http://recarprofi.cz/wp-content/uploads/2018/08/combilift-cb32.jpg"><img decoding="async" class="aligncenter wp-image-11024 size-full" src="https://recarprofi.cz/wp-content/uploads/2018/08/combilift-cb32.jpg" alt="" width="1024" height="768" srcset="https://recarprofi.cz/wp-content/uploads/2018/08/combilift-cb32.jpg 1024w, https://recarprofi.cz/wp-content/uploads/2018/08/combilift-cb32-600x450.jpg 600w, https://recarprofi.cz/wp-content/uploads/2018/08/combilift-cb32-420x315.jpg 420w, https://recarprofi.cz/wp-content/uploads/2018/08/combilift-cb32-744x558.jpg 744w, https://recarprofi.cz/wp-content/uploads/2018/08/combilift-cb32-768x576.jpg 768w" sizes="(max-width: 1024px) 100vw, 1024px" /></a></p>								</div>
				</div>
					</div>
		</div>
					</div>
		</section>
				</div>

<p>Vozík řady CBE je kompaktní vysokozdvižný vozík s protizávažím a čtyřcestným pojezdem. CBE je ideální pro přepravu zboží,  jako je klasický vozík ale má další výhodu, má schopnost přenášet velké zatížení v bočním režimu. Pohon vozíku je&hellip;</p>
