{"id":11101,"date":"2018-08-14T09:14:55","date_gmt":"2018-08-14T07:14:55","guid":{"rendered":"http:\/\/recarprofi.cz\/?page_id=11101"},"modified":"2024-04-10T15:19:22","modified_gmt":"2024-04-10T13:19:22","slug":"sl","status":"publish","type":"page","link":"https:\/\/recarprofi.cz\/uvod\/manipulacni-technika\/bocni-vysokozdvizne-voziky-combi\/sl\/","title":{"rendered":"Bo\u010dn\u00ed vysokozdvi\u017en\u00e9 voz\u00edky Combi SL"},"content":{"rendered":"\t\t<div data-elementor-type=\"wp-page\" data-elementor-id=\"11101\" class=\"elementor elementor-11101\">\n\t\t\t\t\t\t<section class=\"elementor-section elementor-top-section elementor-element elementor-element-54363f3b elementor-section-boxed elementor-section-height-default elementor-section-height-default\" data-id=\"54363f3b\" data-element_type=\"section\" data-e-type=\"section\">\n\t\t\t\t\t\t<div class=\"elementor-container elementor-column-gap-default\">\n\t\t\t\t\t<div class=\"elementor-column elementor-col-100 elementor-top-column elementor-element elementor-element-7fc66046\" data-id=\"7fc66046\" data-element_type=\"column\" data-e-type=\"column\">\n\t\t\t<div class=\"elementor-widget-wrap elementor-element-populated\">\n\t\t\t\t\t\t<div class=\"elementor-element elementor-element-c735738 elementor-widget elementor-widget-text-editor\" data-id=\"c735738\" data-element_type=\"widget\" data-e-type=\"widget\" data-widget_type=\"text-editor.default\">\n\t\t\t\t<div class=\"elementor-widget-container\">\n\t\t\t\t\t\t\t\t\t<p dir=\"ltr\" data-placeholder=\"P\u0159eklad\"><a href=\"http:\/\/recarprofi.cz\/wp-content\/uploads\/2018\/08\/combi-sl.jpg\"><img fetchpriority=\"high\" decoding=\"async\" class=\"aligncenter wp-image-11098 size-full\" src=\"https:\/\/recarprofi.cz\/wp-content\/uploads\/2018\/08\/combi-sl.jpg\" alt=\"\" width=\"923\" height=\"919\" srcset=\"https:\/\/recarprofi.cz\/wp-content\/uploads\/2018\/08\/combi-sl.jpg 923w, https:\/\/recarprofi.cz\/wp-content\/uploads\/2018\/08\/combi-sl-100x100.jpg 100w, https:\/\/recarprofi.cz\/wp-content\/uploads\/2018\/08\/combi-sl-600x597.jpg 600w\" sizes=\"(max-width: 923px) 100vw, 923px\" \/><\/a><\/p><p id=\"tw-target-text\" class=\"tw-data-text tw-ta tw-text-small\" dir=\"ltr\" data-placeholder=\"P\u0159eklad\"><span lang=\"cs\">Aby byla spln\u011bna pot\u0159eba bo\u010dn\u00edho voz\u00edku s man\u00e9vrovatelnost\u00ed a v\u0161estrannost\u00ed \u010dty\u0159cestn\u00e9ho vysokozdvi\u017en\u00e9ho voz\u00edku, byla vyvinuta \u0159ada Combi-SL. T\u0159i-kolov\u00fd bo\u010dn\u00ed voz\u00edk obsahuje nejkvalitn\u011bj\u0161\u00ed komponenty a inovativn\u00ed technologii, kter\u00e1 nab\u00edz\u00ed v\u00fdkonn\u00fd a spolehliv\u00fd provoz i v t\u011bch nejn\u00e1ro\u010dn\u011bj\u0161\u00edch aplikac\u00edch.<\/span><\/p><p dir=\"ltr\" data-placeholder=\"P\u0159eklad\"><strong>Prospekt:<span style=\"color: #008080;\">\u00a0<a style=\"color: #008080;\" href=\"http:\/\/recarprofi.cz\/wp-content\/uploads\/2018\/08\/combilift-sl.pdf\">Combi SL<\/a><\/span><\/strong><\/p><p dir=\"ltr\" data-placeholder=\"P\u0159eklad\"><strong>Technick\u00e9 parametry:<\/strong><\/p><table><tbody><tr><td width=\"194\"><em><strong>Typ voz\u00edku<\/strong><\/em><\/td><td width=\"194\"><em><strong>4500 SL<\/strong><\/em><\/td><td width=\"194\"><em><strong>5000 SL<\/strong><\/em><\/td><td width=\"194\"><em><strong>6000 SL<\/strong><\/em><\/td><\/tr><tr><td width=\"194\">Nosnost<\/td><td width=\"194\">4.500 kg<\/td><td width=\"194\">5.000 kg<\/td><td width=\"194\">6.000 kg<\/td><\/tr><tr><td width=\"194\">T\u011b\u017ei\u0161t\u011b vylo\u017een\u00ed<\/td><td width=\"194\">600 mm<\/td><td width=\"194\">600 mm<\/td><td width=\"194\">600 mm<\/td><\/tr><tr><td width=\"194\">Pohon<\/td><td width=\"194\">Diesel\/LPG<\/td><td width=\"194\">Diesel\/LPG<\/td><td width=\"194\">Diesel\/LPG<\/td><\/tr><tr><td width=\"194\">Vlastn\u00ed hmotnost<\/td><td width=\"194\">9.800 kg<\/td><td width=\"194\">9.900 kg<\/td><td width=\"194\">10.200 kg<\/td><\/tr><tr><td width=\"194\">Rychlost pojezdu<\/td><td width=\"194\">20 km\/h<\/td><td width=\"194\">20 km\/h<\/td><td width=\"194\">20 km\/h<\/td><\/tr><tr><td width=\"194\">Pneumatiky p\u0159edn\u00ed<\/td><td width=\"194\">27&#215;10-12<\/td><td width=\"194\">27&#215;10-12<\/td><td width=\"194\">27&#215;10-12<\/td><\/tr><tr><td width=\"194\">Pneumatiky zadn\u00ed<\/td><td width=\"194\">355\/65-15<\/td><td width=\"194\">355\/65-15<\/td><td width=\"194\">355\/65-15<\/td><\/tr><tr><td width=\"194\">Motor<\/td><td width=\"194\">Deutz\/GM LPG<\/td><td width=\"194\">Deutz\/GM LPG<\/td><td width=\"194\">Deutz\/GM LPG<\/td><\/tr><tr><td width=\"194\">V\u00fdkon motoru<\/td><td width=\"194\">55 kW\/72 kW<\/td><td width=\"194\">55 kW\/72 kW<\/td><td width=\"194\">55 kW\/72 kW<\/td><\/tr><\/tbody><\/table><p><a href=\"http:\/\/recarprofi.cz\/wp-content\/uploads\/2018\/08\/combi-sl1.jpg\"><img decoding=\"async\" class=\"aligncenter wp-image-11109 size-medium\" src=\"https:\/\/recarprofi.cz\/wp-content\/uploads\/2018\/08\/combi-sl1-744x496.jpg\" alt=\"\" width=\"744\" height=\"496\" srcset=\"https:\/\/recarprofi.cz\/wp-content\/uploads\/2018\/08\/combi-sl1-744x496.jpg 744w, https:\/\/recarprofi.cz\/wp-content\/uploads\/2018\/08\/combi-sl1-600x400.jpg 600w, https:\/\/recarprofi.cz\/wp-content\/uploads\/2018\/08\/combi-sl1-420x280.jpg 420w, https:\/\/recarprofi.cz\/wp-content\/uploads\/2018\/08\/combi-sl1-768x512.jpg 768w, https:\/\/recarprofi.cz\/wp-content\/uploads\/2018\/08\/combi-sl1.jpg 1024w\" sizes=\"(max-width: 744px) 100vw, 744px\" \/><\/a><\/p><p><a href=\"http:\/\/recarprofi.cz\/wp-content\/uploads\/2019\/04\/combi-sl2.jpg\"><img decoding=\"async\" class=\"aligncenter wp-image-12107 size-medium\" src=\"https:\/\/recarprofi.cz\/wp-content\/uploads\/2019\/04\/combi-sl2-744x496.jpg\" alt=\"\" width=\"744\" height=\"496\" \/><\/a><\/p><p><a href=\"http:\/\/recarprofi.cz\/wp-content\/uploads\/2018\/08\/combi-sl3.jpg\"><img loading=\"lazy\" decoding=\"async\" class=\"aligncenter wp-image-11112 size-full\" src=\"https:\/\/recarprofi.cz\/wp-content\/uploads\/2018\/08\/combi-sl3.jpg\" alt=\"\" width=\"1024\" height=\"576\" srcset=\"https:\/\/recarprofi.cz\/wp-content\/uploads\/2018\/08\/combi-sl3.jpg 1024w, https:\/\/recarprofi.cz\/wp-content\/uploads\/2018\/08\/combi-sl3-600x338.jpg 600w, https:\/\/recarprofi.cz\/wp-content\/uploads\/2018\/08\/combi-sl3-420x236.jpg 420w, https:\/\/recarprofi.cz\/wp-content\/uploads\/2018\/08\/combi-sl3-744x419.jpg 744w, https:\/\/recarprofi.cz\/wp-content\/uploads\/2018\/08\/combi-sl3-768x432.jpg 768w\" sizes=\"(max-width: 1024px) 100vw, 1024px\" \/><\/a><\/p>\t\t\t\t\t\t\t\t<\/div>\n\t\t\t\t<\/div>\n\t\t\t\t\t<\/div>\n\t\t<\/div>\n\t\t\t\t\t<\/div>\n\t\t<\/section>\n\t\t\t\t<\/div>\n\t\t","protected":false},"excerpt":{"rendered":"<p>Aby byla spln\u011bna pot\u0159eba bo\u010dn\u00edho voz\u00edku s man\u00e9vrovatelnost\u00ed a v\u0161estrannost\u00ed \u010dty\u0159cestn\u00e9ho vysokozdvi\u017en\u00e9ho voz\u00edku, byla vyvinuta \u0159ada Combi-SL. T\u0159i-kolov\u00fd bo\u010dn\u00ed voz\u00edk obsahuje nejkvalitn\u011bj\u0161\u00ed komponenty a inovativn\u00ed technologii, kter\u00e1 nab\u00edz\u00ed v\u00fdkonn\u00fd a spolehliv\u00fd provoz i v t\u011bch&hellip;<\/p>\n","protected":false},"author":1,"featured_media":12107,"parent":11095,"menu_order":1,"comment_status":"closed","ping_status":"closed","template":"","meta":{"footnotes":""},"class_list":["post-11101","page","type-page","status-publish","has-post-thumbnail","hentry"],"_links":{"self":[{"href":"https:\/\/recarprofi.cz\/uvod\/wp-json\/wp\/v2\/pages\/11101","targetHints":{"allow":["GET"]}}],"collection":[{"href":"https:\/\/recarprofi.cz\/uvod\/wp-json\/wp\/v2\/pages"}],"about":[{"href":"https:\/\/recarprofi.cz\/uvod\/wp-json\/wp\/v2\/types\/page"}],"author":[{"embeddable":true,"href":"https:\/\/recarprofi.cz\/uvod\/wp-json\/wp\/v2\/users\/1"}],"replies":[{"embeddable":true,"href":"https:\/\/recarprofi.cz\/uvod\/wp-json\/wp\/v2\/comments?post=11101"}],"version-history":[{"count":11,"href":"https:\/\/recarprofi.cz\/uvod\/wp-json\/wp\/v2\/pages\/11101\/revisions"}],"predecessor-version":[{"id":20347,"href":"https:\/\/recarprofi.cz\/uvod\/wp-json\/wp\/v2\/pages\/11101\/revisions\/20347"}],"up":[{"embeddable":true,"href":"https:\/\/recarprofi.cz\/uvod\/wp-json\/wp\/v2\/pages\/11095"}],"wp:featuredmedia":[{"embeddable":true,"href":"https:\/\/recarprofi.cz\/uvod\/wp-json\/wp\/v2\/media\/12107"}],"wp:attachment":[{"href":"https:\/\/recarprofi.cz\/uvod\/wp-json\/wp\/v2\/media?parent=11101"}],"curies":[{"name":"wp","href":"https:\/\/api.w.org\/{rel}","templated":true}]}}

Boční vysokozdvižné vozíky Combi SL

<div data-elementor-type="wp-page" data-elementor-id="11101" class="elementor elementor-11101">
						<section class="elementor-section elementor-top-section elementor-element elementor-element-54363f3b elementor-section-boxed elementor-section-height-default elementor-section-height-default" data-id="54363f3b" data-element_type="section" data-e-type="section">
						<div class="elementor-container elementor-column-gap-default">
					<div class="elementor-column elementor-col-100 elementor-top-column elementor-element elementor-element-7fc66046" data-id="7fc66046" data-element_type="column" data-e-type="column">
			<div class="elementor-widget-wrap elementor-element-populated">
						<div class="elementor-element elementor-element-c735738 elementor-widget elementor-widget-text-editor" data-id="c735738" data-element_type="widget" data-e-type="widget" data-widget_type="text-editor.default">
				<div class="elementor-widget-container">
									<p dir="ltr" data-placeholder="Překlad"><a href="http://recarprofi.cz/wp-content/uploads/2018/08/combi-sl.jpg"><img fetchpriority="high" decoding="async" class="aligncenter wp-image-11098 size-full" src="https://recarprofi.cz/wp-content/uploads/2018/08/combi-sl.jpg" alt="" width="923" height="919" srcset="https://recarprofi.cz/wp-content/uploads/2018/08/combi-sl.jpg 923w, https://recarprofi.cz/wp-content/uploads/2018/08/combi-sl-100x100.jpg 100w, https://recarprofi.cz/wp-content/uploads/2018/08/combi-sl-600x597.jpg 600w" sizes="(max-width: 923px) 100vw, 923px" /></a></p><p id="tw-target-text" class="tw-data-text tw-ta tw-text-small" dir="ltr" data-placeholder="Překlad"><span lang="cs">Aby byla splněna potřeba bočního vozíku s manévrovatelností a všestranností čtyřcestného vysokozdvižného vozíku, byla vyvinuta řada Combi-SL. Tři-kolový boční vozík obsahuje nejkvalitnější komponenty a inovativní technologii, která nabízí výkonný a spolehlivý provoz i v těch nejnáročnějších aplikacích.</span></p><p dir="ltr" data-placeholder="Překlad"><strong>Prospekt:<span style="color: #008080;"> <a style="color: #008080;" href="http://recarprofi.cz/wp-content/uploads/2018/08/combilift-sl.pdf">Combi SL</a></span></strong></p><p dir="ltr" data-placeholder="Překlad"><strong>Technické parametry:</strong></p><table><tbody><tr><td width="194"><em><strong>Typ vozíku</strong></em></td><td width="194"><em><strong>4500 SL</strong></em></td><td width="194"><em><strong>5000 SL</strong></em></td><td width="194"><em><strong>6000 SL</strong></em></td></tr><tr><td width="194">Nosnost</td><td width="194">4.500 kg</td><td width="194">5.000 kg</td><td width="194">6.000 kg</td></tr><tr><td width="194">Těžiště vyložení</td><td width="194">600 mm</td><td width="194">600 mm</td><td width="194">600 mm</td></tr><tr><td width="194">Pohon</td><td width="194">Diesel/LPG</td><td width="194">Diesel/LPG</td><td width="194">Diesel/LPG</td></tr><tr><td width="194">Vlastní hmotnost</td><td width="194">9.800 kg</td><td width="194">9.900 kg</td><td width="194">10.200 kg</td></tr><tr><td width="194">Rychlost pojezdu</td><td width="194">20 km/h</td><td width="194">20 km/h</td><td width="194">20 km/h</td></tr><tr><td width="194">Pneumatiky přední</td><td width="194">27&#215;10-12</td><td width="194">27&#215;10-12</td><td width="194">27&#215;10-12</td></tr><tr><td width="194">Pneumatiky zadní</td><td width="194">355/65-15</td><td width="194">355/65-15</td><td width="194">355/65-15</td></tr><tr><td width="194">Motor</td><td width="194">Deutz/GM LPG</td><td width="194">Deutz/GM LPG</td><td width="194">Deutz/GM LPG</td></tr><tr><td width="194">Výkon motoru</td><td width="194">55 kW/72 kW</td><td width="194">55 kW/72 kW</td><td width="194">55 kW/72 kW</td></tr></tbody></table><p><a href="http://recarprofi.cz/wp-content/uploads/2018/08/combi-sl1.jpg"><img decoding="async" class="aligncenter wp-image-11109 size-medium" src="https://recarprofi.cz/wp-content/uploads/2018/08/combi-sl1-744x496.jpg" alt="" width="744" height="496" srcset="https://recarprofi.cz/wp-content/uploads/2018/08/combi-sl1-744x496.jpg 744w, https://recarprofi.cz/wp-content/uploads/2018/08/combi-sl1-600x400.jpg 600w, https://recarprofi.cz/wp-content/uploads/2018/08/combi-sl1-420x280.jpg 420w, https://recarprofi.cz/wp-content/uploads/2018/08/combi-sl1-768x512.jpg 768w, https://recarprofi.cz/wp-content/uploads/2018/08/combi-sl1.jpg 1024w" sizes="(max-width: 744px) 100vw, 744px" /></a></p><p><a href="http://recarprofi.cz/wp-content/uploads/2019/04/combi-sl2.jpg"><img decoding="async" class="aligncenter wp-image-12107 size-medium" src="https://recarprofi.cz/wp-content/uploads/2019/04/combi-sl2-744x496.jpg" alt="" width="744" height="496" /></a></p><p><a href="http://recarprofi.cz/wp-content/uploads/2018/08/combi-sl3.jpg"><img loading="lazy" decoding="async" class="aligncenter wp-image-11112 size-full" src="https://recarprofi.cz/wp-content/uploads/2018/08/combi-sl3.jpg" alt="" width="1024" height="576" srcset="https://recarprofi.cz/wp-content/uploads/2018/08/combi-sl3.jpg 1024w, https://recarprofi.cz/wp-content/uploads/2018/08/combi-sl3-600x338.jpg 600w, https://recarprofi.cz/wp-content/uploads/2018/08/combi-sl3-420x236.jpg 420w, https://recarprofi.cz/wp-content/uploads/2018/08/combi-sl3-744x419.jpg 744w, https://recarprofi.cz/wp-content/uploads/2018/08/combi-sl3-768x432.jpg 768w" sizes="(max-width: 1024px) 100vw, 1024px" /></a></p>								</div>
				</div>
					</div>
		</div>
					</div>
		</section>
				</div>

<p>Aby byla splněna potřeba bočního vozíku s manévrovatelností a všestranností čtyřcestného vysokozdvižného vozíku, byla vyvinuta řada Combi-SL. Tři-kolový boční vozík obsahuje nejkvalitnější komponenty a inovativní technologii, která nabízí výkonný a spolehlivý provoz i v těch&hellip;</p>
