{"id":11129,"date":"2018-08-14T10:37:24","date_gmt":"2018-08-14T08:37:24","guid":{"rendered":"http:\/\/recarprofi.cz\/?page_id=11129"},"modified":"2024-04-10T15:22:13","modified_gmt":"2024-04-10T13:22:13","slug":"st","status":"publish","type":"page","link":"https:\/\/recarprofi.cz\/uvod\/manipulacni-technika\/bocni-vysokozdvizne-voziky-combi\/st\/","title":{"rendered":"Bo\u010dn\u00ed vysokozdvi\u017en\u00e9 voz\u00edky Combi ST"},"content":{"rendered":"\t\t<div data-elementor-type=\"wp-page\" data-elementor-id=\"11129\" class=\"elementor elementor-11129\">\n\t\t\t\t\t\t<section class=\"elementor-section elementor-top-section elementor-element elementor-element-28b3caa9 elementor-section-boxed elementor-section-height-default elementor-section-height-default\" data-id=\"28b3caa9\" data-element_type=\"section\" data-e-type=\"section\">\n\t\t\t\t\t\t<div class=\"elementor-container elementor-column-gap-default\">\n\t\t\t\t\t<div class=\"elementor-column elementor-col-100 elementor-top-column elementor-element elementor-element-126c79e8\" data-id=\"126c79e8\" data-element_type=\"column\" data-e-type=\"column\">\n\t\t\t<div class=\"elementor-widget-wrap elementor-element-populated\">\n\t\t\t\t\t\t<div class=\"elementor-element elementor-element-45b2c5d1 elementor-widget elementor-widget-text-editor\" data-id=\"45b2c5d1\" data-element_type=\"widget\" data-e-type=\"widget\" data-widget_type=\"text-editor.default\">\n\t\t\t\t<div class=\"elementor-widget-container\">\n\t\t\t\t\t\t\t\t\t<p dir=\"ltr\" data-placeholder=\"P\u0159eklad\"><a href=\"http:\/\/recarprofi.cz\/wp-content\/uploads\/2018\/08\/combi-st-1.jpg\"><img fetchpriority=\"high\" decoding=\"async\" class=\"aligncenter wp-image-11130 size-medium\" src=\"https:\/\/recarprofi.cz\/wp-content\/uploads\/2018\/08\/combi-st-1-744x739.jpg\" alt=\"\" width=\"744\" height=\"739\" srcset=\"https:\/\/recarprofi.cz\/wp-content\/uploads\/2018\/08\/combi-st-1-744x739.jpg 744w, https:\/\/recarprofi.cz\/wp-content\/uploads\/2018\/08\/combi-st-1-100x100.jpg 100w, https:\/\/recarprofi.cz\/wp-content\/uploads\/2018\/08\/combi-st-1-600x596.jpg 600w, https:\/\/recarprofi.cz\/wp-content\/uploads\/2018\/08\/combi-st-1-420x417.jpg 420w, https:\/\/recarprofi.cz\/wp-content\/uploads\/2018\/08\/combi-st-1-768x763.jpg 768w, https:\/\/recarprofi.cz\/wp-content\/uploads\/2018\/08\/combi-st-1.jpg 902w\" sizes=\"(max-width: 744px) 100vw, 744px\" \/><\/a><\/p><p dir=\"ltr\" data-placeholder=\"P\u0159eklad\">Pro provozovatele, kte\u0159\u00ed pracuj\u00ed v omezen\u00e9m prostoru, je nezbytn\u00e1 vynikaj\u00edc\u00ed viditelnost. Provoz s \u0159\u00edzenou uli\u010dkou a kabinou navr\u017eenou pro efektivitu zaji\u0161\u0165uj\u00ed, \u017ee COMBI-ST je tou spr\u00e1vnou volbou.\u00a0<span lang=\"cs\">Provoz s \u0159\u00edzen\u00fdmi uli\u010dkami p\u0159ij\u00edm\u00e1 \u0159ada z\u00e1kazn\u00edk\u016f, d\u00edky \u010demu\u017e je velmi rychl\u00fd vjezd a pr\u016fjezd uli\u010dkou, p\u0159i\u010dem\u017e se v\u00fdrazn\u011b sni\u017euje riziko po\u0161kozen\u00ed produkt\u016f i reg\u00e1l\u016f. Konstrukce kabiny umo\u017e\u0148uje rychl\u00e9 a snadn\u00e9 pravideln\u00e9 vstoupen\u00ed a vystoupen\u00ed ve srovn\u00e1n\u00ed s vysokozdvi\u017en\u00fdmi voz\u00edky a mo\u017enost sklopn\u00e9ho sedadla. Obl\u00edbenou volbou u modelu Combi-ST je sedac\u00ed kabina s diagon\u00e1ln\u00edm sed\u00e1kem, kter\u00e1 nab\u00edz\u00ed vynikaj\u00edc\u00ed komfort obsluhy bez kompromis\u016f na \u0161\u00ed\u0159k\u00e1ch uli\u010dek.\u00a0<\/span><span lang=\"cs\">\u00dazk\u00e1 konstrukce kabiny umo\u017e\u0148uje provoz v extr\u00e9mn\u011b \u00fazk\u00fdch uli\u010dk\u00e1ch. A co v\u00edce, d\u00e9lky plo\u0161iny lze p\u0159izp\u016fsobit tak, aby vyhovovaly st\u00e1vaj\u00edc\u00edm \u00fazk\u00fdm uli\u010dk\u00e1m. Sn\u00ed\u017een\u00e9 n\u00e1klady na skladov\u00e1n\u00ed na m\u00edst\u011b a schopnost p\u0159izp\u016fsobit hustotu z\u00e1sob rostouc\u00ed popt\u00e1vce jsou jen n\u011bkter\u00e9 z v\u00fdhod model\u016f Combi-ST.\u00a0<\/span><\/p><p dir=\"ltr\" data-placeholder=\"P\u0159eklad\"><strong>Prospekt:\u00a0<span style=\"color: #008080;\"><a style=\"color: #008080;\" href=\"http:\/\/recarprofi.cz\/wp-content\/uploads\/2018\/08\/combilift-st.pdf\">Combi ST<\/a><\/span><\/strong><\/p><p dir=\"ltr\" data-placeholder=\"P\u0159eklad\"><strong>Prospekt:\u00a0<span style=\"color: #008000;\"><a style=\"color: #008000;\" href=\"http:\/\/recarprofi.cz\/wp-content\/uploads\/2018\/08\/combilift-ste.pdf\">Combi STE<\/a><\/span><\/strong><\/p><p dir=\"ltr\" data-placeholder=\"P\u0159eklad\"><strong>Technick\u00e9 parametry:<\/strong><\/p><table><tbody><tr><td width=\"129\"><strong><em>Typ voz\u00edku<\/em><\/strong><\/td><td width=\"129\"><em><strong>3000 ST<\/strong><\/em><\/td><td width=\"129\"><em><strong>4000 ST<\/strong><\/em><\/td><td width=\"129\"><em><strong>2500 STE<\/strong><\/em><\/td><td width=\"129\"><strong><em>3000 STE<\/em><\/strong><\/td><td width=\"129\"><em><strong>4000 STE<\/strong><\/em><\/td><\/tr><tr><td width=\"129\">Nosnost<\/td><td width=\"129\">3.000 kg<\/td><td width=\"129\">4.000 kg<\/td><td width=\"129\">2.500 kg<\/td><td width=\"129\">3.000 kg<\/td><td width=\"129\">4.000 kg<\/td><\/tr><tr><td width=\"129\">T\u011b\u017ei\u0161t\u011b vylo\u017een\u00ed<\/td><td width=\"129\">600 mm<\/td><td width=\"129\">600 mm<\/td><td width=\"129\">600 mm<\/td><td width=\"129\">600 mm<\/td><td width=\"129\">600 mm<\/td><\/tr><tr><td width=\"129\">Pohon<\/td><td width=\"129\">Diesel\/LPG<\/td><td width=\"129\">Diesel\/LPG<\/td><td width=\"129\">Elektrick\u00fd<\/td><td width=\"129\">Elektrick\u00fd<\/td><td width=\"129\">Elektrick\u00fd<\/td><\/tr><tr><td width=\"129\">Vlastn\u00ed hmotnost<\/td><td width=\"129\">6.000 kg<\/td><td width=\"129\">6.550 kg<\/td><td width=\"129\">6.250 kg<\/td><td width=\"129\">6.450 kg<\/td><td width=\"129\">6.650 kg<\/td><\/tr><tr><td width=\"129\">Rychlost pojezdu<\/td><td width=\"129\">10 km\/h<\/td><td width=\"129\">10 km\/h<\/td><td width=\"129\">10 km\/h<\/td><td width=\"129\">10 km\/h<\/td><td width=\"129\">10 km\/h<\/td><\/tr><tr><td width=\"129\">Kola p\u0159edn\u00ed<\/td><td width=\"129\">16&#215;7-10,5<\/td><td width=\"129\">16&#215;7-10,5<\/td><td width=\"129\">405\/305-260<\/td><td width=\"129\">405\/305-260<\/td><td width=\"129\">405\/305-260<\/td><\/tr><tr><td width=\"129\">Kola zadn\u00ed<\/td><td width=\"129\">23&#215;10-12<\/td><td width=\"129\">23&#215;10-12<\/td><td width=\"129\">23&#215;10-12<\/td><td width=\"129\">23&#215;10-12<\/td><td width=\"129\">23&#215;10-12<\/td><\/tr><tr><td width=\"129\">Motor<\/td><td width=\"129\">Kubota\/GM LPG<\/td><td width=\"129\">Kubota\/GM LPG<\/td><td width=\"129\">AC 80V<\/td><td width=\"129\">AC 80V<\/td><td width=\"129\">AC 80V<\/td><\/tr><tr><td width=\"129\">V\u00fdkon motoru<\/td><td width=\"129\">32 kW\/48 kW<\/td><td width=\"129\">32 kW\/48 kW<\/td><td width=\"129\">2 x 5kW<\/td><td width=\"129\">2 x 5kW<\/td><td width=\"129\">2 x 5kW<\/td><\/tr><\/tbody><\/table><p><a href=\"http:\/\/recarprofi.cz\/wp-content\/uploads\/2018\/08\/combi-st3.jpg\"><img decoding=\"async\" class=\"aligncenter wp-image-11140 size-medium\" src=\"https:\/\/recarprofi.cz\/wp-content\/uploads\/2018\/08\/combi-st3-744x496.jpg\" alt=\"\" width=\"744\" height=\"496\" srcset=\"https:\/\/recarprofi.cz\/wp-content\/uploads\/2018\/08\/combi-st3-744x496.jpg 744w, https:\/\/recarprofi.cz\/wp-content\/uploads\/2018\/08\/combi-st3-600x400.jpg 600w, https:\/\/recarprofi.cz\/wp-content\/uploads\/2018\/08\/combi-st3-420x280.jpg 420w, https:\/\/recarprofi.cz\/wp-content\/uploads\/2018\/08\/combi-st3-768x512.jpg 768w, https:\/\/recarprofi.cz\/wp-content\/uploads\/2018\/08\/combi-st3.jpg 1024w\" sizes=\"(max-width: 744px) 100vw, 744px\" \/><\/a><a href=\"http:\/\/recarprofi.cz\/wp-content\/uploads\/2018\/08\/combi-st2.jpg\"><img decoding=\"async\" class=\"aligncenter wp-image-11139 size-medium\" src=\"https:\/\/recarprofi.cz\/wp-content\/uploads\/2018\/08\/combi-st2-744x549.jpg\" alt=\"\" width=\"744\" height=\"549\" srcset=\"https:\/\/recarprofi.cz\/wp-content\/uploads\/2018\/08\/combi-st2-744x549.jpg 744w, https:\/\/recarprofi.cz\/wp-content\/uploads\/2018\/08\/combi-st2-600x442.jpg 600w, https:\/\/recarprofi.cz\/wp-content\/uploads\/2018\/08\/combi-st2-420x310.jpg 420w, https:\/\/recarprofi.cz\/wp-content\/uploads\/2018\/08\/combi-st2-768x566.jpg 768w, https:\/\/recarprofi.cz\/wp-content\/uploads\/2018\/08\/combi-st2.jpg 1024w\" sizes=\"(max-width: 744px) 100vw, 744px\" \/><\/a><\/p><p><a href=\"http:\/\/recarprofi.cz\/wp-content\/uploads\/2018\/08\/combi-st1.jpg\"><img loading=\"lazy\" decoding=\"async\" class=\"aligncenter wp-image-11142 size-full\" src=\"https:\/\/recarprofi.cz\/wp-content\/uploads\/2018\/08\/combi-st1.jpg\" alt=\"\" width=\"678\" height=\"1024\" srcset=\"https:\/\/recarprofi.cz\/wp-content\/uploads\/2018\/08\/combi-st1.jpg 678w, https:\/\/recarprofi.cz\/wp-content\/uploads\/2018\/08\/combi-st1-600x906.jpg 600w, https:\/\/recarprofi.cz\/wp-content\/uploads\/2018\/08\/combi-st1-420x634.jpg 420w\" sizes=\"(max-width: 678px) 100vw, 678px\" \/><\/a><\/p>\t\t\t\t\t\t\t\t<\/div>\n\t\t\t\t<\/div>\n\t\t\t\t\t<\/div>\n\t\t<\/div>\n\t\t\t\t\t<\/div>\n\t\t<\/section>\n\t\t\t\t<\/div>\n\t\t","protected":false},"excerpt":{"rendered":"<p>Pro provozovatele, kte\u0159\u00ed pracuj\u00ed v omezen\u00e9m prostoru, je nezbytn\u00e1 vynikaj\u00edc\u00ed viditelnost. Provoz s \u0159\u00edzenou uli\u010dkou a kabinou navr\u017eenou pro efektivitu zaji\u0161\u0165uj\u00ed, \u017ee COMBI-ST je tou spr\u00e1vnou volbou.\u00a0Provoz s \u0159\u00edzen\u00fdmi uli\u010dkami p\u0159ij\u00edm\u00e1 \u0159ada z\u00e1kazn\u00edk\u016f, d\u00edky \u010demu\u017e&hellip;<\/p>\n","protected":false},"author":1,"featured_media":11139,"parent":11095,"menu_order":3,"comment_status":"closed","ping_status":"closed","template":"","meta":{"footnotes":""},"class_list":["post-11129","page","type-page","status-publish","has-post-thumbnail","hentry"],"_links":{"self":[{"href":"https:\/\/recarprofi.cz\/uvod\/wp-json\/wp\/v2\/pages\/11129","targetHints":{"allow":["GET"]}}],"collection":[{"href":"https:\/\/recarprofi.cz\/uvod\/wp-json\/wp\/v2\/pages"}],"about":[{"href":"https:\/\/recarprofi.cz\/uvod\/wp-json\/wp\/v2\/types\/page"}],"author":[{"embeddable":true,"href":"https:\/\/recarprofi.cz\/uvod\/wp-json\/wp\/v2\/users\/1"}],"replies":[{"embeddable":true,"href":"https:\/\/recarprofi.cz\/uvod\/wp-json\/wp\/v2\/comments?post=11129"}],"version-history":[{"count":11,"href":"https:\/\/recarprofi.cz\/uvod\/wp-json\/wp\/v2\/pages\/11129\/revisions"}],"predecessor-version":[{"id":20353,"href":"https:\/\/recarprofi.cz\/uvod\/wp-json\/wp\/v2\/pages\/11129\/revisions\/20353"}],"up":[{"embeddable":true,"href":"https:\/\/recarprofi.cz\/uvod\/wp-json\/wp\/v2\/pages\/11095"}],"wp:featuredmedia":[{"embeddable":true,"href":"https:\/\/recarprofi.cz\/uvod\/wp-json\/wp\/v2\/media\/11139"}],"wp:attachment":[{"href":"https:\/\/recarprofi.cz\/uvod\/wp-json\/wp\/v2\/media?parent=11129"}],"curies":[{"name":"wp","href":"https:\/\/api.w.org\/{rel}","templated":true}]}}

Boční vysokozdvižné vozíky Combi ST

<div data-elementor-type="wp-page" data-elementor-id="11129" class="elementor elementor-11129">
						<section class="elementor-section elementor-top-section elementor-element elementor-element-28b3caa9 elementor-section-boxed elementor-section-height-default elementor-section-height-default" data-id="28b3caa9" data-element_type="section" data-e-type="section">
						<div class="elementor-container elementor-column-gap-default">
					<div class="elementor-column elementor-col-100 elementor-top-column elementor-element elementor-element-126c79e8" data-id="126c79e8" data-element_type="column" data-e-type="column">
			<div class="elementor-widget-wrap elementor-element-populated">
						<div class="elementor-element elementor-element-45b2c5d1 elementor-widget elementor-widget-text-editor" data-id="45b2c5d1" data-element_type="widget" data-e-type="widget" data-widget_type="text-editor.default">
				<div class="elementor-widget-container">
									<p dir="ltr" data-placeholder="Překlad"><a href="http://recarprofi.cz/wp-content/uploads/2018/08/combi-st-1.jpg"><img fetchpriority="high" decoding="async" class="aligncenter wp-image-11130 size-medium" src="https://recarprofi.cz/wp-content/uploads/2018/08/combi-st-1-744x739.jpg" alt="" width="744" height="739" srcset="https://recarprofi.cz/wp-content/uploads/2018/08/combi-st-1-744x739.jpg 744w, https://recarprofi.cz/wp-content/uploads/2018/08/combi-st-1-100x100.jpg 100w, https://recarprofi.cz/wp-content/uploads/2018/08/combi-st-1-600x596.jpg 600w, https://recarprofi.cz/wp-content/uploads/2018/08/combi-st-1-420x417.jpg 420w, https://recarprofi.cz/wp-content/uploads/2018/08/combi-st-1-768x763.jpg 768w, https://recarprofi.cz/wp-content/uploads/2018/08/combi-st-1.jpg 902w" sizes="(max-width: 744px) 100vw, 744px" /></a></p><p dir="ltr" data-placeholder="Překlad">Pro provozovatele, kteří pracují v omezeném prostoru, je nezbytná vynikající viditelnost. Provoz s řízenou uličkou a kabinou navrženou pro efektivitu zajišťují, že COMBI-ST je tou správnou volbou. <span lang="cs">Provoz s řízenými uličkami přijímá řada zákazníků, díky čemuž je velmi rychlý vjezd a průjezd uličkou, přičemž se výrazně snižuje riziko poškození produktů i regálů. Konstrukce kabiny umožňuje rychlé a snadné pravidelné vstoupení a vystoupení ve srovnání s vysokozdvižnými vozíky a možnost sklopného sedadla. Oblíbenou volbou u modelu Combi-ST je sedací kabina s diagonálním sedákem, která nabízí vynikající komfort obsluhy bez kompromisů na šířkách uliček. </span><span lang="cs">Úzká konstrukce kabiny umožňuje provoz v extrémně úzkých uličkách. A co více, délky plošiny lze přizpůsobit tak, aby vyhovovaly stávajícím úzkým uličkám. Snížené náklady na skladování na místě a schopnost přizpůsobit hustotu zásob rostoucí poptávce jsou jen některé z výhod modelů Combi-ST. </span></p><p dir="ltr" data-placeholder="Překlad"><strong>Prospekt: <span style="color: #008080;"><a style="color: #008080;" href="http://recarprofi.cz/wp-content/uploads/2018/08/combilift-st.pdf">Combi ST</a></span></strong></p><p dir="ltr" data-placeholder="Překlad"><strong>Prospekt: <span style="color: #008000;"><a style="color: #008000;" href="http://recarprofi.cz/wp-content/uploads/2018/08/combilift-ste.pdf">Combi STE</a></span></strong></p><p dir="ltr" data-placeholder="Překlad"><strong>Technické parametry:</strong></p><table><tbody><tr><td width="129"><strong><em>Typ vozíku</em></strong></td><td width="129"><em><strong>3000 ST</strong></em></td><td width="129"><em><strong>4000 ST</strong></em></td><td width="129"><em><strong>2500 STE</strong></em></td><td width="129"><strong><em>3000 STE</em></strong></td><td width="129"><em><strong>4000 STE</strong></em></td></tr><tr><td width="129">Nosnost</td><td width="129">3.000 kg</td><td width="129">4.000 kg</td><td width="129">2.500 kg</td><td width="129">3.000 kg</td><td width="129">4.000 kg</td></tr><tr><td width="129">Těžiště vyložení</td><td width="129">600 mm</td><td width="129">600 mm</td><td width="129">600 mm</td><td width="129">600 mm</td><td width="129">600 mm</td></tr><tr><td width="129">Pohon</td><td width="129">Diesel/LPG</td><td width="129">Diesel/LPG</td><td width="129">Elektrický</td><td width="129">Elektrický</td><td width="129">Elektrický</td></tr><tr><td width="129">Vlastní hmotnost</td><td width="129">6.000 kg</td><td width="129">6.550 kg</td><td width="129">6.250 kg</td><td width="129">6.450 kg</td><td width="129">6.650 kg</td></tr><tr><td width="129">Rychlost pojezdu</td><td width="129">10 km/h</td><td width="129">10 km/h</td><td width="129">10 km/h</td><td width="129">10 km/h</td><td width="129">10 km/h</td></tr><tr><td width="129">Kola přední</td><td width="129">16&#215;7-10,5</td><td width="129">16&#215;7-10,5</td><td width="129">405/305-260</td><td width="129">405/305-260</td><td width="129">405/305-260</td></tr><tr><td width="129">Kola zadní</td><td width="129">23&#215;10-12</td><td width="129">23&#215;10-12</td><td width="129">23&#215;10-12</td><td width="129">23&#215;10-12</td><td width="129">23&#215;10-12</td></tr><tr><td width="129">Motor</td><td width="129">Kubota/GM LPG</td><td width="129">Kubota/GM LPG</td><td width="129">AC 80V</td><td width="129">AC 80V</td><td width="129">AC 80V</td></tr><tr><td width="129">Výkon motoru</td><td width="129">32 kW/48 kW</td><td width="129">32 kW/48 kW</td><td width="129">2 x 5kW</td><td width="129">2 x 5kW</td><td width="129">2 x 5kW</td></tr></tbody></table><p><a href="http://recarprofi.cz/wp-content/uploads/2018/08/combi-st3.jpg"><img decoding="async" class="aligncenter wp-image-11140 size-medium" src="https://recarprofi.cz/wp-content/uploads/2018/08/combi-st3-744x496.jpg" alt="" width="744" height="496" srcset="https://recarprofi.cz/wp-content/uploads/2018/08/combi-st3-744x496.jpg 744w, https://recarprofi.cz/wp-content/uploads/2018/08/combi-st3-600x400.jpg 600w, https://recarprofi.cz/wp-content/uploads/2018/08/combi-st3-420x280.jpg 420w, https://recarprofi.cz/wp-content/uploads/2018/08/combi-st3-768x512.jpg 768w, https://recarprofi.cz/wp-content/uploads/2018/08/combi-st3.jpg 1024w" sizes="(max-width: 744px) 100vw, 744px" /></a><a href="http://recarprofi.cz/wp-content/uploads/2018/08/combi-st2.jpg"><img decoding="async" class="aligncenter wp-image-11139 size-medium" src="https://recarprofi.cz/wp-content/uploads/2018/08/combi-st2-744x549.jpg" alt="" width="744" height="549" srcset="https://recarprofi.cz/wp-content/uploads/2018/08/combi-st2-744x549.jpg 744w, https://recarprofi.cz/wp-content/uploads/2018/08/combi-st2-600x442.jpg 600w, https://recarprofi.cz/wp-content/uploads/2018/08/combi-st2-420x310.jpg 420w, https://recarprofi.cz/wp-content/uploads/2018/08/combi-st2-768x566.jpg 768w, https://recarprofi.cz/wp-content/uploads/2018/08/combi-st2.jpg 1024w" sizes="(max-width: 744px) 100vw, 744px" /></a></p><p><a href="http://recarprofi.cz/wp-content/uploads/2018/08/combi-st1.jpg"><img loading="lazy" decoding="async" class="aligncenter wp-image-11142 size-full" src="https://recarprofi.cz/wp-content/uploads/2018/08/combi-st1.jpg" alt="" width="678" height="1024" srcset="https://recarprofi.cz/wp-content/uploads/2018/08/combi-st1.jpg 678w, https://recarprofi.cz/wp-content/uploads/2018/08/combi-st1-600x906.jpg 600w, https://recarprofi.cz/wp-content/uploads/2018/08/combi-st1-420x634.jpg 420w" sizes="(max-width: 678px) 100vw, 678px" /></a></p>								</div>
				</div>
					</div>
		</div>
					</div>
		</section>
				</div>

<p>Pro provozovatele, kteří pracují v omezeném prostoru, je nezbytná vynikající viditelnost. Provoz s řízenou uličkou a kabinou navrženou pro efektivitu zajišťují, že COMBI-ST je tou správnou volbou. Provoz s řízenými uličkami přijímá řada zákazníků, díky čemuž&hellip;</p>
