{"id":11194,"date":"2018-08-15T11:02:40","date_gmt":"2018-08-15T09:02:40","guid":{"rendered":"http:\/\/recarprofi.cz\/?page_id=11194"},"modified":"2023-08-11T07:50:13","modified_gmt":"2023-08-11T05:50:13","slug":"combi-cs","status":"publish","type":"page","link":"https:\/\/recarprofi.cz\/uvod\/manipulacni-technika\/skladova-technika-combilift\/combi-cs\/","title":{"rendered":"Ru\u010dn\u011b veden\u00fd vysokozdvi\u017en\u00fd voz\u00edk Combi CS (nosnost 1-1,5t.)"},"content":{"rendered":"\t\t<div data-elementor-type=\"wp-page\" data-elementor-id=\"11194\" class=\"elementor elementor-11194\">\n\t\t\t\t\t\t<section class=\"elementor-section elementor-top-section elementor-element elementor-element-61cc0730 elementor-section-boxed elementor-section-height-default elementor-section-height-default\" data-id=\"61cc0730\" data-element_type=\"section\" data-e-type=\"section\">\n\t\t\t\t\t\t<div class=\"elementor-container elementor-column-gap-default\">\n\t\t\t\t\t<div class=\"elementor-column elementor-col-100 elementor-top-column elementor-element elementor-element-6573ceb6\" data-id=\"6573ceb6\" data-element_type=\"column\" data-e-type=\"column\">\n\t\t\t<div class=\"elementor-widget-wrap elementor-element-populated\">\n\t\t\t\t\t\t<div class=\"elementor-element elementor-element-5218682c elementor-widget elementor-widget-text-editor\" data-id=\"5218682c\" data-element_type=\"widget\" data-e-type=\"widget\" data-widget_type=\"text-editor.default\">\n\t\t\t\t<div class=\"elementor-widget-container\">\n\t\t\t\t\t\t\t\t\t<p dir=\"ltr\" data-placeholder=\"P\u0159eklad\"><a href=\"http:\/\/recarprofi.cz\/wp-content\/uploads\/2018\/08\/combi-cs.jpg\"><img fetchpriority=\"high\" decoding=\"async\" class=\"aligncenter wp-image-11188 size-full\" src=\"https:\/\/recarprofi.cz\/wp-content\/uploads\/2018\/08\/combi-cs.jpg\" alt=\"\" width=\"923\" height=\"919\" srcset=\"https:\/\/recarprofi.cz\/wp-content\/uploads\/2018\/08\/combi-cs.jpg 923w, https:\/\/recarprofi.cz\/wp-content\/uploads\/2018\/08\/combi-cs-100x100.jpg 100w, https:\/\/recarprofi.cz\/wp-content\/uploads\/2018\/08\/combi-cs-600x597.jpg 600w\" sizes=\"(max-width: 923px) 100vw, 923px\" \/><\/a><\/p><p id=\"tw-target-text\" class=\"tw-data-text tw-ta tw-text-small\" dir=\"ltr\" data-placeholder=\"P\u0159eklad\"><span lang=\"cs\">Voz\u00edky Combi-CS, vybaven\u00e9 patentovan\u00fdm multi-polohov\u00fdm ovl\u00e1d\u00e1n\u00edm oje, nab\u00edz\u00ed bezpe\u010dn\u011bj\u0161\u00ed provoz, maxim\u00e1ln\u00ed viditelnost obsluhy v \u00fazk\u00e9 uli\u010dce.\u00a0 Oje lze oto\u010dit vlevo nebo vpravo, co\u017e umo\u017e\u0148uje obsluze z\u016fstat na boku, \u010d\u00edm\u017e zaji\u0161\u0165uje plnou viditelnost na n\u00e1klad a vidlice, z\u00e1rove\u0148 pln\u00e9 ovl\u00e1d\u00e1 \u0159\u00edzen\u00ed. Obsluha stoj\u00edc\u00ed na stran\u011b voz\u00edku sni\u017euje nebezpe\u010d\u00ed uv\u00edznut\u00ed p\u0159i couv\u00e1n\u00ed voz\u00edku a umo\u017e\u0148uje pracovat ve velmi \u00fazk\u00fdch uli\u010dk\u00e1ch.<\/span><\/p><p dir=\"ltr\" data-placeholder=\"P\u0159eklad\"><strong>Prospekt:<span style=\"color: #ff6600;\">\u00a0<a style=\"color: #ff6600;\" href=\"http:\/\/recarprofi.cz\/wp-content\/uploads\/2018\/08\/combilift-cs.pdf\">Combi CS<\/a><\/span><\/strong><\/p><p dir=\"ltr\" data-placeholder=\"P\u0159eklad\"><strong>Technick\u00e9 parametry:<\/strong><\/p><table><tbody><tr><td width=\"97\"><em><strong>Typ voz\u00edku<\/strong><\/em><\/td><td width=\"97\"><em><strong>1000 CS<\/strong><\/em><\/td><td width=\"97\"><em><strong>1250 CS<\/strong><\/em><\/td><td width=\"97\"><em><strong>1500 CS<\/strong><\/em><\/td><\/tr><tr><td width=\"97\">Nosnost<\/td><td width=\"97\">1.000 kg<\/td><td width=\"97\">1.250 kg<\/td><td width=\"97\">1.500 kg<\/td><\/tr><tr><td width=\"97\">T\u011b\u017ei\u0161t\u011b vylo\u017een\u00ed<\/td><td width=\"97\">500 mm<\/td><td width=\"97\">500 mm<\/td><td width=\"97\">500 mm<\/td><\/tr><tr><td width=\"97\">Pohon<\/td><td width=\"97\">Elektro<\/td><td width=\"97\">Elektro<\/td><td width=\"97\">Elektro<\/td><\/tr><tr><td width=\"97\">Vlastn\u00ed hmotnost<\/td><td width=\"97\">2.300 kg<\/td><td width=\"97\">2.350 kg<\/td><td width=\"97\">2.400 kg<\/td><\/tr><tr><td width=\"97\">Rychlost pojezdu<\/td><td width=\"97\">6 km\/h<\/td><td width=\"97\">6 km\/h<\/td><td width=\"97\">6 km\/h<\/td><\/tr><tr><td width=\"97\">Kola p\u0159edn\u00ed<\/td><td width=\"97\">150&#215;55<\/td><td width=\"97\">150&#215;55<\/td><td width=\"97\">150&#215;55<\/td><\/tr><tr><td width=\"97\">Kola zadn\u00ed<\/td><td width=\"97\">250&#215;75<\/td><td width=\"97\">250&#215;75<\/td><td width=\"97\">250&#215;75<\/td><\/tr><tr><td width=\"97\">Motor<\/td><td width=\"97\">AC 24V<\/td><td width=\"97\">AC 24V<\/td><td width=\"97\">AC 24V<\/td><\/tr><tr><td width=\"97\">V\u00fdkon motoru<\/td><td width=\"97\">2,5 kW<\/td><td width=\"97\">2,5 kW<\/td><td width=\"97\">2,5 kW<\/td><\/tr><\/tbody><\/table><p><a href=\"http:\/\/recarprofi.cz\/wp-content\/uploads\/2018\/08\/combi-cs3.jpg\"><img decoding=\"async\" class=\"aligncenter wp-image-11201 size-full\" src=\"https:\/\/recarprofi.cz\/wp-content\/uploads\/2018\/08\/combi-cs3.jpg\" alt=\"\" width=\"678\" height=\"1024\" srcset=\"https:\/\/recarprofi.cz\/wp-content\/uploads\/2018\/08\/combi-cs3.jpg 678w, https:\/\/recarprofi.cz\/wp-content\/uploads\/2018\/08\/combi-cs3-600x906.jpg 600w, https:\/\/recarprofi.cz\/wp-content\/uploads\/2018\/08\/combi-cs3-420x634.jpg 420w\" sizes=\"(max-width: 678px) 100vw, 678px\" \/><\/a><\/p><p><a href=\"http:\/\/recarprofi.cz\/wp-content\/uploads\/2018\/08\/combi-cs1.jpg\"><img decoding=\"async\" class=\"aligncenter wp-image-11200 size-medium\" src=\"https:\/\/recarprofi.cz\/wp-content\/uploads\/2018\/08\/combi-cs1-744x630.jpg\" alt=\"\" width=\"744\" height=\"630\" srcset=\"https:\/\/recarprofi.cz\/wp-content\/uploads\/2018\/08\/combi-cs1-744x630.jpg 744w, https:\/\/recarprofi.cz\/wp-content\/uploads\/2018\/08\/combi-cs1-600x508.jpg 600w, https:\/\/recarprofi.cz\/wp-content\/uploads\/2018\/08\/combi-cs1-420x356.jpg 420w, https:\/\/recarprofi.cz\/wp-content\/uploads\/2018\/08\/combi-cs1-768x650.jpg 768w, https:\/\/recarprofi.cz\/wp-content\/uploads\/2018\/08\/combi-cs1.jpg 1024w\" sizes=\"(max-width: 744px) 100vw, 744px\" \/><\/a><\/p><p><a href=\"http:\/\/recarprofi.cz\/wp-content\/uploads\/2018\/08\/combi-cs4.jpg\"><img loading=\"lazy\" decoding=\"async\" class=\"aligncenter wp-image-11203 size-medium\" src=\"https:\/\/recarprofi.cz\/wp-content\/uploads\/2018\/08\/combi-cs4-744x493.jpg\" alt=\"\" width=\"744\" height=\"493\" srcset=\"https:\/\/recarprofi.cz\/wp-content\/uploads\/2018\/08\/combi-cs4-744x493.jpg 744w, https:\/\/recarprofi.cz\/wp-content\/uploads\/2018\/08\/combi-cs4-600x397.jpg 600w, https:\/\/recarprofi.cz\/wp-content\/uploads\/2018\/08\/combi-cs4-420x278.jpg 420w, https:\/\/recarprofi.cz\/wp-content\/uploads\/2018\/08\/combi-cs4-768x509.jpg 768w, https:\/\/recarprofi.cz\/wp-content\/uploads\/2018\/08\/combi-cs4.jpg 1024w\" sizes=\"(max-width: 744px) 100vw, 744px\" \/><\/a><a href=\"http:\/\/recarprofi.cz\/wp-content\/uploads\/2018\/08\/combi-cs2.jpg\"><img loading=\"lazy\" decoding=\"async\" class=\"aligncenter wp-image-11204 size-medium\" src=\"https:\/\/recarprofi.cz\/wp-content\/uploads\/2018\/08\/combi-cs2-744x522.jpg\" alt=\"\" width=\"744\" height=\"522\" srcset=\"https:\/\/recarprofi.cz\/wp-content\/uploads\/2018\/08\/combi-cs2-744x522.jpg 744w, https:\/\/recarprofi.cz\/wp-content\/uploads\/2018\/08\/combi-cs2-600x421.jpg 600w, https:\/\/recarprofi.cz\/wp-content\/uploads\/2018\/08\/combi-cs2-420x295.jpg 420w, https:\/\/recarprofi.cz\/wp-content\/uploads\/2018\/08\/combi-cs2-768x539.jpg 768w, https:\/\/recarprofi.cz\/wp-content\/uploads\/2018\/08\/combi-cs2.jpg 1024w\" sizes=\"(max-width: 744px) 100vw, 744px\" \/><\/a><\/p>\t\t\t\t\t\t\t\t<\/div>\n\t\t\t\t<\/div>\n\t\t\t\t\t<\/div>\n\t\t<\/div>\n\t\t\t\t\t<\/div>\n\t\t<\/section>\n\t\t\t\t<\/div>\n\t\t","protected":false},"excerpt":{"rendered":"<p>Voz\u00edky Combi-CS, vybaven\u00e9 patentovan\u00fdm multi-polohov\u00fdm ovl\u00e1d\u00e1n\u00edm oje, nab\u00edz\u00ed bezpe\u010dn\u011bj\u0161\u00ed provoz, maxim\u00e1ln\u00ed viditelnost obsluhy v \u00fazk\u00e9 uli\u010dce.\u00a0 Oje lze oto\u010dit vlevo nebo vpravo, co\u017e umo\u017e\u0148uje obsluze z\u016fstat na boku, \u010d\u00edm\u017e zaji\u0161\u0165uje plnou viditelnost na n\u00e1klad a&hellip;<\/p>\n","protected":false},"author":1,"featured_media":11204,"parent":11190,"menu_order":1,"comment_status":"closed","ping_status":"closed","template":"","meta":{"footnotes":""},"class_list":["post-11194","page","type-page","status-publish","has-post-thumbnail","hentry"],"_links":{"self":[{"href":"https:\/\/recarprofi.cz\/uvod\/wp-json\/wp\/v2\/pages\/11194","targetHints":{"allow":["GET"]}}],"collection":[{"href":"https:\/\/recarprofi.cz\/uvod\/wp-json\/wp\/v2\/pages"}],"about":[{"href":"https:\/\/recarprofi.cz\/uvod\/wp-json\/wp\/v2\/types\/page"}],"author":[{"embeddable":true,"href":"https:\/\/recarprofi.cz\/uvod\/wp-json\/wp\/v2\/users\/1"}],"replies":[{"embeddable":true,"href":"https:\/\/recarprofi.cz\/uvod\/wp-json\/wp\/v2\/comments?post=11194"}],"version-history":[{"count":9,"href":"https:\/\/recarprofi.cz\/uvod\/wp-json\/wp\/v2\/pages\/11194\/revisions"}],"predecessor-version":[{"id":20303,"href":"https:\/\/recarprofi.cz\/uvod\/wp-json\/wp\/v2\/pages\/11194\/revisions\/20303"}],"up":[{"embeddable":true,"href":"https:\/\/recarprofi.cz\/uvod\/wp-json\/wp\/v2\/pages\/11190"}],"wp:featuredmedia":[{"embeddable":true,"href":"https:\/\/recarprofi.cz\/uvod\/wp-json\/wp\/v2\/media\/11204"}],"wp:attachment":[{"href":"https:\/\/recarprofi.cz\/uvod\/wp-json\/wp\/v2\/media?parent=11194"}],"curies":[{"name":"wp","href":"https:\/\/api.w.org\/{rel}","templated":true}]}}

Ručně vedený vysokozdvižný vozík Combi CS (nosnost 1-1,5t.)

<div data-elementor-type="wp-page" data-elementor-id="11194" class="elementor elementor-11194">
						<section class="elementor-section elementor-top-section elementor-element elementor-element-61cc0730 elementor-section-boxed elementor-section-height-default elementor-section-height-default" data-id="61cc0730" data-element_type="section" data-e-type="section">
						<div class="elementor-container elementor-column-gap-default">
					<div class="elementor-column elementor-col-100 elementor-top-column elementor-element elementor-element-6573ceb6" data-id="6573ceb6" data-element_type="column" data-e-type="column">
			<div class="elementor-widget-wrap elementor-element-populated">
						<div class="elementor-element elementor-element-5218682c elementor-widget elementor-widget-text-editor" data-id="5218682c" data-element_type="widget" data-e-type="widget" data-widget_type="text-editor.default">
				<div class="elementor-widget-container">
									<p dir="ltr" data-placeholder="Překlad"><a href="http://recarprofi.cz/wp-content/uploads/2018/08/combi-cs.jpg"><img fetchpriority="high" decoding="async" class="aligncenter wp-image-11188 size-full" src="https://recarprofi.cz/wp-content/uploads/2018/08/combi-cs.jpg" alt="" width="923" height="919" srcset="https://recarprofi.cz/wp-content/uploads/2018/08/combi-cs.jpg 923w, https://recarprofi.cz/wp-content/uploads/2018/08/combi-cs-100x100.jpg 100w, https://recarprofi.cz/wp-content/uploads/2018/08/combi-cs-600x597.jpg 600w" sizes="(max-width: 923px) 100vw, 923px" /></a></p><p id="tw-target-text" class="tw-data-text tw-ta tw-text-small" dir="ltr" data-placeholder="Překlad"><span lang="cs">Vozíky Combi-CS, vybavené patentovaným multi-polohovým ovládáním oje, nabízí bezpečnější provoz, maximální viditelnost obsluhy v úzké uličce.  Oje lze otočit vlevo nebo vpravo, což umožňuje obsluze zůstat na boku, čímž zajišťuje plnou viditelnost na náklad a vidlice, zároveň plné ovládá řízení. Obsluha stojící na straně vozíku snižuje nebezpečí uvíznutí při couvání vozíku a umožňuje pracovat ve velmi úzkých uličkách.</span></p><p dir="ltr" data-placeholder="Překlad"><strong>Prospekt:<span style="color: #ff6600;"> <a style="color: #ff6600;" href="http://recarprofi.cz/wp-content/uploads/2018/08/combilift-cs.pdf">Combi CS</a></span></strong></p><p dir="ltr" data-placeholder="Překlad"><strong>Technické parametry:</strong></p><table><tbody><tr><td width="97"><em><strong>Typ vozíku</strong></em></td><td width="97"><em><strong>1000 CS</strong></em></td><td width="97"><em><strong>1250 CS</strong></em></td><td width="97"><em><strong>1500 CS</strong></em></td></tr><tr><td width="97">Nosnost</td><td width="97">1.000 kg</td><td width="97">1.250 kg</td><td width="97">1.500 kg</td></tr><tr><td width="97">Těžiště vyložení</td><td width="97">500 mm</td><td width="97">500 mm</td><td width="97">500 mm</td></tr><tr><td width="97">Pohon</td><td width="97">Elektro</td><td width="97">Elektro</td><td width="97">Elektro</td></tr><tr><td width="97">Vlastní hmotnost</td><td width="97">2.300 kg</td><td width="97">2.350 kg</td><td width="97">2.400 kg</td></tr><tr><td width="97">Rychlost pojezdu</td><td width="97">6 km/h</td><td width="97">6 km/h</td><td width="97">6 km/h</td></tr><tr><td width="97">Kola přední</td><td width="97">150&#215;55</td><td width="97">150&#215;55</td><td width="97">150&#215;55</td></tr><tr><td width="97">Kola zadní</td><td width="97">250&#215;75</td><td width="97">250&#215;75</td><td width="97">250&#215;75</td></tr><tr><td width="97">Motor</td><td width="97">AC 24V</td><td width="97">AC 24V</td><td width="97">AC 24V</td></tr><tr><td width="97">Výkon motoru</td><td width="97">2,5 kW</td><td width="97">2,5 kW</td><td width="97">2,5 kW</td></tr></tbody></table><p><a href="http://recarprofi.cz/wp-content/uploads/2018/08/combi-cs3.jpg"><img decoding="async" class="aligncenter wp-image-11201 size-full" src="https://recarprofi.cz/wp-content/uploads/2018/08/combi-cs3.jpg" alt="" width="678" height="1024" srcset="https://recarprofi.cz/wp-content/uploads/2018/08/combi-cs3.jpg 678w, https://recarprofi.cz/wp-content/uploads/2018/08/combi-cs3-600x906.jpg 600w, https://recarprofi.cz/wp-content/uploads/2018/08/combi-cs3-420x634.jpg 420w" sizes="(max-width: 678px) 100vw, 678px" /></a></p><p><a href="http://recarprofi.cz/wp-content/uploads/2018/08/combi-cs1.jpg"><img decoding="async" class="aligncenter wp-image-11200 size-medium" src="https://recarprofi.cz/wp-content/uploads/2018/08/combi-cs1-744x630.jpg" alt="" width="744" height="630" srcset="https://recarprofi.cz/wp-content/uploads/2018/08/combi-cs1-744x630.jpg 744w, https://recarprofi.cz/wp-content/uploads/2018/08/combi-cs1-600x508.jpg 600w, https://recarprofi.cz/wp-content/uploads/2018/08/combi-cs1-420x356.jpg 420w, https://recarprofi.cz/wp-content/uploads/2018/08/combi-cs1-768x650.jpg 768w, https://recarprofi.cz/wp-content/uploads/2018/08/combi-cs1.jpg 1024w" sizes="(max-width: 744px) 100vw, 744px" /></a></p><p><a href="http://recarprofi.cz/wp-content/uploads/2018/08/combi-cs4.jpg"><img loading="lazy" decoding="async" class="aligncenter wp-image-11203 size-medium" src="https://recarprofi.cz/wp-content/uploads/2018/08/combi-cs4-744x493.jpg" alt="" width="744" height="493" srcset="https://recarprofi.cz/wp-content/uploads/2018/08/combi-cs4-744x493.jpg 744w, https://recarprofi.cz/wp-content/uploads/2018/08/combi-cs4-600x397.jpg 600w, https://recarprofi.cz/wp-content/uploads/2018/08/combi-cs4-420x278.jpg 420w, https://recarprofi.cz/wp-content/uploads/2018/08/combi-cs4-768x509.jpg 768w, https://recarprofi.cz/wp-content/uploads/2018/08/combi-cs4.jpg 1024w" sizes="(max-width: 744px) 100vw, 744px" /></a><a href="http://recarprofi.cz/wp-content/uploads/2018/08/combi-cs2.jpg"><img loading="lazy" decoding="async" class="aligncenter wp-image-11204 size-medium" src="https://recarprofi.cz/wp-content/uploads/2018/08/combi-cs2-744x522.jpg" alt="" width="744" height="522" srcset="https://recarprofi.cz/wp-content/uploads/2018/08/combi-cs2-744x522.jpg 744w, https://recarprofi.cz/wp-content/uploads/2018/08/combi-cs2-600x421.jpg 600w, https://recarprofi.cz/wp-content/uploads/2018/08/combi-cs2-420x295.jpg 420w, https://recarprofi.cz/wp-content/uploads/2018/08/combi-cs2-768x539.jpg 768w, https://recarprofi.cz/wp-content/uploads/2018/08/combi-cs2.jpg 1024w" sizes="(max-width: 744px) 100vw, 744px" /></a></p>								</div>
				</div>
					</div>
		</div>
					</div>
		</section>
				</div>

<p>Vozíky Combi-CS, vybavené patentovaným multi-polohovým ovládáním oje, nabízí bezpečnější provoz, maximální viditelnost obsluhy v úzké uličce.  Oje lze otočit vlevo nebo vpravo, což umožňuje obsluze zůstat na boku, čímž zajišťuje plnou viditelnost na náklad a&hellip;</p>
