{"id":11219,"date":"2018-08-15T12:56:22","date_gmt":"2018-08-15T10:56:22","guid":{"rendered":"http:\/\/recarprofi.cz\/?page_id=11219"},"modified":"2023-08-11T07:51:06","modified_gmt":"2023-08-11T05:51:06","slug":"combi-wr","status":"publish","type":"page","link":"https:\/\/recarprofi.cz\/uvod\/manipulacni-technika\/skladova-technika-combilift\/combi-wr\/","title":{"rendered":"Ru\u010dn\u011b veden\u00fd vysokozdvi\u017en\u00fd voz\u00edk s v\u00fdsuvem vidl\u00ed Combi WR (nosnost 1,45t.)"},"content":{"rendered":"\t\t<div data-elementor-type=\"wp-page\" data-elementor-id=\"11219\" class=\"elementor elementor-11219\">\n\t\t\t\t\t\t<section class=\"elementor-section elementor-top-section elementor-element elementor-element-3b818f3b elementor-section-boxed elementor-section-height-default elementor-section-height-default\" data-id=\"3b818f3b\" data-element_type=\"section\" data-e-type=\"section\">\n\t\t\t\t\t\t<div class=\"elementor-container elementor-column-gap-default\">\n\t\t\t\t\t<div class=\"elementor-column elementor-col-100 elementor-top-column elementor-element elementor-element-23bcca67\" data-id=\"23bcca67\" data-element_type=\"column\" data-e-type=\"column\">\n\t\t\t<div class=\"elementor-widget-wrap elementor-element-populated\">\n\t\t\t\t\t\t<div class=\"elementor-element elementor-element-142cf25c elementor-widget elementor-widget-text-editor\" data-id=\"142cf25c\" data-element_type=\"widget\" data-e-type=\"widget\" data-widget_type=\"text-editor.default\">\n\t\t\t\t<div class=\"elementor-widget-container\">\n\t\t\t\t\t\t\t\t\t<p>Voz\u00edky Combi-WR, vybaven\u00e9 patentovan\u00fdm multi-polohov\u00fdm ovl\u00e1d\u00e1n\u00edm oje, nab\u00edz\u00ed bezpe\u010dn\u011bj\u0161\u00ed provoz, maxim\u00e1ln\u00ed viditelnost obsluhy v \u00fazk\u00e9 uli\u010dce.\u00a0 Oje lze oto\u010dit vlevo nebo vpravo, co\u017e umo\u017e\u0148uje obsluze z\u016fstat na boku, \u010d\u00edm\u017e zaji\u0161\u0165uje plnou viditelnost na n\u00e1klad a vidlice, z\u00e1rove\u0148 pln\u00e9 ovl\u00e1d\u00e1 \u0159\u00edzen\u00ed. Obsluha stoj\u00edc\u00ed na stran\u011b voz\u00edku sni\u017euje nebezpe\u010d\u00ed uv\u00edznut\u00ed p\u0159i couv\u00e1n\u00ed voz\u00edku a umo\u017e\u0148uje pracovat ve velmi \u00fazk\u00fdch uli\u010dk\u00e1ch.<\/p><p id=\"tw-target-text\" class=\"tw-data-text tw-ta tw-text-small\" dir=\"ltr\" data-placeholder=\"P\u0159eklad\"><span lang=\"cs\">Combi-WR je ru\u010dn\u011b veden\u00fd vysokozdvi\u017en\u00fd voz\u00edk se schopnost\u00ed pr\u00e1ci v uli\u010dce pouh\u00fdch 2,1m a m\u00e1 v\u00fdsuv vidl\u00ed.<\/span><\/p><p dir=\"ltr\" data-placeholder=\"P\u0159eklad\"><a href=\"http:\/\/recarprofi.cz\/wp-content\/uploads\/2018\/08\/combi-wr6.jpg\"><img fetchpriority=\"high\" decoding=\"async\" class=\"alignleft wp-image-11222 size-medium\" src=\"http:\/\/recarprofi.cz\/wp-content\/uploads\/2018\/08\/combi-wr6-744x1051.jpg\" alt=\"\" width=\"744\" height=\"1051\" srcset=\"https:\/\/recarprofi.cz\/wp-content\/uploads\/2018\/08\/combi-wr6-744x1051.jpg 744w, https:\/\/recarprofi.cz\/wp-content\/uploads\/2018\/08\/combi-wr6-600x848.jpg 600w, https:\/\/recarprofi.cz\/wp-content\/uploads\/2018\/08\/combi-wr6-420x593.jpg 420w, https:\/\/recarprofi.cz\/wp-content\/uploads\/2018\/08\/combi-wr6-768x1085.jpg 768w, https:\/\/recarprofi.cz\/wp-content\/uploads\/2018\/08\/combi-wr6.jpg 1000w\" sizes=\"(max-width: 744px) 100vw, 744px\" \/><\/a><\/p><p dir=\"ltr\" data-placeholder=\"P\u0159eklad\"><a href=\"http:\/\/recarprofi.cz\/wp-content\/uploads\/2018\/08\/combi-wr7.jpg\"><img decoding=\"async\" class=\"alignright wp-image-11223 size-full\" src=\"http:\/\/recarprofi.cz\/wp-content\/uploads\/2018\/08\/combi-wr7.jpg\" alt=\"\" width=\"720\" height=\"1014\" srcset=\"https:\/\/recarprofi.cz\/wp-content\/uploads\/2018\/08\/combi-wr7.jpg 720w, https:\/\/recarprofi.cz\/wp-content\/uploads\/2018\/08\/combi-wr7-600x845.jpg 600w, https:\/\/recarprofi.cz\/wp-content\/uploads\/2018\/08\/combi-wr7-420x592.jpg 420w\" sizes=\"(max-width: 720px) 100vw, 720px\" \/><\/a><\/p><p dir=\"ltr\" data-placeholder=\"P\u0159eklad\"><a href=\"http:\/\/recarprofi.cz\/wp-content\/uploads\/2019\/04\/combi-wr1.jpg\"><img decoding=\"async\" class=\"aligncenter wp-image-12119\" src=\"http:\/\/recarprofi.cz\/wp-content\/uploads\/2019\/04\/combi-wr1-1200x1639.jpg\" alt=\"\" width=\"1000\" height=\"1366\" \/><\/a><\/p><p dir=\"ltr\" data-placeholder=\"P\u0159eklad\">\u00a0<\/p>\t\t\t\t\t\t\t\t<\/div>\n\t\t\t\t<\/div>\n\t\t\t\t\t<\/div>\n\t\t<\/div>\n\t\t\t\t\t<\/div>\n\t\t<\/section>\n\t\t\t\t<\/div>\n\t\t","protected":false},"excerpt":{"rendered":"<p>Voz\u00edky Combi-WR, vybaven\u00e9 patentovan\u00fdm multi-polohov\u00fdm ovl\u00e1d\u00e1n\u00edm oje, nab\u00edz\u00ed bezpe\u010dn\u011bj\u0161\u00ed provoz, maxim\u00e1ln\u00ed viditelnost obsluhy v \u00fazk\u00e9 uli\u010dce.\u00a0 Oje lze oto\u010dit vlevo nebo vpravo, co\u017e umo\u017e\u0148uje obsluze z\u016fstat na boku, \u010d\u00edm\u017e zaji\u0161\u0165uje plnou viditelnost na n\u00e1klad a&hellip;<\/p>\n","protected":false},"author":1,"featured_media":11213,"parent":11190,"menu_order":2,"comment_status":"closed","ping_status":"closed","template":"","meta":{"footnotes":""},"class_list":["post-11219","page","type-page","status-publish","has-post-thumbnail","hentry"],"_links":{"self":[{"href":"https:\/\/recarprofi.cz\/uvod\/wp-json\/wp\/v2\/pages\/11219","targetHints":{"allow":["GET"]}}],"collection":[{"href":"https:\/\/recarprofi.cz\/uvod\/wp-json\/wp\/v2\/pages"}],"about":[{"href":"https:\/\/recarprofi.cz\/uvod\/wp-json\/wp\/v2\/types\/page"}],"author":[{"embeddable":true,"href":"https:\/\/recarprofi.cz\/uvod\/wp-json\/wp\/v2\/users\/1"}],"replies":[{"embeddable":true,"href":"https:\/\/recarprofi.cz\/uvod\/wp-json\/wp\/v2\/comments?post=11219"}],"version-history":[{"count":16,"href":"https:\/\/recarprofi.cz\/uvod\/wp-json\/wp\/v2\/pages\/11219\/revisions"}],"predecessor-version":[{"id":20304,"href":"https:\/\/recarprofi.cz\/uvod\/wp-json\/wp\/v2\/pages\/11219\/revisions\/20304"}],"up":[{"embeddable":true,"href":"https:\/\/recarprofi.cz\/uvod\/wp-json\/wp\/v2\/pages\/11190"}],"wp:featuredmedia":[{"embeddable":true,"href":"https:\/\/recarprofi.cz\/uvod\/wp-json\/wp\/v2\/media\/11213"}],"wp:attachment":[{"href":"https:\/\/recarprofi.cz\/uvod\/wp-json\/wp\/v2\/media?parent=11219"}],"curies":[{"name":"wp","href":"https:\/\/api.w.org\/{rel}","templated":true}]}}

Ručně vedený vysokozdvižný vozík s výsuvem vidlí Combi WR (nosnost 1,45t.)

<div data-elementor-type="wp-page" data-elementor-id="11219" class="elementor elementor-11219">
						<section class="elementor-section elementor-top-section elementor-element elementor-element-3b818f3b elementor-section-boxed elementor-section-height-default elementor-section-height-default" data-id="3b818f3b" data-element_type="section" data-e-type="section">
						<div class="elementor-container elementor-column-gap-default">
					<div class="elementor-column elementor-col-100 elementor-top-column elementor-element elementor-element-23bcca67" data-id="23bcca67" data-element_type="column" data-e-type="column">
			<div class="elementor-widget-wrap elementor-element-populated">
						<div class="elementor-element elementor-element-142cf25c elementor-widget elementor-widget-text-editor" data-id="142cf25c" data-element_type="widget" data-e-type="widget" data-widget_type="text-editor.default">
				<div class="elementor-widget-container">
									<p>Vozíky Combi-WR, vybavené patentovaným multi-polohovým ovládáním oje, nabízí bezpečnější provoz, maximální viditelnost obsluhy v úzké uličce.  Oje lze otočit vlevo nebo vpravo, což umožňuje obsluze zůstat na boku, čímž zajišťuje plnou viditelnost na náklad a vidlice, zároveň plné ovládá řízení. Obsluha stojící na straně vozíku snižuje nebezpečí uvíznutí při couvání vozíku a umožňuje pracovat ve velmi úzkých uličkách.</p><p id="tw-target-text" class="tw-data-text tw-ta tw-text-small" dir="ltr" data-placeholder="Překlad"><span lang="cs">Combi-WR je ručně vedený vysokozdvižný vozík se schopností práci v uličce pouhých 2,1m a má výsuv vidlí.</span></p><p dir="ltr" data-placeholder="Překlad"><a href="http://recarprofi.cz/wp-content/uploads/2018/08/combi-wr6.jpg"><img fetchpriority="high" decoding="async" class="alignleft wp-image-11222 size-medium" src="http://recarprofi.cz/wp-content/uploads/2018/08/combi-wr6-744x1051.jpg" alt="" width="744" height="1051" srcset="https://recarprofi.cz/wp-content/uploads/2018/08/combi-wr6-744x1051.jpg 744w, https://recarprofi.cz/wp-content/uploads/2018/08/combi-wr6-600x848.jpg 600w, https://recarprofi.cz/wp-content/uploads/2018/08/combi-wr6-420x593.jpg 420w, https://recarprofi.cz/wp-content/uploads/2018/08/combi-wr6-768x1085.jpg 768w, https://recarprofi.cz/wp-content/uploads/2018/08/combi-wr6.jpg 1000w" sizes="(max-width: 744px) 100vw, 744px" /></a></p><p dir="ltr" data-placeholder="Překlad"><a href="http://recarprofi.cz/wp-content/uploads/2018/08/combi-wr7.jpg"><img decoding="async" class="alignright wp-image-11223 size-full" src="http://recarprofi.cz/wp-content/uploads/2018/08/combi-wr7.jpg" alt="" width="720" height="1014" srcset="https://recarprofi.cz/wp-content/uploads/2018/08/combi-wr7.jpg 720w, https://recarprofi.cz/wp-content/uploads/2018/08/combi-wr7-600x845.jpg 600w, https://recarprofi.cz/wp-content/uploads/2018/08/combi-wr7-420x592.jpg 420w" sizes="(max-width: 720px) 100vw, 720px" /></a></p><p dir="ltr" data-placeholder="Překlad"><a href="http://recarprofi.cz/wp-content/uploads/2019/04/combi-wr1.jpg"><img decoding="async" class="aligncenter wp-image-12119" src="http://recarprofi.cz/wp-content/uploads/2019/04/combi-wr1-1200x1639.jpg" alt="" width="1000" height="1366" /></a></p><p dir="ltr" data-placeholder="Překlad"> </p>								</div>
				</div>
					</div>
		</div>
					</div>
		</section>
				</div>

<p>Vozíky Combi-WR, vybavené patentovaným multi-polohovým ovládáním oje, nabízí bezpečnější provoz, maximální viditelnost obsluhy v úzké uličce.  Oje lze otočit vlevo nebo vpravo, což umožňuje obsluze zůstat na boku, čímž zajišťuje plnou viditelnost na náklad a&hellip;</p>
