{"id":11249,"date":"2018-08-15T14:00:13","date_gmt":"2018-08-15T12:00:13","guid":{"rendered":"http:\/\/recarprofi.cz\/?page_id=11249"},"modified":"2023-08-11T07:52:52","modified_gmt":"2023-08-11T05:52:52","slug":"combi-ppt-nosnost-5t","status":"publish","type":"page","link":"https:\/\/recarprofi.cz\/uvod\/manipulacni-technika\/skladova-technika-combilift\/combi-ppt-nosnost-5t\/","title":{"rendered":"Ru\u010dn\u011b veden\u00fd n\u00edzkozdvi\u017en\u00fd voz\u00edk Combi PPT (nosnost 5-6t.)"},"content":{"rendered":"\t\t<div data-elementor-type=\"wp-page\" data-elementor-id=\"11249\" class=\"elementor elementor-11249\">\n\t\t\t\t\t\t<section class=\"elementor-section elementor-top-section elementor-element elementor-element-ddb04bc elementor-section-boxed elementor-section-height-default elementor-section-height-default\" data-id=\"ddb04bc\" data-element_type=\"section\" data-e-type=\"section\">\n\t\t\t\t\t\t<div class=\"elementor-container elementor-column-gap-default\">\n\t\t\t\t\t<div class=\"elementor-column elementor-col-100 elementor-top-column elementor-element elementor-element-5d2cb48\" data-id=\"5d2cb48\" data-element_type=\"column\" data-e-type=\"column\">\n\t\t\t<div class=\"elementor-widget-wrap elementor-element-populated\">\n\t\t\t\t\t\t<div class=\"elementor-element elementor-element-57a176e8 elementor-widget elementor-widget-text-editor\" data-id=\"57a176e8\" data-element_type=\"widget\" data-e-type=\"widget\" data-widget_type=\"text-editor.default\">\n\t\t\t\t<div class=\"elementor-widget-container\">\n\t\t\t\t\t\t\t\t\t<p><a href=\"http:\/\/recarprofi.cz\/wp-content\/uploads\/2018\/08\/combi-ppt.jpg\"><img fetchpriority=\"high\" decoding=\"async\" class=\"aligncenter wp-image-11215 size-full\" src=\"https:\/\/recarprofi.cz\/wp-content\/uploads\/2018\/08\/combi-ppt.jpg\" alt=\"\" width=\"923\" height=\"646\" srcset=\"https:\/\/recarprofi.cz\/wp-content\/uploads\/2018\/08\/combi-ppt.jpg 923w, https:\/\/recarprofi.cz\/wp-content\/uploads\/2018\/08\/combi-ppt-600x420.jpg 600w\" sizes=\"(max-width: 923px) 100vw, 923px\" \/><\/a><\/p><p>V\u00fdkonn\u00fd a \u00fasporn\u00fd paletov\u00fd voz\u00edk Combi PPT je volba vhodn\u00e1 pro ty kter\u00fd pot\u0159ebuj\u00ed n\u00edzkozdvi\u017en\u00fd ru\u010dn\u011b veden\u00fd voz\u00edk s velkou nosnosti a\u017e do 6t. Voz\u00edky Combi-PPT, vybaven\u00e9 patentovan\u00fdm multi-polohov\u00fdm ovl\u00e1d\u00e1n\u00edm oje, nab\u00edz\u00ed bezpe\u010dn\u011bj\u0161\u00ed provoz, maxim\u00e1ln\u00ed viditelnost obsluhy v \u00fazk\u00e9 uli\u010dce.\u00a0 Oje lze oto\u010dit vlevo nebo vpravo, co\u017e umo\u017e\u0148uje obsluze z\u016fstat na boku, \u010d\u00edm\u017e zaji\u0161\u0165uje plnou viditelnost na n\u00e1klad a vidlice, z\u00e1rove\u0148 pln\u00e9 ovl\u00e1d\u00e1 \u0159\u00edzen\u00ed. Obsluha stoj\u00edc\u00ed na stran\u011b voz\u00edku sni\u017euje nebezpe\u010d\u00ed uv\u00edznut\u00ed p\u0159i couv\u00e1n\u00ed voz\u00edku a umo\u017e\u0148uje pracovat ve velmi \u00fazk\u00fdch uli\u010dk\u00e1ch.<\/p><p><strong>Prospekt:\u00a0<span style=\"color: #ff0000;\"><a style=\"color: #ff0000;\" href=\"http:\/\/recarprofi.cz\/wp-content\/uploads\/2018\/08\/combilift-ppt.pdf\">Combi PPT<\/a><\/span><\/strong><\/p><p><strong>Technick\u00e9 parametry:<\/strong><\/p><table><tbody><tr><td width=\"97\"><em><strong>Typ voz\u00edku<\/strong><\/em><\/td><td width=\"97\"><em><strong>PPT<\/strong><\/em><\/td><\/tr><tr><td width=\"97\">Nosnost<\/td><td width=\"97\">5.000 kg<\/td><\/tr><tr><td width=\"97\">T\u011b\u017ei\u0161t\u011b vylo\u017een\u00ed<\/td><td width=\"97\">700 mm<\/td><\/tr><tr><td width=\"97\">Pohon<\/td><td width=\"97\">Elektro<\/td><\/tr><tr><td width=\"97\">Rychlost pojezdu<\/td><td width=\"97\">6 km\/h<\/td><\/tr><tr><td width=\"97\">D\u00e9lka vidl\u00ed<\/td><td width=\"97\">1.400 mm<\/td><\/tr><tr><td width=\"97\">Kola p\u0159edn\u00ed<\/td><td width=\"97\">85&#215;95<\/td><\/tr><tr><td width=\"97\">Kola zadn\u00ed<\/td><td width=\"97\">313&#215;125<\/td><\/tr><tr><td width=\"97\">Motor<\/td><td width=\"97\">AC 24V<\/td><\/tr><tr><td width=\"97\">V\u00fdkon motoru<\/td><td width=\"97\">4 kW<\/td><\/tr><\/tbody><\/table><p><a href=\"http:\/\/recarprofi.cz\/wp-content\/uploads\/2018\/08\/combi-ppt1.png\"><img decoding=\"async\" class=\"aligncenter wp-image-11255 size-medium\" src=\"https:\/\/recarprofi.cz\/wp-content\/uploads\/2018\/08\/combi-ppt1-744x419.png\" alt=\"\" width=\"744\" height=\"419\" srcset=\"https:\/\/recarprofi.cz\/wp-content\/uploads\/2018\/08\/combi-ppt1-744x419.png 744w, https:\/\/recarprofi.cz\/wp-content\/uploads\/2018\/08\/combi-ppt1-600x338.png 600w, https:\/\/recarprofi.cz\/wp-content\/uploads\/2018\/08\/combi-ppt1-420x236.png 420w, https:\/\/recarprofi.cz\/wp-content\/uploads\/2018\/08\/combi-ppt1-768x432.png 768w, https:\/\/recarprofi.cz\/wp-content\/uploads\/2018\/08\/combi-ppt1.png 1024w\" sizes=\"(max-width: 744px) 100vw, 744px\" \/><\/a><a href=\"http:\/\/recarprofi.cz\/wp-content\/uploads\/2018\/08\/combi-ppt2.jpg\"><img decoding=\"async\" class=\"aligncenter wp-image-11256 size-medium\" src=\"https:\/\/recarprofi.cz\/wp-content\/uploads\/2018\/08\/combi-ppt2-744x558.jpg\" alt=\"\" width=\"744\" height=\"558\" srcset=\"https:\/\/recarprofi.cz\/wp-content\/uploads\/2018\/08\/combi-ppt2-744x558.jpg 744w, https:\/\/recarprofi.cz\/wp-content\/uploads\/2018\/08\/combi-ppt2-600x450.jpg 600w, https:\/\/recarprofi.cz\/wp-content\/uploads\/2018\/08\/combi-ppt2-420x315.jpg 420w, https:\/\/recarprofi.cz\/wp-content\/uploads\/2018\/08\/combi-ppt2-768x576.jpg 768w, https:\/\/recarprofi.cz\/wp-content\/uploads\/2018\/08\/combi-ppt2.jpg 1024w\" sizes=\"(max-width: 744px) 100vw, 744px\" \/><\/a><\/p><p><a href=\"http:\/\/recarprofi.cz\/wp-content\/uploads\/2018\/08\/combi-ppt3.jpg\"><img loading=\"lazy\" decoding=\"async\" class=\"aligncenter wp-image-11257 size-full\" src=\"https:\/\/recarprofi.cz\/wp-content\/uploads\/2018\/08\/combi-ppt3.jpg\" alt=\"\" width=\"1200\" height=\"1030\" srcset=\"https:\/\/recarprofi.cz\/wp-content\/uploads\/2018\/08\/combi-ppt3.jpg 1200w, https:\/\/recarprofi.cz\/wp-content\/uploads\/2018\/08\/combi-ppt3-600x515.jpg 600w, https:\/\/recarprofi.cz\/wp-content\/uploads\/2018\/08\/combi-ppt3-420x361.jpg 420w, https:\/\/recarprofi.cz\/wp-content\/uploads\/2018\/08\/combi-ppt3-744x639.jpg 744w, https:\/\/recarprofi.cz\/wp-content\/uploads\/2018\/08\/combi-ppt3-768x659.jpg 768w\" sizes=\"(max-width: 1200px) 100vw, 1200px\" \/><\/a><\/p>\t\t\t\t\t\t\t\t<\/div>\n\t\t\t\t<\/div>\n\t\t\t\t\t<\/div>\n\t\t<\/div>\n\t\t\t\t\t<\/div>\n\t\t<\/section>\n\t\t\t\t<\/div>\n\t\t","protected":false},"excerpt":{"rendered":"<p>V\u00fdkonn\u00fd a \u00fasporn\u00fd paletov\u00fd voz\u00edk Combi PPT je volba vhodn\u00e1 pro ty kter\u00fd pot\u0159ebuj\u00ed n\u00edzkozdvi\u017en\u00fd ru\u010dn\u011b veden\u00fd voz\u00edk s velkou nosnosti a\u017e do 6t. Voz\u00edky Combi-PPT, vybaven\u00e9 patentovan\u00fdm multi-polohov\u00fdm ovl\u00e1d\u00e1n\u00edm oje, nab\u00edz\u00ed bezpe\u010dn\u011bj\u0161\u00ed provoz, maxim\u00e1ln\u00ed&hellip;<\/p>\n","protected":false},"author":1,"featured_media":11215,"parent":11190,"menu_order":4,"comment_status":"closed","ping_status":"closed","template":"","meta":{"footnotes":""},"class_list":["post-11249","page","type-page","status-publish","has-post-thumbnail","hentry"],"_links":{"self":[{"href":"https:\/\/recarprofi.cz\/uvod\/wp-json\/wp\/v2\/pages\/11249","targetHints":{"allow":["GET"]}}],"collection":[{"href":"https:\/\/recarprofi.cz\/uvod\/wp-json\/wp\/v2\/pages"}],"about":[{"href":"https:\/\/recarprofi.cz\/uvod\/wp-json\/wp\/v2\/types\/page"}],"author":[{"embeddable":true,"href":"https:\/\/recarprofi.cz\/uvod\/wp-json\/wp\/v2\/users\/1"}],"replies":[{"embeddable":true,"href":"https:\/\/recarprofi.cz\/uvod\/wp-json\/wp\/v2\/comments?post=11249"}],"version-history":[{"count":9,"href":"https:\/\/recarprofi.cz\/uvod\/wp-json\/wp\/v2\/pages\/11249\/revisions"}],"predecessor-version":[{"id":20306,"href":"https:\/\/recarprofi.cz\/uvod\/wp-json\/wp\/v2\/pages\/11249\/revisions\/20306"}],"up":[{"embeddable":true,"href":"https:\/\/recarprofi.cz\/uvod\/wp-json\/wp\/v2\/pages\/11190"}],"wp:featuredmedia":[{"embeddable":true,"href":"https:\/\/recarprofi.cz\/uvod\/wp-json\/wp\/v2\/media\/11215"}],"wp:attachment":[{"href":"https:\/\/recarprofi.cz\/uvod\/wp-json\/wp\/v2\/media?parent=11249"}],"curies":[{"name":"wp","href":"https:\/\/api.w.org\/{rel}","templated":true}]}}

Ručně vedený nízkozdvižný vozík Combi PPT (nosnost 5-6t.)

<div data-elementor-type="wp-page" data-elementor-id="11249" class="elementor elementor-11249">
						<section class="elementor-section elementor-top-section elementor-element elementor-element-ddb04bc elementor-section-boxed elementor-section-height-default elementor-section-height-default" data-id="ddb04bc" data-element_type="section" data-e-type="section">
						<div class="elementor-container elementor-column-gap-default">
					<div class="elementor-column elementor-col-100 elementor-top-column elementor-element elementor-element-5d2cb48" data-id="5d2cb48" data-element_type="column" data-e-type="column">
			<div class="elementor-widget-wrap elementor-element-populated">
						<div class="elementor-element elementor-element-57a176e8 elementor-widget elementor-widget-text-editor" data-id="57a176e8" data-element_type="widget" data-e-type="widget" data-widget_type="text-editor.default">
				<div class="elementor-widget-container">
									<p><a href="http://recarprofi.cz/wp-content/uploads/2018/08/combi-ppt.jpg"><img fetchpriority="high" decoding="async" class="aligncenter wp-image-11215 size-full" src="https://recarprofi.cz/wp-content/uploads/2018/08/combi-ppt.jpg" alt="" width="923" height="646" srcset="https://recarprofi.cz/wp-content/uploads/2018/08/combi-ppt.jpg 923w, https://recarprofi.cz/wp-content/uploads/2018/08/combi-ppt-600x420.jpg 600w" sizes="(max-width: 923px) 100vw, 923px" /></a></p><p>Výkonný a úsporný paletový vozík Combi PPT je volba vhodná pro ty který potřebují nízkozdvižný ručně vedený vozík s velkou nosnosti až do 6t. Vozíky Combi-PPT, vybavené patentovaným multi-polohovým ovládáním oje, nabízí bezpečnější provoz, maximální viditelnost obsluhy v úzké uličce.  Oje lze otočit vlevo nebo vpravo, což umožňuje obsluze zůstat na boku, čímž zajišťuje plnou viditelnost na náklad a vidlice, zároveň plné ovládá řízení. Obsluha stojící na straně vozíku snižuje nebezpečí uvíznutí při couvání vozíku a umožňuje pracovat ve velmi úzkých uličkách.</p><p><strong>Prospekt: <span style="color: #ff0000;"><a style="color: #ff0000;" href="http://recarprofi.cz/wp-content/uploads/2018/08/combilift-ppt.pdf">Combi PPT</a></span></strong></p><p><strong>Technické parametry:</strong></p><table><tbody><tr><td width="97"><em><strong>Typ vozíku</strong></em></td><td width="97"><em><strong>PPT</strong></em></td></tr><tr><td width="97">Nosnost</td><td width="97">5.000 kg</td></tr><tr><td width="97">Těžiště vyložení</td><td width="97">700 mm</td></tr><tr><td width="97">Pohon</td><td width="97">Elektro</td></tr><tr><td width="97">Rychlost pojezdu</td><td width="97">6 km/h</td></tr><tr><td width="97">Délka vidlí</td><td width="97">1.400 mm</td></tr><tr><td width="97">Kola přední</td><td width="97">85&#215;95</td></tr><tr><td width="97">Kola zadní</td><td width="97">313&#215;125</td></tr><tr><td width="97">Motor</td><td width="97">AC 24V</td></tr><tr><td width="97">Výkon motoru</td><td width="97">4 kW</td></tr></tbody></table><p><a href="http://recarprofi.cz/wp-content/uploads/2018/08/combi-ppt1.png"><img decoding="async" class="aligncenter wp-image-11255 size-medium" src="https://recarprofi.cz/wp-content/uploads/2018/08/combi-ppt1-744x419.png" alt="" width="744" height="419" srcset="https://recarprofi.cz/wp-content/uploads/2018/08/combi-ppt1-744x419.png 744w, https://recarprofi.cz/wp-content/uploads/2018/08/combi-ppt1-600x338.png 600w, https://recarprofi.cz/wp-content/uploads/2018/08/combi-ppt1-420x236.png 420w, https://recarprofi.cz/wp-content/uploads/2018/08/combi-ppt1-768x432.png 768w, https://recarprofi.cz/wp-content/uploads/2018/08/combi-ppt1.png 1024w" sizes="(max-width: 744px) 100vw, 744px" /></a><a href="http://recarprofi.cz/wp-content/uploads/2018/08/combi-ppt2.jpg"><img decoding="async" class="aligncenter wp-image-11256 size-medium" src="https://recarprofi.cz/wp-content/uploads/2018/08/combi-ppt2-744x558.jpg" alt="" width="744" height="558" srcset="https://recarprofi.cz/wp-content/uploads/2018/08/combi-ppt2-744x558.jpg 744w, https://recarprofi.cz/wp-content/uploads/2018/08/combi-ppt2-600x450.jpg 600w, https://recarprofi.cz/wp-content/uploads/2018/08/combi-ppt2-420x315.jpg 420w, https://recarprofi.cz/wp-content/uploads/2018/08/combi-ppt2-768x576.jpg 768w, https://recarprofi.cz/wp-content/uploads/2018/08/combi-ppt2.jpg 1024w" sizes="(max-width: 744px) 100vw, 744px" /></a></p><p><a href="http://recarprofi.cz/wp-content/uploads/2018/08/combi-ppt3.jpg"><img loading="lazy" decoding="async" class="aligncenter wp-image-11257 size-full" src="https://recarprofi.cz/wp-content/uploads/2018/08/combi-ppt3.jpg" alt="" width="1200" height="1030" srcset="https://recarprofi.cz/wp-content/uploads/2018/08/combi-ppt3.jpg 1200w, https://recarprofi.cz/wp-content/uploads/2018/08/combi-ppt3-600x515.jpg 600w, https://recarprofi.cz/wp-content/uploads/2018/08/combi-ppt3-420x361.jpg 420w, https://recarprofi.cz/wp-content/uploads/2018/08/combi-ppt3-744x639.jpg 744w, https://recarprofi.cz/wp-content/uploads/2018/08/combi-ppt3-768x659.jpg 768w" sizes="(max-width: 1200px) 100vw, 1200px" /></a></p>								</div>
				</div>
					</div>
		</div>
					</div>
		</section>
				</div>

<p>Výkonný a úsporný paletový vozík Combi PPT je volba vhodná pro ty který potřebují nízkozdvižný ručně vedený vozík s velkou nosnosti až do 6t. Vozíky Combi-PPT, vybavené patentovaným multi-polohovým ovládáním oje, nabízí bezpečnější provoz, maximální&hellip;</p>
