{"id":11331,"date":"2018-09-03T14:16:50","date_gmt":"2018-09-03T12:16:50","guid":{"rendered":"http:\/\/recarprofi.cz\/?page_id=11331"},"modified":"2020-03-26T14:47:06","modified_gmt":"2020-03-26T13:47:06","slug":"sadove-postrikovace-unia","status":"publish","type":"page","link":"https:\/\/recarprofi.cz\/uvod\/zemedelska-technika\/ochrana-rostlin\/sadove-postrikovace-unia\/","title":{"rendered":"Sadov\u00e9 post\u0159ikova\u010de Unia"},"content":{"rendered":"\t\t<div data-elementor-type=\"wp-page\" data-elementor-id=\"11331\" class=\"elementor elementor-11331\">\n\t\t\t\t\t\t<section class=\"elementor-section elementor-top-section elementor-element elementor-element-9f67ee9 elementor-section-boxed elementor-section-height-default elementor-section-height-default\" data-id=\"9f67ee9\" data-element_type=\"section\" data-e-type=\"section\">\n\t\t\t\t\t\t<div class=\"elementor-container elementor-column-gap-default\">\n\t\t\t\t\t<div class=\"elementor-column elementor-col-100 elementor-top-column elementor-element elementor-element-43fab26\" data-id=\"43fab26\" data-element_type=\"column\" data-e-type=\"column\">\n\t\t\t<div class=\"elementor-widget-wrap elementor-element-populated\">\n\t\t\t\t\t\t<div class=\"elementor-element elementor-element-5d6bc5ad elementor-widget elementor-widget-text-editor\" data-id=\"5d6bc5ad\" data-element_type=\"widget\" data-e-type=\"widget\" data-widget_type=\"text-editor.default\">\n\t\t\t\t<div class=\"elementor-widget-container\">\n\t\t\t\t\t\t\t\t\t<p><a href=\"http:\/\/recarprofi.cz\/wp-content\/uploads\/2018\/09\/unia-sleza1.jpg\"><img fetchpriority=\"high\" decoding=\"async\" class=\"aligncenter wp-image-11327 size-large\" src=\"https:\/\/recarprofi.cz\/wp-content\/uploads\/2018\/09\/unia-sleza1-1200x800.jpg\" alt=\"\" width=\"1140\" height=\"760\" srcset=\"https:\/\/recarprofi.cz\/wp-content\/uploads\/2018\/09\/unia-sleza1-1200x800.jpg 1200w, https:\/\/recarprofi.cz\/wp-content\/uploads\/2018\/09\/unia-sleza1-600x400.jpg 600w, https:\/\/recarprofi.cz\/wp-content\/uploads\/2018\/09\/unia-sleza1-420x280.jpg 420w, https:\/\/recarprofi.cz\/wp-content\/uploads\/2018\/09\/unia-sleza1-744x496.jpg 744w, https:\/\/recarprofi.cz\/wp-content\/uploads\/2018\/09\/unia-sleza1-768x512.jpg 768w, https:\/\/recarprofi.cz\/wp-content\/uploads\/2018\/09\/unia-sleza1.jpg 1600w\" sizes=\"(max-width: 1140px) 100vw, 1140px\" \/><\/a><\/p><p>Pot\u0159ikova\u010de &#8211; ta\u017een\u00e9, polyetyl\u00e9nov\u00e1 t\u0159\u00edd\u00edln\u00e1 n\u00e1dr\u017e (hlavn\u00ed, na \u010distou vodu, na omyt\u00ed rukou), vnit\u0159n\u00ed \u0159edi\u010d chemick\u00fdch prost\u0159edk\u016f, syst\u00e9m nas\u00e1v\u00e1n\u00ed chemick\u00fdch prost\u0159edk\u016f z \u0159edi\u010de, v\u00ed\u0159iv\u00e9 m\u00edchadlo, \u0159\u00edd\u00edc\u00ed ventil ZSF, dvoupozi\u010dn\u00ed trysky, pevn\u00e1 n\u00e1prava a pevn\u00fd z\u00e1v\u011bs, kola 10 x 15\u201c, ventil\u00e1tory se staviteln\u00fdm sklonem lopatek minimalizuj\u00ed zp\u011btn\u00fd tah chemick\u00fdch prost\u0159edk\u016f vych\u00fdlen\u00edm proudu post\u0159iku za rosi\u010d, regula\u010dn\u00ed ventil by matic pro vypnut\u00ed post\u0159iku, zm\u011bnu tlaku \u010di nastaven\u00ed jednostrann\u00e9 rosen\u00ed, elektroventil s ode\u010dtem tlaku nebo oj kop\u00edruj\u00edc\u00ed kola traktoru.<\/p><p><strong>Technick\u00e9 parametry:<\/strong><\/p><table><tbody><tr><td width=\"77\"><strong>Sleza<\/strong><\/td><td width=\"77\"><strong>1000 Pilmet<\/strong><\/td><td width=\"77\"><strong>1500 Pilmet<\/strong><\/td><td width=\"77\"><strong>2000 Pilmet<\/strong><\/td><td width=\"77\"><strong>1000 Chmiel<\/strong><\/td><td width=\"77\"><strong>1500 Chmiel<\/strong><\/td><td width=\"77\"><strong>2000 Chmiel<\/strong><\/td><td width=\"77\"><strong>1000 CD plus<\/strong><\/td><td width=\"77\"><strong>1500 CD plus<\/strong><\/td><td width=\"77\"><strong>2000 CD plus<\/strong><\/td><\/tr><tr><td width=\"77\">Typ n\u00e1stavky<\/td><td width=\"77\">pilmet 800<\/td><td width=\"77\">pilmet 800<\/td><td width=\"77\">pilmet 800<\/td><td width=\"77\">chmiel 900<\/td><td width=\"77\">chmiel 900<\/td><td width=\"77\">chmiel 900<\/td><td width=\"77\">CD plus<\/td><td width=\"77\">CD plus<\/td><td width=\"77\">CD plus<\/td><\/tr><tr><td width=\"77\">Tvar n\u00e1stavky<\/td><td width=\"77\">kulat\u00e1<\/td><td width=\"77\">kulat\u00e1<\/td><td width=\"77\">kulat\u00e1<\/td><td width=\"77\">kulat\u00e1<\/td><td width=\"77\">kulat\u00e1<\/td><td width=\"77\">kulat\u00e1<\/td><td width=\"77\">n\u00e1st<\/td><td width=\"77\">n\u00e1st<\/td><td width=\"77\">n\u00e1st<\/td><\/tr><tr><td width=\"77\">Objem n\u00e1dr\u017ee L<\/td><td width=\"77\">1000<\/td><td width=\"77\">1500<\/td><td width=\"77\">2000<\/td><td width=\"77\">1000<\/td><td width=\"77\">1500<\/td><td width=\"77\">2000<\/td><td width=\"77\">1000<\/td><td width=\"77\">1500<\/td><td width=\"77\">2000<\/td><\/tr><tr><td width=\"77\">\u010cerpadlo<\/td><td width=\"77\">Omega 135<\/td><td width=\"77\">Omega 135<\/td><td width=\"77\">Omega 135<\/td><td width=\"77\">Omega 135<\/td><td width=\"77\">Omega 135<\/td><td width=\"77\">Omega 135<\/td><td width=\"77\">Omega 135<\/td><td width=\"77\">Omega 135<\/td><td width=\"77\">Omega 135<\/td><\/tr><tr><td width=\"77\">Rozm\u011bry: d\/\u0161\/v (m)<\/td><td width=\"77\">\u00a0<\/td><td width=\"77\">\u00a0<\/td><td width=\"77\">\u00a0<\/td><td width=\"77\">\u00a0<\/td><td width=\"77\">\u00a0<\/td><td width=\"77\">\u00a0<\/td><td width=\"77\">\u00a0<\/td><td width=\"77\">\u00a0<\/td><td width=\"77\">\u00a0<\/td><\/tr><tr><td width=\"77\">Traktor k<\/td><td width=\"77\">45<\/td><td width=\"77\">45<\/td><td width=\"77\">45<\/td><td width=\"77\">55<\/td><td width=\"77\">55<\/td><td width=\"77\">55<\/td><td width=\"77\">45<\/td><td width=\"77\">45<\/td><td width=\"77\">45<\/td><\/tr><tr><td width=\"77\">Hmotnost kg<\/td><td width=\"77\">490<\/td><td width=\"77\">560<\/td><td width=\"77\">660<\/td><td width=\"77\">490<\/td><td width=\"77\">560<\/td><td width=\"77\">660<\/td><td width=\"77\">580<\/td><td width=\"77\">650<\/td><td width=\"77\">750<\/td><\/tr><\/tbody><\/table><table><tbody><tr><td width=\"77\"><strong>Sleza<\/strong><\/td><td width=\"77\"><strong>1000 Duet<\/strong><\/td><td width=\"77\"><strong>1500 Duet<\/strong><\/td><td width=\"77\"><strong>2000 Duet<\/strong><\/td><td width=\"77\"><strong>1000 Oktop 8<\/strong><\/td><td width=\"77\"><strong>1500 Oktop 8<\/strong><\/td><td width=\"77\"><strong>2000 Oktop 8<\/strong><\/td><td width=\"77\"><strong>1000 Oktop 10<\/strong><\/td><td width=\"77\"><strong>1500 Oktop 10<\/strong><\/td><td width=\"77\"><strong>2000 Oktop 10<\/strong><\/td><\/tr><tr><td width=\"77\">Typ n\u00e1stavky<\/td><td width=\"77\">duet<\/td><td width=\"77\">duet<\/td><td width=\"77\">duet<\/td><td width=\"77\">oktopus 8<\/td><td width=\"77\">okt 8<\/td><td width=\"77\">okt 8<\/td><td width=\"77\">okt 10<\/td><td width=\"77\">okt 10<\/td><td width=\"77\">okt 10<\/td><\/tr><tr><td width=\"77\">Tvar n\u00e1stavky<\/td><td width=\"77\">n\u00e1stav<\/td><td width=\"77\">n\u00e1stav<\/td><td width=\"77\">n\u00e1stav<\/td><td width=\"77\">trubk<\/td><td width=\"77\">trubk<\/td><td width=\"77\">trubk<\/td><td width=\"77\">trubk<\/td><td width=\"77\">trubk<\/td><td width=\"77\">trubk<\/td><\/tr><tr><td width=\"77\">Objem n\u00e1dr\u017ee L<\/td><td width=\"77\">1000<\/td><td width=\"77\">1500<\/td><td width=\"77\">2000<\/td><td width=\"77\">1000<\/td><td width=\"77\">1500<\/td><td width=\"77\">2000<\/td><td width=\"77\">1000<\/td><td width=\"77\">1500<\/td><td width=\"77\">2000<\/td><\/tr><tr><td width=\"77\">\u010cerpadlo<\/td><td width=\"77\">Omega 135<\/td><td width=\"77\">Omega 135<\/td><td width=\"77\">Omega 135<\/td><td width=\"77\">Omega 135<\/td><td width=\"77\">Omega 135<\/td><td width=\"77\">Omega 135<\/td><td width=\"77\">Omega 135<\/td><td width=\"77\">Omega 135<\/td><td width=\"77\">Omega 135<\/td><\/tr><tr><td width=\"77\">Rozm\u011bry: d\/\u0161\/v (m)<\/td><td width=\"77\">\u00a0<\/td><td width=\"77\">\u00a0<\/td><td width=\"77\">\u00a0<\/td><td width=\"77\">\u00a0<\/td><td width=\"77\">\u00a0<\/td><td width=\"77\">\u00a0<\/td><td width=\"77\">\u00a0<\/td><td width=\"77\">\u00a0<\/td><td width=\"77\">\u00a0<\/td><\/tr><tr><td width=\"77\">Traktor k<\/td><td width=\"77\">55<\/td><td width=\"77\">55<\/td><td width=\"77\">55<\/td><td width=\"77\">45<\/td><td width=\"77\">45<\/td><td width=\"77\">45<\/td><td width=\"77\">45<\/td><td width=\"77\">45<\/td><td width=\"77\">45<\/td><\/tr><tr><td width=\"77\">Hmotnost<\/td><td width=\"77\">540<\/td><td width=\"77\">610<\/td><td width=\"77\">710<\/td><td width=\"77\">560<\/td><td width=\"77\">630<\/td><td width=\"77\">730<\/td><td width=\"77\">580<\/td><td width=\"77\">650<\/td><td width=\"77\">750<\/td><\/tr><\/tbody><\/table><p><strong>Duet\u00a0 \u00a0 \u00a0 \u00a0 \u00a0 \u00a0 \u00a0 \u00a0 \u00a0 \u00a0 \u00a0 \u00a0 \u00a0 \u00a0 \u00a0 \u00a0 \u00a0 \u00a0 \u00a0 \u00a0 \u00a0 \u00a0 \u00a0 \u00a0 \u00a0 \u00a0 \u00a0 \u00a0 \u00a0 \u00a0 \u00a0 \u00a0 \u00a0 \u00a0 \u00a0 \u00a0 \u00a0 \u00a0 \u00a0 \u00a0 \u00a0 \u00a0 \u00a0 \u00a0 \u00a0 \u00a0 \u00a0 \u00a0 \u00a0 \u00a0 \u00a0 \u00a0 \u00a0 \u00a0 \u00a0 \u00a0 \u00a0 \u00a0 \u00a0 \u00a0 \u00a0 \u00a0 \u00a0 \u00a0 \u00a0 \u00a0 \u00a0 \u00a0 \u00a0 \u00a0 \u00a0 \u00a0 \u00a0 \u00a0 \u00a0 \u00a0 \u00a0 \u00a0 \u00a0 \u00a0 \u00a0 \u00a0 \u00a0 \u00a0 \u00a0 \u00a0 \u00a0 \u00a0 \u00a0 \u00a0 \u00a0CD plus<\/strong><\/p><p><a href=\"http:\/\/recarprofi.cz\/wp-content\/uploads\/2018\/09\/unia-sleza2.png\"><img decoding=\"async\" class=\"aligncenter wp-image-11335 size-full\" src=\"https:\/\/recarprofi.cz\/wp-content\/uploads\/2018\/09\/unia-sleza2.png\" alt=\"\" width=\"1000\" height=\"643\" srcset=\"https:\/\/recarprofi.cz\/wp-content\/uploads\/2018\/09\/unia-sleza2.png 1000w, https:\/\/recarprofi.cz\/wp-content\/uploads\/2018\/09\/unia-sleza2-600x386.png 600w, https:\/\/recarprofi.cz\/wp-content\/uploads\/2018\/09\/unia-sleza2-420x270.png 420w, https:\/\/recarprofi.cz\/wp-content\/uploads\/2018\/09\/unia-sleza2-744x478.png 744w, https:\/\/recarprofi.cz\/wp-content\/uploads\/2018\/09\/unia-sleza2-768x494.png 768w\" sizes=\"(max-width: 1000px) 100vw, 1000px\" \/><\/a><\/p><p><a href=\"http:\/\/recarprofi.cz\/wp-content\/uploads\/2018\/09\/unia-sleza3.png\"><img decoding=\"async\" class=\"aligncenter wp-image-11336 size-full\" src=\"https:\/\/recarprofi.cz\/wp-content\/uploads\/2018\/09\/unia-sleza3.png\" alt=\"\" width=\"1000\" height=\"732\" srcset=\"https:\/\/recarprofi.cz\/wp-content\/uploads\/2018\/09\/unia-sleza3.png 1000w, https:\/\/recarprofi.cz\/wp-content\/uploads\/2018\/09\/unia-sleza3-600x439.png 600w, https:\/\/recarprofi.cz\/wp-content\/uploads\/2018\/09\/unia-sleza3-420x307.png 420w, https:\/\/recarprofi.cz\/wp-content\/uploads\/2018\/09\/unia-sleza3-744x545.png 744w, https:\/\/recarprofi.cz\/wp-content\/uploads\/2018\/09\/unia-sleza3-768x562.png 768w\" sizes=\"(max-width: 1000px) 100vw, 1000px\" \/><\/a><\/p><p><strong>Oktopus\u00a0 \u00a0 \u00a0 \u00a0 \u00a0 \u00a0 \u00a0 \u00a0 \u00a0 \u00a0 \u00a0 \u00a0 \u00a0 \u00a0 \u00a0 \u00a0 \u00a0 \u00a0 \u00a0 \u00a0 \u00a0 \u00a0 \u00a0 \u00a0 \u00a0 \u00a0 \u00a0 \u00a0 \u00a0 \u00a0 \u00a0 \u00a0 \u00a0 \u00a0 \u00a0 \u00a0 \u00a0 \u00a0 \u00a0 \u00a0 \u00a0 \u00a0 \u00a0 \u00a0 \u00a0 \u00a0 \u00a0 \u00a0 \u00a0 \u00a0 \u00a0 \u00a0 \u00a0 \u00a0 \u00a0 \u00a0 \u00a0 \u00a0 \u00a0 \u00a0 \u00a0 \u00a0 \u00a0 \u00a0 \u00a0 \u00a0 \u00a0 \u00a0 \u00a0 \u00a0 \u00a0 \u00a0 \u00a0 \u00a0 \u00a0 \u00a0 \u00a0 \u00a0 \u00a0 \u00a0 \u00a0 \u00a0 \u00a0 \u00a0 \u00a0 \u00a0 \u00a0 \u00a0 \u00a0 \u00a0Pilmet<\/strong><\/p><p><a href=\"http:\/\/recarprofi.cz\/wp-content\/uploads\/2018\/09\/unia-sleza4.png\"><img loading=\"lazy\" decoding=\"async\" class=\"aligncenter wp-image-11338 size-full\" src=\"https:\/\/recarprofi.cz\/wp-content\/uploads\/2018\/09\/unia-sleza4.png\" alt=\"\" width=\"1000\" height=\"758\" srcset=\"https:\/\/recarprofi.cz\/wp-content\/uploads\/2018\/09\/unia-sleza4.png 1000w, https:\/\/recarprofi.cz\/wp-content\/uploads\/2018\/09\/unia-sleza4-600x455.png 600w, https:\/\/recarprofi.cz\/wp-content\/uploads\/2018\/09\/unia-sleza4-420x318.png 420w, https:\/\/recarprofi.cz\/wp-content\/uploads\/2018\/09\/unia-sleza4-744x564.png 744w, https:\/\/recarprofi.cz\/wp-content\/uploads\/2018\/09\/unia-sleza4-768x582.png 768w\" sizes=\"(max-width: 1000px) 100vw, 1000px\" \/><\/a><a href=\"http:\/\/recarprofi.cz\/wp-content\/uploads\/2018\/09\/unia-sleza5.png\"><img loading=\"lazy\" decoding=\"async\" class=\"aligncenter wp-image-11339 size-full\" src=\"https:\/\/recarprofi.cz\/wp-content\/uploads\/2018\/09\/unia-sleza5.png\" alt=\"\" width=\"1000\" height=\"729\" srcset=\"https:\/\/recarprofi.cz\/wp-content\/uploads\/2018\/09\/unia-sleza5.png 1000w, https:\/\/recarprofi.cz\/wp-content\/uploads\/2018\/09\/unia-sleza5-600x437.png 600w, https:\/\/recarprofi.cz\/wp-content\/uploads\/2018\/09\/unia-sleza5-420x306.png 420w, https:\/\/recarprofi.cz\/wp-content\/uploads\/2018\/09\/unia-sleza5-744x542.png 744w, https:\/\/recarprofi.cz\/wp-content\/uploads\/2018\/09\/unia-sleza5-768x560.png 768w\" sizes=\"(max-width: 1000px) 100vw, 1000px\" \/><\/a><\/p><p><strong>Chmiel<\/strong><\/p><p><a href=\"http:\/\/recarprofi.cz\/wp-content\/uploads\/2018\/09\/unia-sleza6.jpg\"><img loading=\"lazy\" decoding=\"async\" class=\"aligncenter wp-image-11340 size-full\" src=\"https:\/\/recarprofi.cz\/wp-content\/uploads\/2018\/09\/unia-sleza6.jpg\" alt=\"\" width=\"1000\" height=\"713\" srcset=\"https:\/\/recarprofi.cz\/wp-content\/uploads\/2018\/09\/unia-sleza6.jpg 1000w, https:\/\/recarprofi.cz\/wp-content\/uploads\/2018\/09\/unia-sleza6-600x428.jpg 600w, https:\/\/recarprofi.cz\/wp-content\/uploads\/2018\/09\/unia-sleza6-420x299.jpg 420w, https:\/\/recarprofi.cz\/wp-content\/uploads\/2018\/09\/unia-sleza6-744x530.jpg 744w, https:\/\/recarprofi.cz\/wp-content\/uploads\/2018\/09\/unia-sleza6-768x548.jpg 768w\" sizes=\"(max-width: 1000px) 100vw, 1000px\" \/><\/a><a href=\"http:\/\/recarprofi.cz\/wp-content\/uploads\/2018\/09\/unia-sleza7.jpg\"><img loading=\"lazy\" decoding=\"async\" class=\"aligncenter wp-image-11341 size-full\" src=\"https:\/\/recarprofi.cz\/wp-content\/uploads\/2018\/09\/unia-sleza7.jpg\" alt=\"\" width=\"1000\" height=\"562\" srcset=\"https:\/\/recarprofi.cz\/wp-content\/uploads\/2018\/09\/unia-sleza7.jpg 1000w, https:\/\/recarprofi.cz\/wp-content\/uploads\/2018\/09\/unia-sleza7-600x337.jpg 600w, https:\/\/recarprofi.cz\/wp-content\/uploads\/2018\/09\/unia-sleza7-420x236.jpg 420w, https:\/\/recarprofi.cz\/wp-content\/uploads\/2018\/09\/unia-sleza7-744x418.jpg 744w, https:\/\/recarprofi.cz\/wp-content\/uploads\/2018\/09\/unia-sleza7-768x432.jpg 768w\" sizes=\"(max-width: 1000px) 100vw, 1000px\" \/><\/a><\/p>\t\t\t\t\t\t\t\t<\/div>\n\t\t\t\t<\/div>\n\t\t\t\t\t<\/div>\n\t\t<\/div>\n\t\t\t\t\t<\/div>\n\t\t<\/section>\n\t\t\t\t<\/div>\n\t\t","protected":false},"excerpt":{"rendered":"<p>Pot\u0159ikova\u010de &#8211; ta\u017een\u00e9, polyetyl\u00e9nov\u00e1 t\u0159\u00edd\u00edln\u00e1 n\u00e1dr\u017e (hlavn\u00ed, na \u010distou vodu, na omyt\u00ed rukou), vnit\u0159n\u00ed \u0159edi\u010d chemick\u00fdch prost\u0159edk\u016f, syst\u00e9m nas\u00e1v\u00e1n\u00ed chemick\u00fdch prost\u0159edk\u016f z \u0159edi\u010de, v\u00ed\u0159iv\u00e9 m\u00edchadlo, \u0159\u00edd\u00edc\u00ed ventil ZSF, dvoupozi\u010dn\u00ed trysky, pevn\u00e1 n\u00e1prava a pevn\u00fd z\u00e1v\u011bs,&hellip;<\/p>\n","protected":false},"author":1,"featured_media":0,"parent":6830,"menu_order":3,"comment_status":"closed","ping_status":"closed","template":"","meta":{"footnotes":""},"class_list":["post-11331","page","type-page","status-publish","hentry"],"_links":{"self":[{"href":"https:\/\/recarprofi.cz\/uvod\/wp-json\/wp\/v2\/pages\/11331","targetHints":{"allow":["GET"]}}],"collection":[{"href":"https:\/\/recarprofi.cz\/uvod\/wp-json\/wp\/v2\/pages"}],"about":[{"href":"https:\/\/recarprofi.cz\/uvod\/wp-json\/wp\/v2\/types\/page"}],"author":[{"embeddable":true,"href":"https:\/\/recarprofi.cz\/uvod\/wp-json\/wp\/v2\/users\/1"}],"replies":[{"embeddable":true,"href":"https:\/\/recarprofi.cz\/uvod\/wp-json\/wp\/v2\/comments?post=11331"}],"version-history":[{"count":13,"href":"https:\/\/recarprofi.cz\/uvod\/wp-json\/wp\/v2\/pages\/11331\/revisions"}],"predecessor-version":[{"id":21440,"href":"https:\/\/recarprofi.cz\/uvod\/wp-json\/wp\/v2\/pages\/11331\/revisions\/21440"}],"up":[{"embeddable":true,"href":"https:\/\/recarprofi.cz\/uvod\/wp-json\/wp\/v2\/pages\/6830"}],"wp:attachment":[{"href":"https:\/\/recarprofi.cz\/uvod\/wp-json\/wp\/v2\/media?parent=11331"}],"curies":[{"name":"wp","href":"https:\/\/api.w.org\/{rel}","templated":true}]}}