{"id":11403,"date":"2018-11-16T09:13:02","date_gmt":"2018-11-16T08:13:02","guid":{"rendered":"http:\/\/recarprofi.cz\/?page_id=11403"},"modified":"2024-08-19T14:03:46","modified_gmt":"2024-08-19T12:03:46","slug":"rozmetadla-nesena","status":"publish","type":"page","link":"https:\/\/recarprofi.cz\/uvod\/komunalni-technika\/rozmetadla-nesena\/","title":{"rendered":"Rozmetadla nesen\u00e1"},"content":{"rendered":"\t\t<div data-elementor-type=\"wp-page\" data-elementor-id=\"11403\" class=\"elementor elementor-11403\">\n\t\t\t\t\t\t<section class=\"elementor-section elementor-top-section elementor-element elementor-element-58298f02 elementor-section-boxed elementor-section-height-default elementor-section-height-default\" data-id=\"58298f02\" data-element_type=\"section\" data-e-type=\"section\">\n\t\t\t\t\t\t<div class=\"elementor-container elementor-column-gap-default\">\n\t\t\t\t\t<div class=\"elementor-column elementor-col-100 elementor-top-column elementor-element elementor-element-38da8c00\" data-id=\"38da8c00\" data-element_type=\"column\" data-e-type=\"column\">\n\t\t\t<div class=\"elementor-widget-wrap elementor-element-populated\">\n\t\t\t\t\t\t<div class=\"elementor-element elementor-element-d6367a4 elementor-widget elementor-widget-button\" data-id=\"d6367a4\" data-element_type=\"widget\" data-e-type=\"widget\" data-widget_type=\"button.default\">\n\t\t\t\t<div class=\"elementor-widget-container\">\n\t\t\t\t\t\t\t\t\t<div class=\"elementor-button-wrapper\">\n\t\t\t\t\t<a class=\"elementor-button elementor-button-link elementor-size-sm\" href=\"https:\/\/recarprofi.cz\/uvod\/kategorie-produktu\/rozmetadla-komunalni\/\">\n\t\t\t\t\t\t<span class=\"elementor-button-content-wrapper\">\n\t\t\t\t\t\t\t\t\t<span class=\"elementor-button-text\">Vstup do eshopu<\/span>\n\t\t\t\t\t<\/span>\n\t\t\t\t\t<\/a>\n\t\t\t\t<\/div>\n\t\t\t\t\t\t\t\t<\/div>\n\t\t\t\t<\/div>\n\t\t\t\t<div class=\"elementor-element elementor-element-7c5c9b12 elementor-widget elementor-widget-text-editor\" data-id=\"7c5c9b12\" data-element_type=\"widget\" data-e-type=\"widget\" data-widget_type=\"text-editor.default\">\n\t\t\t\t<div class=\"elementor-widget-container\">\n\t\t\t\t\t\t\t\t\t<h2>PS 250<\/h2><p><a href=\"http:\/\/recarprofi.cz\/wp-content\/uploads\/2018\/11\/pronar-ps250.jpg\"><img fetchpriority=\"high\" decoding=\"async\" class=\"aligncenter wp-image-11404 size-large\" src=\"https:\/\/recarprofi.cz\/wp-content\/uploads\/2018\/11\/pronar-ps250-1200x1184.jpg\" alt=\"\" width=\"1140\" height=\"1125\" srcset=\"https:\/\/recarprofi.cz\/wp-content\/uploads\/2018\/11\/pronar-ps250-1200x1184.jpg 1200w, https:\/\/recarprofi.cz\/wp-content\/uploads\/2018\/11\/pronar-ps250-100x100.jpg 100w, https:\/\/recarprofi.cz\/wp-content\/uploads\/2018\/11\/pronar-ps250-600x592.jpg 600w, https:\/\/recarprofi.cz\/wp-content\/uploads\/2018\/11\/pronar-ps250-420x414.jpg 420w, https:\/\/recarprofi.cz\/wp-content\/uploads\/2018\/11\/pronar-ps250-744x734.jpg 744w, https:\/\/recarprofi.cz\/wp-content\/uploads\/2018\/11\/pronar-ps250-768x758.jpg 768w, https:\/\/recarprofi.cz\/wp-content\/uploads\/2018\/11\/pronar-ps250.jpg 1500w\" sizes=\"(max-width: 1140px) 100vw, 1140px\" \/><\/a><\/p><p><a href=\"http:\/\/recarprofi.cz\/wp-content\/uploads\/2018\/11\/pronar-ps250m.jpg\"><img decoding=\"async\" class=\"aligncenter wp-image-11405 size-large\" src=\"https:\/\/recarprofi.cz\/wp-content\/uploads\/2018\/11\/pronar-ps250m-1200x1184.jpg\" alt=\"\" width=\"1140\" height=\"1125\" srcset=\"https:\/\/recarprofi.cz\/wp-content\/uploads\/2018\/11\/pronar-ps250m-1200x1184.jpg 1200w, https:\/\/recarprofi.cz\/wp-content\/uploads\/2018\/11\/pronar-ps250m-100x100.jpg 100w, https:\/\/recarprofi.cz\/wp-content\/uploads\/2018\/11\/pronar-ps250m-600x592.jpg 600w, https:\/\/recarprofi.cz\/wp-content\/uploads\/2018\/11\/pronar-ps250m-420x414.jpg 420w, https:\/\/recarprofi.cz\/wp-content\/uploads\/2018\/11\/pronar-ps250m-744x734.jpg 744w, https:\/\/recarprofi.cz\/wp-content\/uploads\/2018\/11\/pronar-ps250m-768x758.jpg 768w, https:\/\/recarprofi.cz\/wp-content\/uploads\/2018\/11\/pronar-ps250m.jpg 1500w\" sizes=\"(max-width: 1140px) 100vw, 1140px\" \/><\/a><\/p><p>Pohon rozmetac\u00edho kotou\u010de odvozen od vn\u011bj\u0161\u00edho okruhu traktoru hydromotorem (100 cm\u00b3) s nutn\u00fdm minim\u00e1ln\u00edm p\u0159\u00edkonem 10\u00a0 l\/min\u00a0 nebo kardanem, zes\u00edlen\u00e9 m\u00edchadlo, horn\u00ed s\u00edto, plastov\u00e9 v\u00edko a kovov\u00e9 lopatky na kotou\u010di nerez, agregaci i za malotraktor, n\u00e1dr\u017e 250 nebo 500 litr\u016f, manu\u00e1ln\u00ed nastaven\u00ed s\u00edly posypu.<\/p><p><strong>Technick\u00e9 parametry:<\/strong><\/p><table width=\"100%\"><tbody><tr><td width=\"29%\"><strong>Typ stroje<\/strong><\/td><td width=\"10%\"><strong>\u00a0<\/strong><\/td><td width=\"29%\"><strong>PS 250 <\/strong><\/td><td width=\"29%\"><strong>PS 250 M<\/strong><\/td><\/tr><tr><td width=\"29%\">Objem z\u00e1sobn\u00edk\u016f<\/td><td width=\"10%\">[l]<\/td><td width=\"29%\"><strong>250<\/strong><\/td><td width=\"29%\"><strong>500<\/strong><\/td><\/tr><tr><td width=\"29%\">Hmotnost<\/td><td width=\"10%\">[kg]<\/td><td width=\"29%\">100<\/td><td width=\"29%\">120<\/td><\/tr><tr><td width=\"29%\">Nosnost<\/td><td width=\"10%\">[kg]<\/td><td width=\"29%\">300<\/td><td width=\"29%\">600<\/td><\/tr><tr><td width=\"29%\">Traktor<\/td><td width=\"10%\">[hp]<\/td><td width=\"29%\">15<\/td><td width=\"29%\">15<\/td><\/tr><tr><td width=\"29%\">Pracovn\u00ed \u0161\u00ed\u0159e<\/td><td width=\"10%\">[m]<\/td><td width=\"29%\">1-6<\/td><td width=\"29%\">1-6<\/td><\/tr><tr><td width=\"29%\">Pracovn\u00ed rychlost max.<\/td><td width=\"10%\">(km\/h)<\/td><td width=\"29%\">10<\/td><td width=\"29%\">10<\/td><\/tr><tr><td width=\"29%\">Olej<\/td><td width=\"10%\">[l\/min]<\/td><td width=\"29%\">Min. 10<\/td><td width=\"29%\">Min. 10<\/td><\/tr><\/tbody><\/table><hr \/><h3>\u00a0<\/h3><h3 class=\"ea-technika\"><strong>Samonakl\u00e1dac\u00ed PM 110\u00a0<\/strong><\/h3><h3 class=\"ea-technika\"><strong><a href=\"http:\/\/recarprofi.cz\/wp-content\/uploads\/2018\/11\/pm110.jpg\"><img decoding=\"async\" class=\"aligncenter wp-image-11412 size-large\" src=\"https:\/\/recarprofi.cz\/wp-content\/uploads\/2018\/11\/pm110-1200x925.jpg\" alt=\"\" width=\"1140\" height=\"879\" srcset=\"https:\/\/recarprofi.cz\/wp-content\/uploads\/2018\/11\/pm110-1200x925.jpg 1200w, https:\/\/recarprofi.cz\/wp-content\/uploads\/2018\/11\/pm110-600x463.jpg 600w, https:\/\/recarprofi.cz\/wp-content\/uploads\/2018\/11\/pm110-420x324.jpg 420w, https:\/\/recarprofi.cz\/wp-content\/uploads\/2018\/11\/pm110-744x574.jpg 744w, https:\/\/recarprofi.cz\/wp-content\/uploads\/2018\/11\/pm110-768x592.jpg 768w, https:\/\/recarprofi.cz\/wp-content\/uploads\/2018\/11\/pm110.jpg 1550w\" sizes=\"(max-width: 1140px) 100vw, 1140px\" \/><\/a><\/strong><\/h3><p>Objem z\u00e1sobn\u00edku 300 l<\/p><p>Pracovn\u00ed z\u00e1b\u011br 1,1 m<\/p><p>Transportn\u00ed \u0161\u00ed\u0159ka 1,2 m<\/p><p>Ot\u00e1\u010dky \u010dechra\u010de 250 ot.\/min<\/p><p>Ot\u00e1\u010dky d\u00e1vkova\u010de 170 ot.\/min<\/p><p>Hmotnost 210 kg<\/p><hr \/><h3><strong>Samonakl\u00e1d\u00e1c\u00ed PS 150-200<\/strong><\/h3><p>\u00a0<\/p><p><a href=\"http:\/\/recarprofi.cz\/wp-content\/uploads\/2018\/11\/pomarol-ps200.jpg\"><img loading=\"lazy\" decoding=\"async\" class=\"aligncenter wp-image-11416 size-full\" src=\"https:\/\/recarprofi.cz\/wp-content\/uploads\/2018\/11\/pomarol-ps200.jpg\" alt=\"\" width=\"800\" height=\"346\" srcset=\"https:\/\/recarprofi.cz\/wp-content\/uploads\/2018\/11\/pomarol-ps200.jpg 800w, https:\/\/recarprofi.cz\/wp-content\/uploads\/2018\/11\/pomarol-ps200-600x260.jpg 600w, https:\/\/recarprofi.cz\/wp-content\/uploads\/2018\/11\/pomarol-ps200-420x182.jpg 420w, https:\/\/recarprofi.cz\/wp-content\/uploads\/2018\/11\/pomarol-ps200-744x322.jpg 744w, https:\/\/recarprofi.cz\/wp-content\/uploads\/2018\/11\/pomarol-ps200-768x332.jpg 768w\" sizes=\"(max-width: 800px) 100vw, 800px\" \/><\/a><a href=\"http:\/\/recarprofi.cz\/wp-content\/uploads\/2018\/11\/pomarol-ps150.jpg\"><img loading=\"lazy\" decoding=\"async\" class=\"aligncenter wp-image-11400 size-full\" src=\"https:\/\/recarprofi.cz\/wp-content\/uploads\/2018\/11\/pomarol-ps150.jpg\" alt=\"\" width=\"800\" height=\"600\" srcset=\"https:\/\/recarprofi.cz\/wp-content\/uploads\/2018\/11\/pomarol-ps150.jpg 800w, https:\/\/recarprofi.cz\/wp-content\/uploads\/2018\/11\/pomarol-ps150-600x450.jpg 600w, https:\/\/recarprofi.cz\/wp-content\/uploads\/2018\/11\/pomarol-ps150-420x315.jpg 420w, https:\/\/recarprofi.cz\/wp-content\/uploads\/2018\/11\/pomarol-ps150-744x558.jpg 744w, https:\/\/recarprofi.cz\/wp-content\/uploads\/2018\/11\/pomarol-ps150-768x576.jpg 768w\" sizes=\"(max-width: 800px) 100vw, 800px\" \/><\/a><\/p><p>Komun\u00e1ln\u00ed samonakl\u00e1dac\u00ed rozmetadlo POMAROL PS je ur\u010den\u00e9 pro posyp komunikac\u00ed p\u00edskem nebo posypov\u00fdm materi\u00e1lem o v\u011bt\u0161\u00ed frakc\u00ed. Agregace rozmetadla do zadn\u00edho t\u0159\u00edbodov\u00e9ho z\u00e1v\u011bsu traktoru. Pohon samonakl\u00e1dac\u00edho rozmetadla je pln\u011b hydraulick\u00fd z traktoru. Rozmetadlo m\u00e1 v\u00e1le\u010dkov\u00fd syst\u00e9m posypu. Samonakl\u00e1dac\u00ed rozmetadlo m\u00e1 hardoxov\u00fd b\u0159it pro nakl\u00e1dku i zmrzl\u00e9ho posypu. N\u00e1sypka rozmetadla m\u00e1 vnit\u0159n\u00ed v\u00fdztuhy.<\/p><p><strong>Technick\u00e9 parametry:<\/strong><\/p><table><tbody><tr><td width=\"194\"><strong>Typ<\/strong><\/td><td width=\"194\"><strong>PS 150<\/strong><\/td><td width=\"194\"><strong>PS200<\/strong><\/td><\/tr><tr><td width=\"194\">Objem z\u00e1sobn\u00edku l<\/td><td width=\"194\">750<\/td><td width=\"194\">1.000<\/td><\/tr><tr><td width=\"194\">Pracovn\u00ed z\u00e1b\u011br mm<\/td><td width=\"194\">1.330<\/td><td width=\"194\">1.830<\/td><\/tr><tr><td width=\"194\">Celkov\u00e1 \u0161\u00ed\u0159ka mm<\/td><td width=\"194\">1.700<\/td><td width=\"194\">2.200<\/td><\/tr><tr><td width=\"194\">D\u00e9lka x v\u00fd\u0161ka mm<\/td><td width=\"194\">1.240 x 1.350<\/td><td width=\"194\">1.240 x 1.350<\/td><\/tr><tr><td width=\"194\">Ot\u00e1\u010dky \u010dechra\u010de ot\/min<\/td><td width=\"194\">250<\/td><td width=\"194\">250<\/td><\/tr><tr><td width=\"194\">Ot\u00e1\u010dky d\u00e1vkova\u010de ot\/min<\/td><td width=\"194\">170<\/td><td width=\"194\">170<\/td><\/tr><tr><td width=\"194\">Hmotnost kg<\/td><td width=\"194\">470<\/td><td width=\"194\">550<\/td><\/tr><\/tbody><\/table>\t\t\t\t\t\t\t\t<\/div>\n\t\t\t\t<\/div>\n\t\t\t\t\t<\/div>\n\t\t<\/div>\n\t\t\t\t\t<\/div>\n\t\t<\/section>\n\t\t\t\t<\/div>\n\t\t","protected":false},"excerpt":{"rendered":"<p>Vstup do eshopu PS 250 Pohon rozmetac\u00edho kotou\u010de odvozen od vn\u011bj\u0161\u00edho okruhu traktoru hydromotorem (100 cm\u00b3) s nutn\u00fdm minim\u00e1ln\u00edm p\u0159\u00edkonem 10\u00a0 l\/min\u00a0 nebo kardanem, zes\u00edlen\u00e9 m\u00edchadlo, horn\u00ed s\u00edto, plastov\u00e9 v\u00edko a kovov\u00e9 lopatky na kotou\u010di&hellip;<\/p>\n","protected":false},"author":1,"featured_media":0,"parent":6072,"menu_order":7,"comment_status":"closed","ping_status":"closed","template":"","meta":{"footnotes":""},"class_list":["post-11403","page","type-page","status-publish","hentry"],"_links":{"self":[{"href":"https:\/\/recarprofi.cz\/uvod\/wp-json\/wp\/v2\/pages\/11403","targetHints":{"allow":["GET"]}}],"collection":[{"href":"https:\/\/recarprofi.cz\/uvod\/wp-json\/wp\/v2\/pages"}],"about":[{"href":"https:\/\/recarprofi.cz\/uvod\/wp-json\/wp\/v2\/types\/page"}],"author":[{"embeddable":true,"href":"https:\/\/recarprofi.cz\/uvod\/wp-json\/wp\/v2\/users\/1"}],"replies":[{"embeddable":true,"href":"https:\/\/recarprofi.cz\/uvod\/wp-json\/wp\/v2\/comments?post=11403"}],"version-history":[{"count":16,"href":"https:\/\/recarprofi.cz\/uvod\/wp-json\/wp\/v2\/pages\/11403\/revisions"}],"predecessor-version":[{"id":31537,"href":"https:\/\/recarprofi.cz\/uvod\/wp-json\/wp\/v2\/pages\/11403\/revisions\/31537"}],"up":[{"embeddable":true,"href":"https:\/\/recarprofi.cz\/uvod\/wp-json\/wp\/v2\/pages\/6072"}],"wp:attachment":[{"href":"https:\/\/recarprofi.cz\/uvod\/wp-json\/wp\/v2\/media?parent=11403"}],"curies":[{"name":"wp","href":"https:\/\/api.w.org\/{rel}","templated":true}]}}

Rozmetadla nesená

<div data-elementor-type="wp-page" data-elementor-id="11403" class="elementor elementor-11403">
						<section class="elementor-section elementor-top-section elementor-element elementor-element-58298f02 elementor-section-boxed elementor-section-height-default elementor-section-height-default" data-id="58298f02" data-element_type="section" data-e-type="section">
						<div class="elementor-container elementor-column-gap-default">
					<div class="elementor-column elementor-col-100 elementor-top-column elementor-element elementor-element-38da8c00" data-id="38da8c00" data-element_type="column" data-e-type="column">
			<div class="elementor-widget-wrap elementor-element-populated">
						<div class="elementor-element elementor-element-d6367a4 elementor-widget elementor-widget-button" data-id="d6367a4" data-element_type="widget" data-e-type="widget" data-widget_type="button.default">
				<div class="elementor-widget-container">
									<div class="elementor-button-wrapper">
					<a class="elementor-button elementor-button-link elementor-size-sm" href="https://recarprofi.cz/uvod/kategorie-produktu/rozmetadla-komunalni/">
						<span class="elementor-button-content-wrapper">
									<span class="elementor-button-text">Vstup do eshopu</span>
					</span>
					</a>
				</div>
								</div>
				</div>
				<div class="elementor-element elementor-element-7c5c9b12 elementor-widget elementor-widget-text-editor" data-id="7c5c9b12" data-element_type="widget" data-e-type="widget" data-widget_type="text-editor.default">
				<div class="elementor-widget-container">
									<h2>PS 250</h2><p><a href="http://recarprofi.cz/wp-content/uploads/2018/11/pronar-ps250.jpg"><img fetchpriority="high" decoding="async" class="aligncenter wp-image-11404 size-large" src="https://recarprofi.cz/wp-content/uploads/2018/11/pronar-ps250-1200x1184.jpg" alt="" width="1140" height="1125" srcset="https://recarprofi.cz/wp-content/uploads/2018/11/pronar-ps250-1200x1184.jpg 1200w, https://recarprofi.cz/wp-content/uploads/2018/11/pronar-ps250-100x100.jpg 100w, https://recarprofi.cz/wp-content/uploads/2018/11/pronar-ps250-600x592.jpg 600w, https://recarprofi.cz/wp-content/uploads/2018/11/pronar-ps250-420x414.jpg 420w, https://recarprofi.cz/wp-content/uploads/2018/11/pronar-ps250-744x734.jpg 744w, https://recarprofi.cz/wp-content/uploads/2018/11/pronar-ps250-768x758.jpg 768w, https://recarprofi.cz/wp-content/uploads/2018/11/pronar-ps250.jpg 1500w" sizes="(max-width: 1140px) 100vw, 1140px" /></a></p><p><a href="http://recarprofi.cz/wp-content/uploads/2018/11/pronar-ps250m.jpg"><img decoding="async" class="aligncenter wp-image-11405 size-large" src="https://recarprofi.cz/wp-content/uploads/2018/11/pronar-ps250m-1200x1184.jpg" alt="" width="1140" height="1125" srcset="https://recarprofi.cz/wp-content/uploads/2018/11/pronar-ps250m-1200x1184.jpg 1200w, https://recarprofi.cz/wp-content/uploads/2018/11/pronar-ps250m-100x100.jpg 100w, https://recarprofi.cz/wp-content/uploads/2018/11/pronar-ps250m-600x592.jpg 600w, https://recarprofi.cz/wp-content/uploads/2018/11/pronar-ps250m-420x414.jpg 420w, https://recarprofi.cz/wp-content/uploads/2018/11/pronar-ps250m-744x734.jpg 744w, https://recarprofi.cz/wp-content/uploads/2018/11/pronar-ps250m-768x758.jpg 768w, https://recarprofi.cz/wp-content/uploads/2018/11/pronar-ps250m.jpg 1500w" sizes="(max-width: 1140px) 100vw, 1140px" /></a></p><p>Pohon rozmetacího kotouče odvozen od vnějšího okruhu traktoru hydromotorem (100 cm³) s nutným minimálním příkonem 10  l/min  nebo kardanem, zesílené míchadlo, horní síto, plastové víko a kovové lopatky na kotouči nerez, agregaci i za malotraktor, nádrž 250 nebo 500 litrů, manuální nastavení síly posypu.</p><p><strong>Technické parametry:</strong></p><table width="100%"><tbody><tr><td width="29%"><strong>Typ stroje</strong></td><td width="10%"><strong> </strong></td><td width="29%"><strong>PS 250 </strong></td><td width="29%"><strong>PS 250 M</strong></td></tr><tr><td width="29%">Objem zásobníků</td><td width="10%">[l]</td><td width="29%"><strong>250</strong></td><td width="29%"><strong>500</strong></td></tr><tr><td width="29%">Hmotnost</td><td width="10%">[kg]</td><td width="29%">100</td><td width="29%">120</td></tr><tr><td width="29%">Nosnost</td><td width="10%">[kg]</td><td width="29%">300</td><td width="29%">600</td></tr><tr><td width="29%">Traktor</td><td width="10%">[hp]</td><td width="29%">15</td><td width="29%">15</td></tr><tr><td width="29%">Pracovní šíře</td><td width="10%">[m]</td><td width="29%">1-6</td><td width="29%">1-6</td></tr><tr><td width="29%">Pracovní rychlost max.</td><td width="10%">(km/h)</td><td width="29%">10</td><td width="29%">10</td></tr><tr><td width="29%">Olej</td><td width="10%">[l/min]</td><td width="29%">Min. 10</td><td width="29%">Min. 10</td></tr></tbody></table><hr /><h3> </h3><h3 class="ea-technika"><strong>Samonakládací PM 110 </strong></h3><h3 class="ea-technika"><strong><a href="http://recarprofi.cz/wp-content/uploads/2018/11/pm110.jpg"><img decoding="async" class="aligncenter wp-image-11412 size-large" src="https://recarprofi.cz/wp-content/uploads/2018/11/pm110-1200x925.jpg" alt="" width="1140" height="879" srcset="https://recarprofi.cz/wp-content/uploads/2018/11/pm110-1200x925.jpg 1200w, https://recarprofi.cz/wp-content/uploads/2018/11/pm110-600x463.jpg 600w, https://recarprofi.cz/wp-content/uploads/2018/11/pm110-420x324.jpg 420w, https://recarprofi.cz/wp-content/uploads/2018/11/pm110-744x574.jpg 744w, https://recarprofi.cz/wp-content/uploads/2018/11/pm110-768x592.jpg 768w, https://recarprofi.cz/wp-content/uploads/2018/11/pm110.jpg 1550w" sizes="(max-width: 1140px) 100vw, 1140px" /></a></strong></h3><p>Objem zásobníku 300 l</p><p>Pracovní záběr 1,1 m</p><p>Transportní šířka 1,2 m</p><p>Otáčky čechrače 250 ot./min</p><p>Otáčky dávkovače 170 ot./min</p><p>Hmotnost 210 kg</p><hr /><h3><strong>Samonakládácí PS 150-200</strong></h3><p> </p><p><a href="http://recarprofi.cz/wp-content/uploads/2018/11/pomarol-ps200.jpg"><img loading="lazy" decoding="async" class="aligncenter wp-image-11416 size-full" src="https://recarprofi.cz/wp-content/uploads/2018/11/pomarol-ps200.jpg" alt="" width="800" height="346" srcset="https://recarprofi.cz/wp-content/uploads/2018/11/pomarol-ps200.jpg 800w, https://recarprofi.cz/wp-content/uploads/2018/11/pomarol-ps200-600x260.jpg 600w, https://recarprofi.cz/wp-content/uploads/2018/11/pomarol-ps200-420x182.jpg 420w, https://recarprofi.cz/wp-content/uploads/2018/11/pomarol-ps200-744x322.jpg 744w, https://recarprofi.cz/wp-content/uploads/2018/11/pomarol-ps200-768x332.jpg 768w" sizes="(max-width: 800px) 100vw, 800px" /></a><a href="http://recarprofi.cz/wp-content/uploads/2018/11/pomarol-ps150.jpg"><img loading="lazy" decoding="async" class="aligncenter wp-image-11400 size-full" src="https://recarprofi.cz/wp-content/uploads/2018/11/pomarol-ps150.jpg" alt="" width="800" height="600" srcset="https://recarprofi.cz/wp-content/uploads/2018/11/pomarol-ps150.jpg 800w, https://recarprofi.cz/wp-content/uploads/2018/11/pomarol-ps150-600x450.jpg 600w, https://recarprofi.cz/wp-content/uploads/2018/11/pomarol-ps150-420x315.jpg 420w, https://recarprofi.cz/wp-content/uploads/2018/11/pomarol-ps150-744x558.jpg 744w, https://recarprofi.cz/wp-content/uploads/2018/11/pomarol-ps150-768x576.jpg 768w" sizes="(max-width: 800px) 100vw, 800px" /></a></p><p>Komunální samonakládací rozmetadlo POMAROL PS je určené pro posyp komunikací pískem nebo posypovým materiálem o větší frakcí. Agregace rozmetadla do zadního tříbodového závěsu traktoru. Pohon samonakládacího rozmetadla je plně hydraulický z traktoru. Rozmetadlo má válečkový systém posypu. Samonakládací rozmetadlo má hardoxový břit pro nakládku i zmrzlého posypu. Násypka rozmetadla má vnitřní výztuhy.</p><p><strong>Technické parametry:</strong></p><table><tbody><tr><td width="194"><strong>Typ</strong></td><td width="194"><strong>PS 150</strong></td><td width="194"><strong>PS200</strong></td></tr><tr><td width="194">Objem zásobníku l</td><td width="194">750</td><td width="194">1.000</td></tr><tr><td width="194">Pracovní záběr mm</td><td width="194">1.330</td><td width="194">1.830</td></tr><tr><td width="194">Celková šířka mm</td><td width="194">1.700</td><td width="194">2.200</td></tr><tr><td width="194">Délka x výška mm</td><td width="194">1.240 x 1.350</td><td width="194">1.240 x 1.350</td></tr><tr><td width="194">Otáčky čechrače ot/min</td><td width="194">250</td><td width="194">250</td></tr><tr><td width="194">Otáčky dávkovače ot/min</td><td width="194">170</td><td width="194">170</td></tr><tr><td width="194">Hmotnost kg</td><td width="194">470</td><td width="194">550</td></tr></tbody></table>								</div>
				</div>
					</div>
		</div>
					</div>
		</section>
				</div>

<p>Vstup do eshopu PS 250 Pohon rozmetacího kotouče odvozen od vnějšího okruhu traktoru hydromotorem (100 cm³) s nutným minimálním příkonem 10  l/min  nebo kardanem, zesílené míchadlo, horní síto, plastové víko a kovové lopatky na kotouči&hellip;</p>
