{"id":11423,"date":"2018-11-16T14:46:49","date_gmt":"2018-11-16T13:46:49","guid":{"rendered":"http:\/\/recarprofi.cz\/?page_id=11423"},"modified":"2024-08-19T14:04:22","modified_gmt":"2024-08-19T12:04:22","slug":"rozmetadla-tazena","status":"publish","type":"page","link":"https:\/\/recarprofi.cz\/uvod\/komunalni-technika\/rozmetadla-tazena\/","title":{"rendered":"Rozmetadla ta\u017een\u00e1"},"content":{"rendered":"\t\t<div data-elementor-type=\"wp-page\" data-elementor-id=\"11423\" class=\"elementor elementor-11423\">\n\t\t\t\t\t\t<section class=\"elementor-section elementor-top-section elementor-element elementor-element-1567686a elementor-section-boxed elementor-section-height-default elementor-section-height-default\" data-id=\"1567686a\" data-element_type=\"section\" data-e-type=\"section\">\n\t\t\t\t\t\t<div class=\"elementor-container elementor-column-gap-default\">\n\t\t\t\t\t<div class=\"elementor-column elementor-col-100 elementor-top-column elementor-element elementor-element-7630f264\" data-id=\"7630f264\" data-element_type=\"column\" data-e-type=\"column\">\n\t\t\t<div class=\"elementor-widget-wrap elementor-element-populated\">\n\t\t\t\t\t\t<div class=\"elementor-element elementor-element-a89c4d4 elementor-widget elementor-widget-button\" data-id=\"a89c4d4\" data-element_type=\"widget\" data-e-type=\"widget\" data-widget_type=\"button.default\">\n\t\t\t\t<div class=\"elementor-widget-container\">\n\t\t\t\t\t\t\t\t\t<div class=\"elementor-button-wrapper\">\n\t\t\t\t\t<a class=\"elementor-button elementor-button-link elementor-size-sm\" href=\"https:\/\/recarprofi.cz\/uvod\/kategorie-produktu\/rozmetadla-komunalni\/\">\n\t\t\t\t\t\t<span class=\"elementor-button-content-wrapper\">\n\t\t\t\t\t\t\t\t\t<span class=\"elementor-button-text\">Vstup do eshopu<\/span>\n\t\t\t\t\t<\/span>\n\t\t\t\t\t<\/a>\n\t\t\t\t<\/div>\n\t\t\t\t\t\t\t\t<\/div>\n\t\t\t\t<\/div>\n\t\t\t\t<div class=\"elementor-element elementor-element-603c07d6 elementor-widget elementor-widget-text-editor\" data-id=\"603c07d6\" data-element_type=\"widget\" data-e-type=\"widget\" data-widget_type=\"text-editor.default\">\n\t\t\t\t<div class=\"elementor-widget-container\">\n\t\t\t\t\t\t\t\t\t<h3 class=\"tw-data-text tw-ta tw-text-small\" dir=\"ltr\" data-placeholder=\"P\u0159eklad\"><span lang=\"cs\"><em><strong>UPR-4.<a href=\"http:\/\/recarprofi.cz\/wp-content\/uploads\/2019\/07\/pomot-upr-4.jpg\"><img fetchpriority=\"high\" decoding=\"async\" class=\"aligncenter wp-image-12768 size-full\" src=\"https:\/\/recarprofi.cz\/wp-content\/uploads\/2019\/07\/pomot-upr-4.jpg\" alt=\"\" width=\"1024\" height=\"682\" srcset=\"https:\/\/recarprofi.cz\/wp-content\/uploads\/2019\/07\/pomot-upr-4.jpg 1024w, https:\/\/recarprofi.cz\/wp-content\/uploads\/2019\/07\/pomot-upr-4-600x400.jpg 600w\" sizes=\"(max-width: 1024px) 100vw, 1024px\" \/><\/a><\/strong><\/em><\/span><\/h3><p><span lang=\"cs\">Rozmetadlo ur\u010deno pro posyp pozemn\u00edch komunikac\u00ed p\u0159ev\u00e1\u017en\u011b sol\u00ed, p\u00edskem a drt\u00ed. \u0158et\u011bzov\u00fd dopravn\u00edk pro p\u0159esnou d\u00e1vku i velmi ztuhl\u00fdch materi\u00e1l\u016f. Objem n\u00e1sypky 4000 l, pohon dopravn\u00edku od ostruhov\u00e9ho kola. Pohon nerezov\u00fdch rozmetac\u00edch kotou\u010d\u016f pomoc\u00ed hydromotoru. Jedna pevn\u00e1, brzd\u011bn\u00e1 n\u00e1prava. Vizu\u00e1ln\u00ed pr\u016fhledy pro kontrolu hladiny posypu. Bleskov\u00e1 zm\u011bna d\u00e1vky, n\u00e1sypka vyrobena z velice kvalitn\u00ed ocele pro dlouhou \u017eivotnost i v agresivn\u00edm prost\u0159ed\u00ed. Hydraulick\u00e9 nastaven\u00ed zah\u00e1jen\u00ed pr\u00e1ce, mo\u017enost nastaven\u00ed 3 rychlost\u00ed posypu.<br \/><\/span><\/p><p dir=\"ltr\" data-placeholder=\"P\u0159eklad\"><em><strong>Technick\u00e9 parametry:<\/strong><\/em><\/p><p dir=\"ltr\" data-placeholder=\"P\u0159eklad\">Nosnost 4000 kg<\/p><p dir=\"ltr\" data-placeholder=\"P\u0159eklad\">\u0160\u00ed\u0159ka dopravn\u00edku 500 mm<\/p><p dir=\"ltr\" data-placeholder=\"P\u0159eklad\">Vlastn\u00ed hmotnost 1500 kg<\/p><p dir=\"ltr\" data-placeholder=\"P\u0159eklad\">Po\u010det n\u00e1prav 1<\/p><p dir=\"ltr\" data-placeholder=\"P\u0159eklad\">Kola 400 R22.5<\/p><p dir=\"ltr\" data-placeholder=\"P\u0159eklad\">Doporu\u010den\u00fd v\u00fdkon traktoru 50 k<\/p><p dir=\"ltr\" data-placeholder=\"P\u0159eklad\">Objem s n\u00e1stavkami 4600 l<\/p><p dir=\"ltr\" data-placeholder=\"P\u0159eklad\"><a href=\"http:\/\/recarprofi.cz\/wp-content\/uploads\/2019\/07\/pomot-upr-41.jpg\"><img decoding=\"async\" class=\"aligncenter wp-image-12769 size-full\" src=\"https:\/\/recarprofi.cz\/wp-content\/uploads\/2019\/07\/pomot-upr-41.jpg\" alt=\"\" width=\"640\" height=\"480\" srcset=\"https:\/\/recarprofi.cz\/wp-content\/uploads\/2019\/07\/pomot-upr-41.jpg 640w, https:\/\/recarprofi.cz\/wp-content\/uploads\/2019\/07\/pomot-upr-41-600x450.jpg 600w, https:\/\/recarprofi.cz\/wp-content\/uploads\/2019\/07\/pomot-upr-41-420x315.jpg 420w\" sizes=\"(max-width: 640px) 100vw, 640px\" \/><\/a><\/p><p dir=\"ltr\" data-placeholder=\"P\u0159eklad\"><a href=\"http:\/\/recarprofi.cz\/wp-content\/uploads\/2019\/07\/pomot-upr-42.jpg\"><img decoding=\"async\" class=\"aligncenter wp-image-12770 size-full\" src=\"https:\/\/recarprofi.cz\/wp-content\/uploads\/2019\/07\/pomot-upr-42.jpg\" alt=\"\" width=\"640\" height=\"480\" srcset=\"https:\/\/recarprofi.cz\/wp-content\/uploads\/2019\/07\/pomot-upr-42.jpg 640w, https:\/\/recarprofi.cz\/wp-content\/uploads\/2019\/07\/pomot-upr-42-600x450.jpg 600w\" sizes=\"(max-width: 640px) 100vw, 640px\" \/><\/a><\/p><p dir=\"ltr\" data-placeholder=\"P\u0159eklad\">\u00a0<\/p>\t\t\t\t\t\t\t\t<\/div>\n\t\t\t\t<\/div>\n\t\t\t\t\t<\/div>\n\t\t<\/div>\n\t\t\t\t\t<\/div>\n\t\t<\/section>\n\t\t\t\t<\/div>\n\t\t","protected":false},"excerpt":{"rendered":"<p>Vstup do eshopu UPR-4. Rozmetadlo ur\u010deno pro posyp pozemn\u00edch komunikac\u00ed p\u0159ev\u00e1\u017en\u011b sol\u00ed, p\u00edskem a drt\u00ed. \u0158et\u011bzov\u00fd dopravn\u00edk pro p\u0159esnou d\u00e1vku i velmi ztuhl\u00fdch materi\u00e1l\u016f. Objem n\u00e1sypky 4000 l, pohon dopravn\u00edku od ostruhov\u00e9ho kola. Pohon nerezov\u00fdch&hellip;<\/p>\n","protected":false},"author":1,"featured_media":0,"parent":6072,"menu_order":8,"comment_status":"closed","ping_status":"closed","template":"","meta":{"footnotes":""},"class_list":["post-11423","page","type-page","status-publish","hentry"],"_links":{"self":[{"href":"https:\/\/recarprofi.cz\/uvod\/wp-json\/wp\/v2\/pages\/11423","targetHints":{"allow":["GET"]}}],"collection":[{"href":"https:\/\/recarprofi.cz\/uvod\/wp-json\/wp\/v2\/pages"}],"about":[{"href":"https:\/\/recarprofi.cz\/uvod\/wp-json\/wp\/v2\/types\/page"}],"author":[{"embeddable":true,"href":"https:\/\/recarprofi.cz\/uvod\/wp-json\/wp\/v2\/users\/1"}],"replies":[{"embeddable":true,"href":"https:\/\/recarprofi.cz\/uvod\/wp-json\/wp\/v2\/comments?post=11423"}],"version-history":[{"count":11,"href":"https:\/\/recarprofi.cz\/uvod\/wp-json\/wp\/v2\/pages\/11423\/revisions"}],"predecessor-version":[{"id":31541,"href":"https:\/\/recarprofi.cz\/uvod\/wp-json\/wp\/v2\/pages\/11423\/revisions\/31541"}],"up":[{"embeddable":true,"href":"https:\/\/recarprofi.cz\/uvod\/wp-json\/wp\/v2\/pages\/6072"}],"wp:attachment":[{"href":"https:\/\/recarprofi.cz\/uvod\/wp-json\/wp\/v2\/media?parent=11423"}],"curies":[{"name":"wp","href":"https:\/\/api.w.org\/{rel}","templated":true}]}}

Rozmetadla tažená

<div data-elementor-type="wp-page" data-elementor-id="11423" class="elementor elementor-11423">
						<section class="elementor-section elementor-top-section elementor-element elementor-element-1567686a elementor-section-boxed elementor-section-height-default elementor-section-height-default" data-id="1567686a" data-element_type="section" data-e-type="section">
						<div class="elementor-container elementor-column-gap-default">
					<div class="elementor-column elementor-col-100 elementor-top-column elementor-element elementor-element-7630f264" data-id="7630f264" data-element_type="column" data-e-type="column">
			<div class="elementor-widget-wrap elementor-element-populated">
						<div class="elementor-element elementor-element-a89c4d4 elementor-widget elementor-widget-button" data-id="a89c4d4" data-element_type="widget" data-e-type="widget" data-widget_type="button.default">
				<div class="elementor-widget-container">
									<div class="elementor-button-wrapper">
					<a class="elementor-button elementor-button-link elementor-size-sm" href="https://recarprofi.cz/uvod/kategorie-produktu/rozmetadla-komunalni/">
						<span class="elementor-button-content-wrapper">
									<span class="elementor-button-text">Vstup do eshopu</span>
					</span>
					</a>
				</div>
								</div>
				</div>
				<div class="elementor-element elementor-element-603c07d6 elementor-widget elementor-widget-text-editor" data-id="603c07d6" data-element_type="widget" data-e-type="widget" data-widget_type="text-editor.default">
				<div class="elementor-widget-container">
									<h3 class="tw-data-text tw-ta tw-text-small" dir="ltr" data-placeholder="Překlad"><span lang="cs"><em><strong>UPR-4.<a href="http://recarprofi.cz/wp-content/uploads/2019/07/pomot-upr-4.jpg"><img fetchpriority="high" decoding="async" class="aligncenter wp-image-12768 size-full" src="https://recarprofi.cz/wp-content/uploads/2019/07/pomot-upr-4.jpg" alt="" width="1024" height="682" srcset="https://recarprofi.cz/wp-content/uploads/2019/07/pomot-upr-4.jpg 1024w, https://recarprofi.cz/wp-content/uploads/2019/07/pomot-upr-4-600x400.jpg 600w" sizes="(max-width: 1024px) 100vw, 1024px" /></a></strong></em></span></h3><p><span lang="cs">Rozmetadlo určeno pro posyp pozemních komunikací převážně solí, pískem a drtí. Řetězový dopravník pro přesnou dávku i velmi ztuhlých materiálů. Objem násypky 4000 l, pohon dopravníku od ostruhového kola. Pohon nerezových rozmetacích kotoučů pomocí hydromotoru. Jedna pevná, brzděná náprava. Vizuální průhledy pro kontrolu hladiny posypu. Blesková změna dávky, násypka vyrobena z velice kvalitní ocele pro dlouhou životnost i v agresivním prostředí. Hydraulické nastavení zahájení práce, možnost nastavení 3 rychlostí posypu.<br /></span></p><p dir="ltr" data-placeholder="Překlad"><em><strong>Technické parametry:</strong></em></p><p dir="ltr" data-placeholder="Překlad">Nosnost 4000 kg</p><p dir="ltr" data-placeholder="Překlad">Šířka dopravníku 500 mm</p><p dir="ltr" data-placeholder="Překlad">Vlastní hmotnost 1500 kg</p><p dir="ltr" data-placeholder="Překlad">Počet náprav 1</p><p dir="ltr" data-placeholder="Překlad">Kola 400 R22.5</p><p dir="ltr" data-placeholder="Překlad">Doporučený výkon traktoru 50 k</p><p dir="ltr" data-placeholder="Překlad">Objem s nástavkami 4600 l</p><p dir="ltr" data-placeholder="Překlad"><a href="http://recarprofi.cz/wp-content/uploads/2019/07/pomot-upr-41.jpg"><img decoding="async" class="aligncenter wp-image-12769 size-full" src="https://recarprofi.cz/wp-content/uploads/2019/07/pomot-upr-41.jpg" alt="" width="640" height="480" srcset="https://recarprofi.cz/wp-content/uploads/2019/07/pomot-upr-41.jpg 640w, https://recarprofi.cz/wp-content/uploads/2019/07/pomot-upr-41-600x450.jpg 600w, https://recarprofi.cz/wp-content/uploads/2019/07/pomot-upr-41-420x315.jpg 420w" sizes="(max-width: 640px) 100vw, 640px" /></a></p><p dir="ltr" data-placeholder="Překlad"><a href="http://recarprofi.cz/wp-content/uploads/2019/07/pomot-upr-42.jpg"><img decoding="async" class="aligncenter wp-image-12770 size-full" src="https://recarprofi.cz/wp-content/uploads/2019/07/pomot-upr-42.jpg" alt="" width="640" height="480" srcset="https://recarprofi.cz/wp-content/uploads/2019/07/pomot-upr-42.jpg 640w, https://recarprofi.cz/wp-content/uploads/2019/07/pomot-upr-42-600x450.jpg 600w" sizes="(max-width: 640px) 100vw, 640px" /></a></p><p dir="ltr" data-placeholder="Překlad"> </p>								</div>
				</div>
					</div>
		</div>
					</div>
		</section>
				</div>

<p>Vstup do eshopu UPR-4. Rozmetadlo určeno pro posyp pozemních komunikací převážně solí, pískem a drtí. Řetězový dopravník pro přesnou dávku i velmi ztuhlých materiálů. Objem násypky 4000 l, pohon dopravníku od ostruhového kola. Pohon nerezových&hellip;</p>
