{"id":11600,"date":"2019-03-05T15:12:27","date_gmt":"2019-03-05T14:12:27","guid":{"rendered":"http:\/\/recarprofi.cz\/?page_id=11600"},"modified":"2024-04-25T08:09:30","modified_gmt":"2024-04-25T06:09:30","slug":"t-104-4","status":"publish","type":"page","link":"https:\/\/recarprofi.cz\/uvod\/zemedelska-technika\/doprava\/privesy-cynkomet\/t-104-4\/","title":{"rendered":"P\u0159\u00edv\u011bs Cynkomet T-104\/4"},"content":{"rendered":"\t\t<div data-elementor-type=\"wp-page\" data-elementor-id=\"11600\" class=\"elementor elementor-11600\">\n\t\t\t\t\t\t<section class=\"elementor-section elementor-top-section elementor-element elementor-element-4a7489dd elementor-section-boxed elementor-section-height-default elementor-section-height-default\" data-id=\"4a7489dd\" data-element_type=\"section\" data-e-type=\"section\">\n\t\t\t\t\t\t<div class=\"elementor-container elementor-column-gap-default\">\n\t\t\t\t\t<div class=\"elementor-column elementor-col-100 elementor-top-column elementor-element elementor-element-6aa02133\" data-id=\"6aa02133\" data-element_type=\"column\" data-e-type=\"column\">\n\t\t\t<div class=\"elementor-widget-wrap elementor-element-populated\">\n\t\t\t\t\t\t<div class=\"elementor-element elementor-element-2665f4a6 elementor-widget elementor-widget-text-editor\" data-id=\"2665f4a6\" data-element_type=\"widget\" data-e-type=\"widget\" data-widget_type=\"text-editor.default\">\n\t\t\t\t<div class=\"elementor-widget-container\">\n\t\t\t\t\t\t\t\t\t<p><a href=\"http:\/\/recarprofi.cz\/wp-content\/uploads\/2019\/03\/cynkomet-t108.jpg\"><img fetchpriority=\"high\" decoding=\"async\" class=\"aligncenter wp-image-11569 size-full\" src=\"https:\/\/recarprofi.cz\/wp-content\/uploads\/2019\/03\/cynkomet-t108.jpg\" alt=\"\" width=\"1000\" height=\"667\" srcset=\"https:\/\/recarprofi.cz\/wp-content\/uploads\/2019\/03\/cynkomet-t108.jpg 1000w, https:\/\/recarprofi.cz\/wp-content\/uploads\/2019\/03\/cynkomet-t108-600x400.jpg 600w, https:\/\/recarprofi.cz\/wp-content\/uploads\/2019\/03\/cynkomet-t108-420x280.jpg 420w, https:\/\/recarprofi.cz\/wp-content\/uploads\/2019\/03\/cynkomet-t108-744x496.jpg 744w, https:\/\/recarprofi.cz\/wp-content\/uploads\/2019\/03\/cynkomet-t108-768x512.jpg 768w\" sizes=\"(max-width: 1000px) 100vw, 1000px\" \/><\/a><\/p><p>Traktorov\u00fd p\u0159\u00edv\u011bs CYNKOMET T 104\/4 m\u00e1 t\u0159\u00edstrann\u011b sklopnou korbu. P\u0159\u00edv\u011bs m\u00e1 nosnost 8 tun. \u017d\u00e1rov\u011b pozinkovan\u00e9 bo\u010dnice, oto\u010dn\u00e9 oje a r\u00e1m. Podlaha o tlou\u0161\u0165ce 4 mm je opat\u0159ena povrchov\u00fdm n\u00e1t\u011brem. Oj typu &#8222;Y&#8220; s pevn\u00fdm okem 40 mm. Centr\u00e1ln\u00ed ji\u0161t\u011bn\u00ed bo\u010dnic. Zadn\u00ed bo\u010dnice je vybavena v\u00fdsypn\u00fdm ok\u00e9nkem. \u017deb\u0159\u00edk a vnit\u0159n\u00ed n\u00e1\u0161lapy umo\u017e\u0148uj\u00edc\u00ed vstup do korby. Zakl\u00e1dac\u00ed kl\u00edny kol. Kola 400\/60 &#8211; 15,5 14PR.<\/p><p><strong>Technick\u00e9 parametry:<\/strong><\/p><ul><li>V\u00fd\u0161ka bo\u010dnice 500 mm<\/li><li>2 hadicov\u00e9 pneumatick\u00e9 brzdy<\/li><li>Elektrick\u00e1 instalace 12 V s osv\u011btlen\u00edm<\/li><li>Mechanick\u00e1 ru\u010dn\u00ed brzda<\/li><li>Zadn\u00ed v\u00fdvody hydrauliky a pneumatiky<\/li><li>Zadn\u00ed sesyp<\/li><li>Zadn\u00ed mechanick\u00fd z\u00e1v\u011bs<\/li><li>N\u00e1pravy ADR odpru\u017een\u00e9 listov\u00fdmi pery<\/li><\/ul><ul><li>Nosnost 8000 kg<\/li><li>Vlastn\u00ed hmotnost 2590 kg<\/li><li>D\u00e9lka \u00a06400 mm<\/li><li>\u0160\u00ed\u0159ka \u00a0\u00a02450 mm<\/li><li>V\u00fd\u0161ka \u00a01720\/2220 mm<\/li><li>Rozm\u011bry sk\u0159\u00edn\u011b \u00a04420 x 2220 x 500\/1000 mm<\/li><li>Objem sk\u0159\u00edn\u011b \u00a010 m3<\/li><li>V\u00fd\u0161ka n\u00e1kladov\u00e9 plochy od podlo\u017e\u00ed \u00a01190 mm<\/li><li>Rozchod kol \u00a01700 mm<\/li><li>Rychlost transportn\u00ed \u00a0\u00a030 km<\/li><\/ul><ul><li>Kola 400\/60 &#8211; 15,5 14PR<\/li><\/ul><p><a href=\"http:\/\/recarprofi.cz\/wp-content\/uploads\/2019\/03\/cynkomet-t104.41.jpg\"><img decoding=\"async\" class=\"aligncenter wp-image-11601 size-full\" src=\"https:\/\/recarprofi.cz\/wp-content\/uploads\/2019\/03\/cynkomet-t104.41.jpg\" alt=\"\" width=\"1000\" height=\"667\" srcset=\"https:\/\/recarprofi.cz\/wp-content\/uploads\/2019\/03\/cynkomet-t104.41.jpg 1000w, https:\/\/recarprofi.cz\/wp-content\/uploads\/2019\/03\/cynkomet-t104.41-600x400.jpg 600w, https:\/\/recarprofi.cz\/wp-content\/uploads\/2019\/03\/cynkomet-t104.41-420x280.jpg 420w, https:\/\/recarprofi.cz\/wp-content\/uploads\/2019\/03\/cynkomet-t104.41-744x496.jpg 744w, https:\/\/recarprofi.cz\/wp-content\/uploads\/2019\/03\/cynkomet-t104.41-768x512.jpg 768w\" sizes=\"(max-width: 1000px) 100vw, 1000px\" \/><\/a><\/p>\t\t\t\t\t\t\t\t<\/div>\n\t\t\t\t<\/div>\n\t\t\t\t\t<\/div>\n\t\t<\/div>\n\t\t\t\t\t<\/div>\n\t\t<\/section>\n\t\t\t\t<\/div>\n\t\t","protected":false},"excerpt":{"rendered":"<p>Traktorov\u00fd p\u0159\u00edv\u011bs CYNKOMET T 104\/4 m\u00e1 t\u0159\u00edstrann\u011b sklopnou korbu. P\u0159\u00edv\u011bs m\u00e1 nosnost 8 tun. \u017d\u00e1rov\u011b pozinkovan\u00e9 bo\u010dnice, oto\u010dn\u00e9 oje a r\u00e1m. Podlaha o tlou\u0161\u0165ce 4 mm je opat\u0159ena povrchov\u00fdm n\u00e1t\u011brem. Oj typu &#8222;Y&#8220; s pevn\u00fdm&hellip;<\/p>\n","protected":false},"author":1,"featured_media":0,"parent":11571,"menu_order":3,"comment_status":"closed","ping_status":"closed","template":"","meta":{"footnotes":""},"class_list":["post-11600","page","type-page","status-publish","hentry"],"_links":{"self":[{"href":"https:\/\/recarprofi.cz\/uvod\/wp-json\/wp\/v2\/pages\/11600","targetHints":{"allow":["GET"]}}],"collection":[{"href":"https:\/\/recarprofi.cz\/uvod\/wp-json\/wp\/v2\/pages"}],"about":[{"href":"https:\/\/recarprofi.cz\/uvod\/wp-json\/wp\/v2\/types\/page"}],"author":[{"embeddable":true,"href":"https:\/\/recarprofi.cz\/uvod\/wp-json\/wp\/v2\/users\/1"}],"replies":[{"embeddable":true,"href":"https:\/\/recarprofi.cz\/uvod\/wp-json\/wp\/v2\/comments?post=11600"}],"version-history":[{"count":4,"href":"https:\/\/recarprofi.cz\/uvod\/wp-json\/wp\/v2\/pages\/11600\/revisions"}],"predecessor-version":[{"id":20885,"href":"https:\/\/recarprofi.cz\/uvod\/wp-json\/wp\/v2\/pages\/11600\/revisions\/20885"}],"up":[{"embeddable":true,"href":"https:\/\/recarprofi.cz\/uvod\/wp-json\/wp\/v2\/pages\/11571"}],"wp:attachment":[{"href":"https:\/\/recarprofi.cz\/uvod\/wp-json\/wp\/v2\/media?parent=11600"}],"curies":[{"name":"wp","href":"https:\/\/api.w.org\/{rel}","templated":true}]}}

Přívěs Cynkomet T-104/4

<div data-elementor-type="wp-page" data-elementor-id="11600" class="elementor elementor-11600">
						<section class="elementor-section elementor-top-section elementor-element elementor-element-4a7489dd elementor-section-boxed elementor-section-height-default elementor-section-height-default" data-id="4a7489dd" data-element_type="section" data-e-type="section">
						<div class="elementor-container elementor-column-gap-default">
					<div class="elementor-column elementor-col-100 elementor-top-column elementor-element elementor-element-6aa02133" data-id="6aa02133" data-element_type="column" data-e-type="column">
			<div class="elementor-widget-wrap elementor-element-populated">
						<div class="elementor-element elementor-element-2665f4a6 elementor-widget elementor-widget-text-editor" data-id="2665f4a6" data-element_type="widget" data-e-type="widget" data-widget_type="text-editor.default">
				<div class="elementor-widget-container">
									<p><a href="http://recarprofi.cz/wp-content/uploads/2019/03/cynkomet-t108.jpg"><img fetchpriority="high" decoding="async" class="aligncenter wp-image-11569 size-full" src="https://recarprofi.cz/wp-content/uploads/2019/03/cynkomet-t108.jpg" alt="" width="1000" height="667" srcset="https://recarprofi.cz/wp-content/uploads/2019/03/cynkomet-t108.jpg 1000w, https://recarprofi.cz/wp-content/uploads/2019/03/cynkomet-t108-600x400.jpg 600w, https://recarprofi.cz/wp-content/uploads/2019/03/cynkomet-t108-420x280.jpg 420w, https://recarprofi.cz/wp-content/uploads/2019/03/cynkomet-t108-744x496.jpg 744w, https://recarprofi.cz/wp-content/uploads/2019/03/cynkomet-t108-768x512.jpg 768w" sizes="(max-width: 1000px) 100vw, 1000px" /></a></p><p>Traktorový přívěs CYNKOMET T 104/4 má třístranně sklopnou korbu. Přívěs má nosnost 8 tun. Žárově pozinkované bočnice, otočné oje a rám. Podlaha o tloušťce 4 mm je opatřena povrchovým nátěrem. Oj typu &#8222;Y&#8220; s pevným okem 40 mm. Centrální jištění bočnic. Zadní bočnice je vybavena výsypným okénkem. Žebřík a vnitřní nášlapy umožňující vstup do korby. Zakládací klíny kol. Kola 400/60 &#8211; 15,5 14PR.</p><p><strong>Technické parametry:</strong></p><ul><li>Výška bočnice 500 mm</li><li>2 hadicové pneumatické brzdy</li><li>Elektrická instalace 12 V s osvětlením</li><li>Mechanická ruční brzda</li><li>Zadní vývody hydrauliky a pneumatiky</li><li>Zadní sesyp</li><li>Zadní mechanický závěs</li><li>Nápravy ADR odpružené listovými pery</li></ul><ul><li>Nosnost 8000 kg</li><li>Vlastní hmotnost 2590 kg</li><li>Délka  6400 mm</li><li>Šířka   2450 mm</li><li>Výška  1720/2220 mm</li><li>Rozměry skříně  4420 x 2220 x 500/1000 mm</li><li>Objem skříně  10 m3</li><li>Výška nákladové plochy od podloží  1190 mm</li><li>Rozchod kol  1700 mm</li><li>Rychlost transportní   30 km</li></ul><ul><li>Kola 400/60 &#8211; 15,5 14PR</li></ul><p><a href="http://recarprofi.cz/wp-content/uploads/2019/03/cynkomet-t104.41.jpg"><img decoding="async" class="aligncenter wp-image-11601 size-full" src="https://recarprofi.cz/wp-content/uploads/2019/03/cynkomet-t104.41.jpg" alt="" width="1000" height="667" srcset="https://recarprofi.cz/wp-content/uploads/2019/03/cynkomet-t104.41.jpg 1000w, https://recarprofi.cz/wp-content/uploads/2019/03/cynkomet-t104.41-600x400.jpg 600w, https://recarprofi.cz/wp-content/uploads/2019/03/cynkomet-t104.41-420x280.jpg 420w, https://recarprofi.cz/wp-content/uploads/2019/03/cynkomet-t104.41-744x496.jpg 744w, https://recarprofi.cz/wp-content/uploads/2019/03/cynkomet-t104.41-768x512.jpg 768w" sizes="(max-width: 1000px) 100vw, 1000px" /></a></p>								</div>
				</div>
					</div>
		</div>
					</div>
		</section>
				</div>

<p>Traktorový přívěs CYNKOMET T 104/4 má třístranně sklopnou korbu. Přívěs má nosnost 8 tun. Žárově pozinkované bočnice, otočné oje a rám. Podlaha o tloušťce 4 mm je opatřena povrchovým nátěrem. Oj typu &#8222;Y&#8220; s pevným&hellip;</p>
