{"id":11609,"date":"2019-03-05T15:38:32","date_gmt":"2019-03-05T14:38:32","guid":{"rendered":"http:\/\/recarprofi.cz\/?page_id=11609"},"modified":"2024-04-25T08:11:44","modified_gmt":"2024-04-25T06:11:44","slug":"t-104-6","status":"publish","type":"page","link":"https:\/\/recarprofi.cz\/uvod\/zemedelska-technika\/doprava\/privesy-cynkomet\/t-104-6\/","title":{"rendered":"P\u0159iv\u011bs Cynkomet T-104\/6"},"content":{"rendered":"\t\t<div data-elementor-type=\"wp-page\" data-elementor-id=\"11609\" class=\"elementor elementor-11609\">\n\t\t\t\t\t\t<section class=\"elementor-section elementor-top-section elementor-element elementor-element-4b848f3e elementor-section-boxed elementor-section-height-default elementor-section-height-default\" data-id=\"4b848f3e\" data-element_type=\"section\" data-e-type=\"section\">\n\t\t\t\t\t\t<div class=\"elementor-container elementor-column-gap-default\">\n\t\t\t\t\t<div class=\"elementor-column elementor-col-100 elementor-top-column elementor-element elementor-element-6aab7392\" data-id=\"6aab7392\" data-element_type=\"column\" data-e-type=\"column\">\n\t\t\t<div class=\"elementor-widget-wrap elementor-element-populated\">\n\t\t\t\t\t\t<div class=\"elementor-element elementor-element-bf60f26 elementor-widget elementor-widget-text-editor\" data-id=\"bf60f26\" data-element_type=\"widget\" data-e-type=\"widget\" data-widget_type=\"text-editor.default\">\n\t\t\t\t<div class=\"elementor-widget-container\">\n\t\t\t\t\t\t\t\t\t<p><a href=\"http:\/\/recarprofi.cz\/wp-content\/uploads\/2019\/03\/cynkomet-t104.6.png\"><img fetchpriority=\"high\" decoding=\"async\" class=\"aligncenter wp-image-11576 size-full\" src=\"https:\/\/recarprofi.cz\/wp-content\/uploads\/2019\/03\/cynkomet-t104.6.png\" alt=\"\" width=\"800\" height=\"453\" srcset=\"https:\/\/recarprofi.cz\/wp-content\/uploads\/2019\/03\/cynkomet-t104.6.png 800w, https:\/\/recarprofi.cz\/wp-content\/uploads\/2019\/03\/cynkomet-t104.6-600x340.png 600w, https:\/\/recarprofi.cz\/wp-content\/uploads\/2019\/03\/cynkomet-t104.6-420x238.png 420w, https:\/\/recarprofi.cz\/wp-content\/uploads\/2019\/03\/cynkomet-t104.6-744x421.png 744w, https:\/\/recarprofi.cz\/wp-content\/uploads\/2019\/03\/cynkomet-t104.6-768x435.png 768w\" sizes=\"(max-width: 800px) 100vw, 800px\" \/><\/a><\/p><p>Traktorov\u00fd p\u0159\u00edv\u011bs CYNKOMET T 104\/6 m\u00e1 t\u0159\u00edstrann\u011b sklopnou korbu. P\u0159\u00edv\u011bs m\u00e1 nosnost 10 tun. \u017d\u00e1rov\u011b pozinkovan\u00e9 bo\u010dnice, oto\u010dn\u00e9 oje a r\u00e1m. Podlaha o tlou\u0161\u0165ce 4 mm je opat\u0159ena povrchov\u00fdm n\u00e1t\u011brem. Oj typu &#8222;Y&#8220; s pevn\u00fdm okem 40 mm. Centr\u00e1ln\u00ed ji\u0161t\u011bn\u00ed bo\u010dnic. Zadn\u00ed bo\u010dnice je vybavena v\u00fdsypn\u00fdm ok\u00e9nkem. \u017deb\u0159\u00edk a vnit\u0159n\u00ed n\u00e1\u0161lapy umo\u017e\u0148uj\u00edc\u00ed vstup do korby.<\/p><p><strong>Technick\u00e9 parametry:<\/strong><\/p><table><tbody><tr><td>Nosnost<\/td><td>10.000 kg<\/td><\/tr><tr><td>Vlastn\u00ed hmotnost<\/td><td>3.620 kg<\/td><\/tr><tr><td>Objem sk\u0159\u00edn\u011b<\/td><td>6,5 \/ 13 m3<\/td><\/tr><tr><td>Lo\u017en\u00e1 plocha<\/td><td>10,8m\u00b2<\/td><\/tr><tr><td>Celkov\u00e9 rozm\u011bry (dx\u0161xv]<\/td><td>6285\/2550\/2670 mm<\/td><\/tr><tr><td>Rozm\u011bry korby<\/td><td>4510\/2415\/600-1200 mm<\/td><\/tr><tr><td>V\u00fd\u0161ka podlahy od zem\u011b<\/td><td>1435mm<\/td><\/tr><tr><td>Doporu\u010den\u00fd v\u00fdkon traktoru<\/td><td>80 k<\/td><\/tr><tr><td>Maxim\u00e1ln\u00ed rychlost<\/td><td>40 km\/h<\/td><\/tr><tr><td>Kola<\/td><td>385\/65R22,5<\/td><\/tr><tr><td>Rozchod kol<\/td><td>1800 mm<\/td><\/tr><tr><td>Rozvor os<\/td><td>3500 mm<\/td><\/tr><\/tbody><\/table><p><a href=\"http:\/\/recarprofi.cz\/wp-content\/uploads\/2019\/03\/cynkomet-t104.62.jpg\"><img decoding=\"async\" class=\"aligncenter wp-image-11611 size-full\" src=\"https:\/\/recarprofi.cz\/wp-content\/uploads\/2019\/03\/cynkomet-t104.62.jpg\" alt=\"\" width=\"1000\" height=\"667\" srcset=\"https:\/\/recarprofi.cz\/wp-content\/uploads\/2019\/03\/cynkomet-t104.62.jpg 1000w, https:\/\/recarprofi.cz\/wp-content\/uploads\/2019\/03\/cynkomet-t104.62-600x400.jpg 600w, https:\/\/recarprofi.cz\/wp-content\/uploads\/2019\/03\/cynkomet-t104.62-420x280.jpg 420w, https:\/\/recarprofi.cz\/wp-content\/uploads\/2019\/03\/cynkomet-t104.62-744x496.jpg 744w, https:\/\/recarprofi.cz\/wp-content\/uploads\/2019\/03\/cynkomet-t104.62-768x512.jpg 768w\" sizes=\"(max-width: 1000px) 100vw, 1000px\" \/><\/a><\/p>\t\t\t\t\t\t\t\t<\/div>\n\t\t\t\t<\/div>\n\t\t\t\t\t<\/div>\n\t\t<\/div>\n\t\t\t\t\t<\/div>\n\t\t<\/section>\n\t\t\t\t<\/div>\n\t\t","protected":false},"excerpt":{"rendered":"<p>Traktorov\u00fd p\u0159\u00edv\u011bs CYNKOMET T 104\/6 m\u00e1 t\u0159\u00edstrann\u011b sklopnou korbu. P\u0159\u00edv\u011bs m\u00e1 nosnost 10 tun. \u017d\u00e1rov\u011b pozinkovan\u00e9 bo\u010dnice, oto\u010dn\u00e9 oje a r\u00e1m. Podlaha o tlou\u0161\u0165ce 4 mm je opat\u0159ena povrchov\u00fdm n\u00e1t\u011brem. Oj typu &#8222;Y&#8220; s pevn\u00fdm&hellip;<\/p>\n","protected":false},"author":1,"featured_media":0,"parent":11571,"menu_order":5,"comment_status":"closed","ping_status":"closed","template":"","meta":{"footnotes":""},"class_list":["post-11609","page","type-page","status-publish","hentry"],"_links":{"self":[{"href":"https:\/\/recarprofi.cz\/uvod\/wp-json\/wp\/v2\/pages\/11609","targetHints":{"allow":["GET"]}}],"collection":[{"href":"https:\/\/recarprofi.cz\/uvod\/wp-json\/wp\/v2\/pages"}],"about":[{"href":"https:\/\/recarprofi.cz\/uvod\/wp-json\/wp\/v2\/types\/page"}],"author":[{"embeddable":true,"href":"https:\/\/recarprofi.cz\/uvod\/wp-json\/wp\/v2\/users\/1"}],"replies":[{"embeddable":true,"href":"https:\/\/recarprofi.cz\/uvod\/wp-json\/wp\/v2\/comments?post=11609"}],"version-history":[{"count":5,"href":"https:\/\/recarprofi.cz\/uvod\/wp-json\/wp\/v2\/pages\/11609\/revisions"}],"predecessor-version":[{"id":21705,"href":"https:\/\/recarprofi.cz\/uvod\/wp-json\/wp\/v2\/pages\/11609\/revisions\/21705"}],"up":[{"embeddable":true,"href":"https:\/\/recarprofi.cz\/uvod\/wp-json\/wp\/v2\/pages\/11571"}],"wp:attachment":[{"href":"https:\/\/recarprofi.cz\/uvod\/wp-json\/wp\/v2\/media?parent=11609"}],"curies":[{"name":"wp","href":"https:\/\/api.w.org\/{rel}","templated":true}]}}

Přivěs Cynkomet T-104/6

<div data-elementor-type="wp-page" data-elementor-id="11609" class="elementor elementor-11609">
						<section class="elementor-section elementor-top-section elementor-element elementor-element-4b848f3e elementor-section-boxed elementor-section-height-default elementor-section-height-default" data-id="4b848f3e" data-element_type="section" data-e-type="section">
						<div class="elementor-container elementor-column-gap-default">
					<div class="elementor-column elementor-col-100 elementor-top-column elementor-element elementor-element-6aab7392" data-id="6aab7392" data-element_type="column" data-e-type="column">
			<div class="elementor-widget-wrap elementor-element-populated">
						<div class="elementor-element elementor-element-bf60f26 elementor-widget elementor-widget-text-editor" data-id="bf60f26" data-element_type="widget" data-e-type="widget" data-widget_type="text-editor.default">
				<div class="elementor-widget-container">
									<p><a href="http://recarprofi.cz/wp-content/uploads/2019/03/cynkomet-t104.6.png"><img fetchpriority="high" decoding="async" class="aligncenter wp-image-11576 size-full" src="https://recarprofi.cz/wp-content/uploads/2019/03/cynkomet-t104.6.png" alt="" width="800" height="453" srcset="https://recarprofi.cz/wp-content/uploads/2019/03/cynkomet-t104.6.png 800w, https://recarprofi.cz/wp-content/uploads/2019/03/cynkomet-t104.6-600x340.png 600w, https://recarprofi.cz/wp-content/uploads/2019/03/cynkomet-t104.6-420x238.png 420w, https://recarprofi.cz/wp-content/uploads/2019/03/cynkomet-t104.6-744x421.png 744w, https://recarprofi.cz/wp-content/uploads/2019/03/cynkomet-t104.6-768x435.png 768w" sizes="(max-width: 800px) 100vw, 800px" /></a></p><p>Traktorový přívěs CYNKOMET T 104/6 má třístranně sklopnou korbu. Přívěs má nosnost 10 tun. Žárově pozinkované bočnice, otočné oje a rám. Podlaha o tloušťce 4 mm je opatřena povrchovým nátěrem. Oj typu &#8222;Y&#8220; s pevným okem 40 mm. Centrální jištění bočnic. Zadní bočnice je vybavena výsypným okénkem. Žebřík a vnitřní nášlapy umožňující vstup do korby.</p><p><strong>Technické parametry:</strong></p><table><tbody><tr><td>Nosnost</td><td>10.000 kg</td></tr><tr><td>Vlastní hmotnost</td><td>3.620 kg</td></tr><tr><td>Objem skříně</td><td>6,5 / 13 m3</td></tr><tr><td>Ložná plocha</td><td>10,8m²</td></tr><tr><td>Celkové rozměry (dxšxv]</td><td>6285/2550/2670 mm</td></tr><tr><td>Rozměry korby</td><td>4510/2415/600-1200 mm</td></tr><tr><td>Výška podlahy od země</td><td>1435mm</td></tr><tr><td>Doporučený výkon traktoru</td><td>80 k</td></tr><tr><td>Maximální rychlost</td><td>40 km/h</td></tr><tr><td>Kola</td><td>385/65R22,5</td></tr><tr><td>Rozchod kol</td><td>1800 mm</td></tr><tr><td>Rozvor os</td><td>3500 mm</td></tr></tbody></table><p><a href="http://recarprofi.cz/wp-content/uploads/2019/03/cynkomet-t104.62.jpg"><img decoding="async" class="aligncenter wp-image-11611 size-full" src="https://recarprofi.cz/wp-content/uploads/2019/03/cynkomet-t104.62.jpg" alt="" width="1000" height="667" srcset="https://recarprofi.cz/wp-content/uploads/2019/03/cynkomet-t104.62.jpg 1000w, https://recarprofi.cz/wp-content/uploads/2019/03/cynkomet-t104.62-600x400.jpg 600w, https://recarprofi.cz/wp-content/uploads/2019/03/cynkomet-t104.62-420x280.jpg 420w, https://recarprofi.cz/wp-content/uploads/2019/03/cynkomet-t104.62-744x496.jpg 744w, https://recarprofi.cz/wp-content/uploads/2019/03/cynkomet-t104.62-768x512.jpg 768w" sizes="(max-width: 1000px) 100vw, 1000px" /></a></p>								</div>
				</div>
					</div>
		</div>
					</div>
		</section>
				</div>

<p>Traktorový přívěs CYNKOMET T 104/6 má třístranně sklopnou korbu. Přívěs má nosnost 10 tun. Žárově pozinkované bočnice, otočné oje a rám. Podlaha o tloušťce 4 mm je opatřena povrchovým nátěrem. Oj typu &#8222;Y&#8220; s pevným&hellip;</p>
