{"id":11780,"date":"2019-03-26T11:15:50","date_gmt":"2019-03-26T10:15:50","guid":{"rendered":"http:\/\/recarprofi.cz\/?page_id=11780"},"modified":"2024-04-26T10:03:46","modified_gmt":"2024-04-26T08:03:46","slug":"unia-fm-2","status":"publish","type":"page","link":"https:\/\/recarprofi.cz\/uvod\/zemedelska-technika\/puda\/seci-stroje\/unia-fm-2\/","title":{"rendered":"Mechanick\u00e9 sec\u00ed kombinace Unia FM"},"content":{"rendered":"\t\t<div data-elementor-type=\"wp-page\" data-elementor-id=\"11780\" class=\"elementor elementor-11780\">\n\t\t\t\t\t\t<section class=\"elementor-section elementor-top-section elementor-element elementor-element-d54d275 elementor-section-boxed elementor-section-height-default elementor-section-height-default\" data-id=\"d54d275\" data-element_type=\"section\" data-e-type=\"section\">\n\t\t\t\t\t\t<div class=\"elementor-container elementor-column-gap-default\">\n\t\t\t\t\t<div class=\"elementor-column elementor-col-100 elementor-top-column elementor-element elementor-element-55595f8\" data-id=\"55595f8\" data-element_type=\"column\" data-e-type=\"column\">\n\t\t\t<div class=\"elementor-widget-wrap elementor-element-populated\">\n\t\t\t\t\t\t<div class=\"elementor-element elementor-element-dfd30ab elementor-position-left elementor-vertical-align-top elementor-widget elementor-widget-image-box\" data-id=\"dfd30ab\" data-element_type=\"widget\" data-e-type=\"widget\" data-widget_type=\"image-box.default\">\n\t\t\t\t<div class=\"elementor-widget-container\">\n\t\t\t\t\t<div class=\"elementor-image-box-wrapper\"><figure class=\"elementor-image-box-img\"><a href=\"https:\/\/recarprofi.cz\/uvod\/zemedelska-technika\/puda\/seci-stroje\/unia-fm-2\/mechanicka-seci-kombinace-unia-fm-400-3d\/\" tabindex=\"-1\"><img fetchpriority=\"high\" decoding=\"async\" width=\"1920\" height=\"1280\" src=\"https:\/\/recarprofi.cz\/wp-content\/uploads\/2019\/03\/unia-fm-400-1.jpg\" class=\"attachment-full size-full wp-image-11783\" alt=\"\" srcset=\"https:\/\/recarprofi.cz\/wp-content\/uploads\/2019\/03\/unia-fm-400-1.jpg 1920w, https:\/\/recarprofi.cz\/wp-content\/uploads\/2019\/03\/unia-fm-400-1-600x400.jpg 600w, https:\/\/recarprofi.cz\/wp-content\/uploads\/2019\/03\/unia-fm-400-1-420x280.jpg 420w, https:\/\/recarprofi.cz\/wp-content\/uploads\/2019\/03\/unia-fm-400-1-744x496.jpg 744w, https:\/\/recarprofi.cz\/wp-content\/uploads\/2019\/03\/unia-fm-400-1-768x512.jpg 768w, https:\/\/recarprofi.cz\/wp-content\/uploads\/2019\/03\/unia-fm-400-1-1200x800.jpg 1200w\" sizes=\"(max-width: 1920px) 100vw, 1920px\" \/><\/a><\/figure><div class=\"elementor-image-box-content\"><h3 class=\"elementor-image-box-title\"><a href=\"https:\/\/recarprofi.cz\/uvod\/zemedelska-technika\/puda\/seci-stroje\/unia-fm-2\/mechanicka-seci-kombinace-unia-fm-400-3d\/\">Mechanick\u00e1 sec\u00ed kombinace Unia FM 400\/3D<\/a><\/h3><p class=\"elementor-image-box-description\">Pracovn\u00ed z\u00e1b\u011br 3m. Z\u00e1sobn\u00edk 400 L.<\/p><\/div><\/div>\t\t\t\t<\/div>\n\t\t\t\t<\/div>\n\t\t\t\t\t<\/div>\n\t\t<\/div>\n\t\t\t\t\t<\/div>\n\t\t<\/section>\n\t\t\t\t<section class=\"elementor-section elementor-top-section elementor-element elementor-element-3ca4136 elementor-section-boxed elementor-section-height-default elementor-section-height-default\" data-id=\"3ca4136\" data-element_type=\"section\" data-e-type=\"section\">\n\t\t\t\t\t\t<div class=\"elementor-container elementor-column-gap-default\">\n\t\t\t\t\t<div class=\"elementor-column elementor-col-100 elementor-top-column elementor-element elementor-element-48f8658\" data-id=\"48f8658\" data-element_type=\"column\" data-e-type=\"column\">\n\t\t\t<div class=\"elementor-widget-wrap elementor-element-populated\">\n\t\t\t\t\t\t<div class=\"elementor-element elementor-element-a65687a elementor-position-left elementor-vertical-align-top elementor-widget elementor-widget-image-box\" data-id=\"a65687a\" data-element_type=\"widget\" data-e-type=\"widget\" data-widget_type=\"image-box.default\">\n\t\t\t\t<div class=\"elementor-widget-container\">\n\t\t\t\t\t<div class=\"elementor-image-box-wrapper\"><figure class=\"elementor-image-box-img\"><a href=\"https:\/\/recarprofi.cz\/uvod\/zemedelska-technika\/puda\/seci-stroje\/unia-fm-2\/mechanicka-seci-kombinace-unia-fm-700-3d\/\" tabindex=\"-1\"><img decoding=\"async\" width=\"800\" height=\"450\" src=\"https:\/\/recarprofi.cz\/wp-content\/uploads\/2019\/03\/unia-fm-1.jpg\" class=\"attachment-full size-full wp-image-11795\" alt=\"\" srcset=\"https:\/\/recarprofi.cz\/wp-content\/uploads\/2019\/03\/unia-fm-1.jpg 800w, https:\/\/recarprofi.cz\/wp-content\/uploads\/2019\/03\/unia-fm-1-600x338.jpg 600w, https:\/\/recarprofi.cz\/wp-content\/uploads\/2019\/03\/unia-fm-1-420x236.jpg 420w, https:\/\/recarprofi.cz\/wp-content\/uploads\/2019\/03\/unia-fm-1-744x419.jpg 744w, https:\/\/recarprofi.cz\/wp-content\/uploads\/2019\/03\/unia-fm-1-768x432.jpg 768w\" sizes=\"(max-width: 800px) 100vw, 800px\" \/><\/a><\/figure><div class=\"elementor-image-box-content\"><h3 class=\"elementor-image-box-title\"><a href=\"https:\/\/recarprofi.cz\/uvod\/zemedelska-technika\/puda\/seci-stroje\/unia-fm-2\/mechanicka-seci-kombinace-unia-fm-700-3d\/\">Mechanick\u00e1 sec\u00ed kombinace Unia FM 700\/3D<\/a><\/h3><p class=\"elementor-image-box-description\">Pracovn\u00ed z\u00e1b\u011br 3m. Z\u00e1sobn\u00edk 700 L.<\/p><\/div><\/div>\t\t\t\t<\/div>\n\t\t\t\t<\/div>\n\t\t\t\t\t<\/div>\n\t\t<\/div>\n\t\t\t\t\t<\/div>\n\t\t<\/section>\n\t\t\t\t<\/div>\n\t\t","protected":false},"excerpt":{"rendered":"<p>Mechanick\u00e1 sec\u00ed kombinace Unia FM 400\/3D Pracovn\u00ed z\u00e1b\u011br 3m. Z\u00e1sobn\u00edk 400 L. Mechanick\u00e1 sec\u00ed kombinace Unia FM 700\/3D Pracovn\u00ed z\u00e1b\u011br 3m. Z\u00e1sobn\u00edk 700 L.<\/p>\n","protected":false},"author":1,"featured_media":0,"parent":2348,"menu_order":3,"comment_status":"closed","ping_status":"closed","template":"","meta":{"footnotes":""},"class_list":["post-11780","page","type-page","status-publish","hentry"],"_links":{"self":[{"href":"https:\/\/recarprofi.cz\/uvod\/wp-json\/wp\/v2\/pages\/11780","targetHints":{"allow":["GET"]}}],"collection":[{"href":"https:\/\/recarprofi.cz\/uvod\/wp-json\/wp\/v2\/pages"}],"about":[{"href":"https:\/\/recarprofi.cz\/uvod\/wp-json\/wp\/v2\/types\/page"}],"author":[{"embeddable":true,"href":"https:\/\/recarprofi.cz\/uvod\/wp-json\/wp\/v2\/users\/1"}],"replies":[{"embeddable":true,"href":"https:\/\/recarprofi.cz\/uvod\/wp-json\/wp\/v2\/comments?post=11780"}],"version-history":[{"count":14,"href":"https:\/\/recarprofi.cz\/uvod\/wp-json\/wp\/v2\/pages\/11780\/revisions"}],"predecessor-version":[{"id":31235,"href":"https:\/\/recarprofi.cz\/uvod\/wp-json\/wp\/v2\/pages\/11780\/revisions\/31235"}],"up":[{"embeddable":true,"href":"https:\/\/recarprofi.cz\/uvod\/wp-json\/wp\/v2\/pages\/2348"}],"wp:attachment":[{"href":"https:\/\/recarprofi.cz\/uvod\/wp-json\/wp\/v2\/media?parent=11780"}],"curies":[{"name":"wp","href":"https:\/\/api.w.org\/{rel}","templated":true}]}}

Mechanické secí kombinace Unia FM

<div data-elementor-type="wp-page" data-elementor-id="11780" class="elementor elementor-11780">
						<section class="elementor-section elementor-top-section elementor-element elementor-element-d54d275 elementor-section-boxed elementor-section-height-default elementor-section-height-default" data-id="d54d275" data-element_type="section" data-e-type="section">
						<div class="elementor-container elementor-column-gap-default">
					<div class="elementor-column elementor-col-100 elementor-top-column elementor-element elementor-element-55595f8" data-id="55595f8" data-element_type="column" data-e-type="column">
			<div class="elementor-widget-wrap elementor-element-populated">
						<div class="elementor-element elementor-element-dfd30ab elementor-position-left elementor-vertical-align-top elementor-widget elementor-widget-image-box" data-id="dfd30ab" data-element_type="widget" data-e-type="widget" data-widget_type="image-box.default">
				<div class="elementor-widget-container">
					<div class="elementor-image-box-wrapper"><figure class="elementor-image-box-img"><a href="https://recarprofi.cz/uvod/zemedelska-technika/puda/seci-stroje/unia-fm-2/mechanicka-seci-kombinace-unia-fm-400-3d/" tabindex="-1"><img fetchpriority="high" decoding="async" width="1920" height="1280" src="https://recarprofi.cz/wp-content/uploads/2019/03/unia-fm-400-1.jpg" class="attachment-full size-full wp-image-11783" alt="" srcset="https://recarprofi.cz/wp-content/uploads/2019/03/unia-fm-400-1.jpg 1920w, https://recarprofi.cz/wp-content/uploads/2019/03/unia-fm-400-1-600x400.jpg 600w, https://recarprofi.cz/wp-content/uploads/2019/03/unia-fm-400-1-420x280.jpg 420w, https://recarprofi.cz/wp-content/uploads/2019/03/unia-fm-400-1-744x496.jpg 744w, https://recarprofi.cz/wp-content/uploads/2019/03/unia-fm-400-1-768x512.jpg 768w, https://recarprofi.cz/wp-content/uploads/2019/03/unia-fm-400-1-1200x800.jpg 1200w" sizes="(max-width: 1920px) 100vw, 1920px" /></a></figure><div class="elementor-image-box-content"><h3 class="elementor-image-box-title"><a href="https://recarprofi.cz/uvod/zemedelska-technika/puda/seci-stroje/unia-fm-2/mechanicka-seci-kombinace-unia-fm-400-3d/">Mechanická secí kombinace Unia FM 400/3D</a></h3><p class="elementor-image-box-description">Pracovní záběr 3m. Zásobník 400 L.</p></div></div>				</div>
				</div>
					</div>
		</div>
					</div>
		</section>
				<section class="elementor-section elementor-top-section elementor-element elementor-element-3ca4136 elementor-section-boxed elementor-section-height-default elementor-section-height-default" data-id="3ca4136" data-element_type="section" data-e-type="section">
						<div class="elementor-container elementor-column-gap-default">
					<div class="elementor-column elementor-col-100 elementor-top-column elementor-element elementor-element-48f8658" data-id="48f8658" data-element_type="column" data-e-type="column">
			<div class="elementor-widget-wrap elementor-element-populated">
						<div class="elementor-element elementor-element-a65687a elementor-position-left elementor-vertical-align-top elementor-widget elementor-widget-image-box" data-id="a65687a" data-element_type="widget" data-e-type="widget" data-widget_type="image-box.default">
				<div class="elementor-widget-container">
					<div class="elementor-image-box-wrapper"><figure class="elementor-image-box-img"><a href="https://recarprofi.cz/uvod/zemedelska-technika/puda/seci-stroje/unia-fm-2/mechanicka-seci-kombinace-unia-fm-700-3d/" tabindex="-1"><img decoding="async" width="800" height="450" src="https://recarprofi.cz/wp-content/uploads/2019/03/unia-fm-1.jpg" class="attachment-full size-full wp-image-11795" alt="" srcset="https://recarprofi.cz/wp-content/uploads/2019/03/unia-fm-1.jpg 800w, https://recarprofi.cz/wp-content/uploads/2019/03/unia-fm-1-600x338.jpg 600w, https://recarprofi.cz/wp-content/uploads/2019/03/unia-fm-1-420x236.jpg 420w, https://recarprofi.cz/wp-content/uploads/2019/03/unia-fm-1-744x419.jpg 744w, https://recarprofi.cz/wp-content/uploads/2019/03/unia-fm-1-768x432.jpg 768w" sizes="(max-width: 800px) 100vw, 800px" /></a></figure><div class="elementor-image-box-content"><h3 class="elementor-image-box-title"><a href="https://recarprofi.cz/uvod/zemedelska-technika/puda/seci-stroje/unia-fm-2/mechanicka-seci-kombinace-unia-fm-700-3d/">Mechanická secí kombinace Unia FM 700/3D</a></h3><p class="elementor-image-box-description">Pracovní záběr 3m. Zásobník 700 L.</p></div></div>				</div>
				</div>
					</div>
		</div>
					</div>
		</section>
				</div>

<p>Mechanická secí kombinace Unia FM 400/3D Pracovní záběr 3m. Zásobník 400 L. Mechanická secí kombinace Unia FM 700/3D Pracovní záběr 3m. Zásobník 700 L.</p>
