{"id":11794,"date":"2019-03-26T12:48:57","date_gmt":"2019-03-26T11:48:57","guid":{"rendered":"http:\/\/recarprofi.cz\/?page_id=11794"},"modified":"2020-03-25T14:22:44","modified_gmt":"2020-03-25T13:22:44","slug":"mechanicka-seci-kombinace-unia-fm-700-3d","status":"publish","type":"page","link":"https:\/\/recarprofi.cz\/uvod\/zemedelska-technika\/puda\/seci-stroje\/unia-fm-2\/mechanicka-seci-kombinace-unia-fm-700-3d\/","title":{"rendered":"Mechanick\u00e1 sec\u00ed kombinace Unia FM 700\/3D"},"content":{"rendered":"\t\t<div data-elementor-type=\"wp-page\" data-elementor-id=\"11794\" class=\"elementor elementor-11794\">\n\t\t\t\t\t\t<section class=\"elementor-section elementor-top-section elementor-element elementor-element-4ebf3cf5 elementor-section-boxed elementor-section-height-default elementor-section-height-default\" data-id=\"4ebf3cf5\" data-element_type=\"section\" data-e-type=\"section\">\n\t\t\t\t\t\t<div class=\"elementor-container elementor-column-gap-default\">\n\t\t\t\t\t<div class=\"elementor-column elementor-col-100 elementor-top-column elementor-element elementor-element-12fa1b24\" data-id=\"12fa1b24\" data-element_type=\"column\" data-e-type=\"column\">\n\t\t\t<div class=\"elementor-widget-wrap elementor-element-populated\">\n\t\t\t\t\t\t<div class=\"elementor-element elementor-element-505ce275 elementor-widget elementor-widget-text-editor\" data-id=\"505ce275\" data-element_type=\"widget\" data-e-type=\"widget\" data-widget_type=\"text-editor.default\">\n\t\t\t\t<div class=\"elementor-widget-container\">\n\t\t\t\t\t\t\t\t\t<p><a href=\"http:\/\/recarprofi.cz\/wp-content\/uploads\/2019\/03\/unia-fm-1.jpg\"><br \/><img fetchpriority=\"high\" decoding=\"async\" class=\"aligncenter wp-image-11795 size-full\" src=\"https:\/\/recarprofi.cz\/wp-content\/uploads\/2019\/03\/unia-fm-1.jpg\" alt=\"\" width=\"800\" height=\"450\" srcset=\"https:\/\/recarprofi.cz\/wp-content\/uploads\/2019\/03\/unia-fm-1.jpg 800w, https:\/\/recarprofi.cz\/wp-content\/uploads\/2019\/03\/unia-fm-1-600x338.jpg 600w, https:\/\/recarprofi.cz\/wp-content\/uploads\/2019\/03\/unia-fm-1-420x236.jpg 420w, https:\/\/recarprofi.cz\/wp-content\/uploads\/2019\/03\/unia-fm-1-744x419.jpg 744w, https:\/\/recarprofi.cz\/wp-content\/uploads\/2019\/03\/unia-fm-1-768x432.jpg 768w\" sizes=\"(max-width: 800px) 100vw, 800px\" \/><\/a><\/p><p>Sec\u00ed kombinace T 700\/3 D je tvo\u0159ena mechanick\u00fdm n\u00e1stavbov\u00fdm sec\u00edm strojem na diskov\u00e9m agreg\u00e1tu se dv\u011bma \u0159adami disk\u016f \u00d8 460 mm a p\u011bchem. Sec\u00ed stroj m\u00e1 v\u00e1le\u010dkov\u00e9 v\u00fdsevn\u00ed \u00fastroji s v\u00e1le\u010dky pro v\u00fdsev jemnozrn\u00fdch plodin jako jsou \u0159epka, ho\u0159\u010dice \u010di jetele, tak i v\u00e1le\u010dky pro v\u00fdsev standardn\u00edho osiva obilovin \u010di luskovin. V\u00fdsevek se reguluje pomoc\u00ed bezstup\u0148ov\u00e9 p\u0159evodovky. Pohon v\u00fdsevn\u00edho \u00fastroj\u00ed je dle rychlosti pojezdu p\u0159en\u00e1\u0161en od ostruhov\u00e9ho kola. Tyto sec\u00ed stroje vynikaj\u00ed svou vysokou p\u0159esnost\u00ed v\u00fdsevku, snadnou kontrolou v\u00fdsevku, jednoduchou obsluhou s minim\u00e1ln\u00ed nutnou \u00fadr\u017ebou.<\/p><p>Sec\u00ed kombinaceT 700\/3 D je ve standardu vybavena:<\/p><ul><li>\u010depy zav\u011b\u0161en\u00ed \u00a0\u00f8 60\u2013825\/\u00f8 36 mm (verze FM T)<\/li><li>stopkov\u00e9 botky<\/li><li>jednokotou\u010dov\u00fdmi sec\u00edmi botkami<\/li><li>dvod\u00edln\u00fdmi, integrovan\u00fdmi v\u00fdsevn\u00edmi v\u00e1le\u010dky pro v\u00fdsev nap\u0159.: obilovin i \u0159epky<\/li><li>bezstup\u0148ovou p\u0159evodovkou<\/li><li>elektricky ovl\u00e1dan\u00fdmi kolejov\u00fdmi \u0159\u00e1dky<\/li><li>hydraulick\u00fdmi znamen\u00e1ky se dv\u011bmi p\u00edstnicemi<\/li><li>ovl\u00e1d\u00e1n\u00edm StarterSeed<\/li><li>centr\u00e1ln\u00edm i individu\u00e1ln\u00edm nastaven\u00edm p\u0159\u00edtlaku v\u00fdsevn\u00edch botek<\/li><li>\u010dechra\u010dem uvnit\u0159 z\u00e1sobn\u00edku<\/li><li>obslu\u017enou l\u00e1vkou<\/li><li>zavla\u010dova\u010dem<\/li><li>dv\u011bmi \u0159adami disk\u016f \u00d8 460 mm<\/li><li>zadn\u00edm v\u00e1lcem PACKER \u00d8500 mm<\/li><li>podporami pro odstaven\u00ed sec\u00edho stroje<\/li><\/ul><h3 class=\"ea-technika\">Technick\u00e1 specifikace:\u00a0<strong>Sec\u00ed kombinace mechanick\u00e1 FM T 700\/3 D<\/strong><\/h3><table><tbody><tr><td>Hmotnost<\/td><td>1 800<\/td><\/tr><tr><td>Typ v\u00fdsevn\u00edch botek<\/td><td>diskov\u00e9<\/td><\/tr><tr><td>Doporu\u010den\u00fd v\u00fdkon traktoru<\/td><td>120<\/td><\/tr><tr><td>Po\u010det v\u00fdsevn\u00edch botek<\/td><td>25<\/td><\/tr><tr><td>Objem z\u00e1sobn\u00edku<\/td><td>700<\/td><\/tr><tr><td>Pracovn\u00ed z\u00e1b\u011br<\/td><td>3<\/td><\/tr><\/tbody><\/table><p><a href=\"http:\/\/recarprofi.cz\/wp-content\/uploads\/2019\/03\/unia-fm3.jpg\"><img decoding=\"async\" class=\"aligncenter wp-image-11798 size-full\" src=\"https:\/\/recarprofi.cz\/wp-content\/uploads\/2019\/03\/unia-fm3.jpg\" alt=\"\" width=\"500\" height=\"388\" srcset=\"https:\/\/recarprofi.cz\/wp-content\/uploads\/2019\/03\/unia-fm3.jpg 500w, https:\/\/recarprofi.cz\/wp-content\/uploads\/2019\/03\/unia-fm3-416x323.jpg 416w, https:\/\/recarprofi.cz\/wp-content\/uploads\/2019\/03\/unia-fm3-420x326.jpg 420w\" sizes=\"(max-width: 500px) 100vw, 500px\" \/><\/a><a href=\"http:\/\/recarprofi.cz\/wp-content\/uploads\/2019\/03\/unia-fm4.jpg\"><img decoding=\"async\" class=\"aligncenter wp-image-11799 size-full\" src=\"https:\/\/recarprofi.cz\/wp-content\/uploads\/2019\/03\/unia-fm4.jpg\" alt=\"\" width=\"500\" height=\"402\" srcset=\"https:\/\/recarprofi.cz\/wp-content\/uploads\/2019\/03\/unia-fm4.jpg 500w, https:\/\/recarprofi.cz\/wp-content\/uploads\/2019\/03\/unia-fm4-416x334.jpg 416w, https:\/\/recarprofi.cz\/wp-content\/uploads\/2019\/03\/unia-fm4-420x338.jpg 420w\" sizes=\"(max-width: 500px) 100vw, 500px\" \/><\/a><\/p><p><a href=\"http:\/\/recarprofi.cz\/wp-content\/uploads\/2019\/03\/unia-fm2.jpg\"><img loading=\"lazy\" decoding=\"async\" class=\"aligncenter wp-image-11797 size-full\" src=\"https:\/\/recarprofi.cz\/wp-content\/uploads\/2019\/03\/unia-fm2.jpg\" alt=\"\" width=\"500\" height=\"384\" srcset=\"https:\/\/recarprofi.cz\/wp-content\/uploads\/2019\/03\/unia-fm2.jpg 500w, https:\/\/recarprofi.cz\/wp-content\/uploads\/2019\/03\/unia-fm2-416x319.jpg 416w, https:\/\/recarprofi.cz\/wp-content\/uploads\/2019\/03\/unia-fm2-420x323.jpg 420w\" sizes=\"(max-width: 500px) 100vw, 500px\" \/><\/a><\/p><p><a href=\"http:\/\/recarprofi.cz\/wp-content\/uploads\/2019\/03\/unia-fm1.jpg\"><img loading=\"lazy\" decoding=\"async\" class=\"aligncenter wp-image-11796 size-full\" src=\"https:\/\/recarprofi.cz\/wp-content\/uploads\/2019\/03\/unia-fm1.jpg\" alt=\"\" width=\"500\" height=\"436\" srcset=\"https:\/\/recarprofi.cz\/wp-content\/uploads\/2019\/03\/unia-fm1.jpg 500w, https:\/\/recarprofi.cz\/wp-content\/uploads\/2019\/03\/unia-fm1-416x363.jpg 416w, https:\/\/recarprofi.cz\/wp-content\/uploads\/2019\/03\/unia-fm1-420x366.jpg 420w\" sizes=\"(max-width: 500px) 100vw, 500px\" \/><\/a><\/p>\t\t\t\t\t\t\t\t<\/div>\n\t\t\t\t<\/div>\n\t\t\t\t\t<\/div>\n\t\t<\/div>\n\t\t\t\t\t<\/div>\n\t\t<\/section>\n\t\t\t\t<\/div>\n\t\t","protected":false},"excerpt":{"rendered":"<p>Sec\u00ed kombinace T 700\/3 D je tvo\u0159ena mechanick\u00fdm n\u00e1stavbov\u00fdm sec\u00edm strojem na diskov\u00e9m agreg\u00e1tu se dv\u011bma \u0159adami disk\u016f \u00d8 460 mm a p\u011bchem. Sec\u00ed stroj m\u00e1 v\u00e1le\u010dkov\u00e9 v\u00fdsevn\u00ed \u00fastroji s v\u00e1le\u010dky pro v\u00fdsev jemnozrn\u00fdch plodin&hellip;<\/p>\n","protected":false},"author":1,"featured_media":0,"parent":11780,"menu_order":2,"comment_status":"closed","ping_status":"closed","template":"","meta":{"footnotes":""},"class_list":["post-11794","page","type-page","status-publish","hentry"],"_links":{"self":[{"href":"https:\/\/recarprofi.cz\/uvod\/wp-json\/wp\/v2\/pages\/11794","targetHints":{"allow":["GET"]}}],"collection":[{"href":"https:\/\/recarprofi.cz\/uvod\/wp-json\/wp\/v2\/pages"}],"about":[{"href":"https:\/\/recarprofi.cz\/uvod\/wp-json\/wp\/v2\/types\/page"}],"author":[{"embeddable":true,"href":"https:\/\/recarprofi.cz\/uvod\/wp-json\/wp\/v2\/users\/1"}],"replies":[{"embeddable":true,"href":"https:\/\/recarprofi.cz\/uvod\/wp-json\/wp\/v2\/comments?post=11794"}],"version-history":[{"count":3,"href":"https:\/\/recarprofi.cz\/uvod\/wp-json\/wp\/v2\/pages\/11794\/revisions"}],"predecessor-version":[{"id":21297,"href":"https:\/\/recarprofi.cz\/uvod\/wp-json\/wp\/v2\/pages\/11794\/revisions\/21297"}],"up":[{"embeddable":true,"href":"https:\/\/recarprofi.cz\/uvod\/wp-json\/wp\/v2\/pages\/11780"}],"wp:attachment":[{"href":"https:\/\/recarprofi.cz\/uvod\/wp-json\/wp\/v2\/media?parent=11794"}],"curies":[{"name":"wp","href":"https:\/\/api.w.org\/{rel}","templated":true}]}}