{"id":11807,"date":"2019-03-26T13:40:06","date_gmt":"2019-03-26T12:40:06","guid":{"rendered":"http:\/\/recarprofi.cz\/?page_id=11807"},"modified":"2024-04-26T10:10:00","modified_gmt":"2024-04-26T08:10:00","slug":"700-3d","status":"publish","type":"page","link":"https:\/\/recarprofi.cz\/uvod\/zemedelska-technika\/puda\/seci-stroje\/unia-fenix\/700-3d\/","title":{"rendered":"Pneumatick\u00e9 sec\u00ed kombinace Unia Fenix 700\/3D"},"content":{"rendered":"\t\t<div data-elementor-type=\"wp-page\" data-elementor-id=\"11807\" class=\"elementor elementor-11807\">\n\t\t\t\t\t\t<section class=\"elementor-section elementor-top-section elementor-element elementor-element-6f6504b3 elementor-section-boxed elementor-section-height-default elementor-section-height-default\" data-id=\"6f6504b3\" data-element_type=\"section\" data-e-type=\"section\">\n\t\t\t\t\t\t<div class=\"elementor-container elementor-column-gap-default\">\n\t\t\t\t\t<div class=\"elementor-column elementor-col-100 elementor-top-column elementor-element elementor-element-4b9707b1\" data-id=\"4b9707b1\" data-element_type=\"column\" data-e-type=\"column\">\n\t\t\t<div class=\"elementor-widget-wrap elementor-element-populated\">\n\t\t\t\t\t\t<div class=\"elementor-element elementor-element-58caa23e elementor-widget elementor-widget-text-editor\" data-id=\"58caa23e\" data-element_type=\"widget\" data-e-type=\"widget\" data-widget_type=\"text-editor.default\">\n\t\t\t\t<div class=\"elementor-widget-container\">\n\t\t\t\t\t\t\t\t\t<p><a href=\"http:\/\/recarprofi.cz\/wp-content\/uploads\/2019\/03\/unia-fenix.jpg\"><img fetchpriority=\"high\" decoding=\"async\" class=\"aligncenter wp-image-11804 size-full\" src=\"https:\/\/recarprofi.cz\/wp-content\/uploads\/2019\/03\/unia-fenix-e1560323226744.jpg\" alt=\"\" width=\"950\" height=\"712\" srcset=\"https:\/\/recarprofi.cz\/wp-content\/uploads\/2019\/03\/unia-fenix-e1560323226744.jpg 950w, https:\/\/recarprofi.cz\/wp-content\/uploads\/2019\/03\/unia-fenix-e1560323226744-600x450.jpg 600w\" sizes=\"(max-width: 950px) 100vw, 950px\" \/><\/a><\/p><p>Sec\u00ed stroj Fenix\u00a0 700\/3 D je n\u00e1stavbov\u00fd sec\u00ed stroj s pneumatick\u00fdm v\u00fdsevn\u00edm \u00fastroj\u00edm s rozd\u011blovac\u00ed hlavou uvnit\u0159 z\u00e1sobn\u00edku osiva vhodn\u00fd k vytvo\u0159en\u00ed sec\u00ed kombinace s jak\u00fdmkoli agreg\u00e1tem k p\u0159\u00edprav\u011b p\u016fdy. Centr\u00e1ln\u00ed v\u00fdsevn\u00ed \u00fastroj\u00ed d\u00e1vkuje v\u00fdsevek pro cel\u00fd pracovn\u00ed z\u00e1b\u011br, d\u00e1vka je d\u00e1le v rozd\u011blovac\u00ed hlav\u011b d\u011blen\u00e1 k jednotliv\u00fdm botk\u00e1m. D\u00edky tomuto syst\u00e9mu je sec\u00ed stroj FENIX univerz\u00e1ln\u00ed k v\u00fdsevu obilovin, luskovin, \u0159epky a podobn\u00fdch plodin.<\/p><p>Sec\u00ed kombinace Fenix 700\/3 D je ve standardu vybavena:<\/p><ul><li>zav\u011bs ke spojen\u00ed s agreg\u00e1tem p\u0159\u00edpravy p\u016fdy<\/li><li>pneumaticky v\u00fdsevn\u00edm \u00fastroj\u00edm<\/li><li>ventil\u00e1tor poh\u00e1n\u011bn\u00fd hydromotorem o pr\u016ftoku 24 l\/min.<\/li><li>stopkovou botkou<\/li><li>hydraulick\u00e9 znamen\u00e1ky na jedn\u00e9 p\u00edstnici<\/li><li>kolejov\u00e9 \u0159\u00e1dky, ovl\u00e1dan\u00e9 elektricky (s ventily COMBI &#8211; s n\u00e1vratem osiva zp\u011bt do z\u00e1sobn\u00edku)<\/li><li>manometr<\/li><li>zavla\u010dova\u010de<\/li><\/ul><h5><strong>Technick\u00e9 parametry:<\/strong><\/h5><div class=\"uk-overflow-container\"><table class=\"specyfikacja_techniczna\"><tbody><tr><td><strong>FENIX<\/strong><\/td><td><div align=\"center\"><strong>S 700\/3 D<\/strong><\/div><\/td><td><div align=\"center\"><strong>T 700\/3 D<\/strong><\/div><\/td><td><div align=\"center\"><strong>A 700\/3 D<\/strong><\/div><\/td><\/tr><tr><td><strong>Pracovn\u00ed z\u00e1b\u011br [m]<\/strong><\/td><td><div align=\"center\">3<\/div><\/td><td><div align=\"center\">3<\/div><\/td><td><div align=\"center\">3<\/div><\/td><\/tr><tr><td><strong>Objem zasobn\u00edku [dm3]<\/strong><\/td><td><div align=\"center\">700<\/div><\/td><td><div align=\"center\">700<\/div><\/td><td><div align=\"center\">700<\/div><\/td><\/tr><tr><td><strong>Typ botek<br \/><\/strong><\/td><td><div align=\"center\">diskov\u00e9<\/div><\/td><td><div align=\"center\">diskov\u00e9<\/div><\/td><td style=\"text-align: center;\">\u00a0 \u00a0 \u00a0 \u00a0 diskov\u00e9<\/td><\/tr><tr><td><strong>P\u0159\u00edprava p\u016fdy\u00a0<\/strong><\/td><td><div align=\"center\">radli\u010dkov\u00e1<\/div><\/td><td><div align=\"center\">diskov\u00e1<\/div><\/td><td style=\"text-align: center;\">\u00a0 \u00a0 \u00a0 rota\u010dn\u00ed br\u00e1ny<\/td><\/tr><tr><td><strong>V\u00fdkon traktoru [K]<br \/><\/strong><\/td><td><div align=\"center\">120<\/div><\/td><td><div align=\"center\">120<\/div><\/td><td><div align=\"center\">120<\/div><\/td><\/tr><tr><td><strong>Hmotnost [kg]<\/strong><\/td><td><div align=\"center\">1850<\/div><\/td><td><div align=\"center\">1910<\/div><\/td><td><div align=\"center\">2120<\/div><\/td><\/tr><\/tbody><\/table><p>\u00a0<\/p><p><a href=\"http:\/\/recarprofi.cz\/wp-content\/uploads\/2019\/03\/unia-fenix-700.jpg\"><img decoding=\"async\" class=\"aligncenter wp-image-11808 size-large\" src=\"https:\/\/recarprofi.cz\/wp-content\/uploads\/2019\/03\/unia-fenix-700-1200x800.jpg\" alt=\"\" width=\"1140\" height=\"760\" srcset=\"https:\/\/recarprofi.cz\/wp-content\/uploads\/2019\/03\/unia-fenix-700-1200x800.jpg 1200w, https:\/\/recarprofi.cz\/wp-content\/uploads\/2019\/03\/unia-fenix-700-600x400.jpg 600w, https:\/\/recarprofi.cz\/wp-content\/uploads\/2019\/03\/unia-fenix-700-420x280.jpg 420w, https:\/\/recarprofi.cz\/wp-content\/uploads\/2019\/03\/unia-fenix-700-744x496.jpg 744w, https:\/\/recarprofi.cz\/wp-content\/uploads\/2019\/03\/unia-fenix-700-768x512.jpg 768w, https:\/\/recarprofi.cz\/wp-content\/uploads\/2019\/03\/unia-fenix-700.jpg 1600w\" sizes=\"(max-width: 1140px) 100vw, 1140px\" \/><\/a><a href=\"http:\/\/recarprofi.cz\/wp-content\/uploads\/2019\/03\/unia-fenix2.jpg\"><img decoding=\"async\" class=\"aligncenter wp-image-11809 size-large\" src=\"https:\/\/recarprofi.cz\/wp-content\/uploads\/2019\/03\/unia-fenix2-1200x900.jpg\" alt=\"\" width=\"1140\" height=\"855\" srcset=\"https:\/\/recarprofi.cz\/wp-content\/uploads\/2019\/03\/unia-fenix2-1200x900.jpg 1200w, https:\/\/recarprofi.cz\/wp-content\/uploads\/2019\/03\/unia-fenix2-600x450.jpg 600w, https:\/\/recarprofi.cz\/wp-content\/uploads\/2019\/03\/unia-fenix2-420x315.jpg 420w, https:\/\/recarprofi.cz\/wp-content\/uploads\/2019\/03\/unia-fenix2-744x558.jpg 744w, https:\/\/recarprofi.cz\/wp-content\/uploads\/2019\/03\/unia-fenix2-768x576.jpg 768w, https:\/\/recarprofi.cz\/wp-content\/uploads\/2019\/03\/unia-fenix2.jpg 1600w\" sizes=\"(max-width: 1140px) 100vw, 1140px\" \/><\/a><\/p><p>\u00a0<\/p><\/div>\t\t\t\t\t\t\t\t<\/div>\n\t\t\t\t<\/div>\n\t\t\t\t\t<\/div>\n\t\t<\/div>\n\t\t\t\t\t<\/div>\n\t\t<\/section>\n\t\t\t\t<\/div>\n\t\t","protected":false},"excerpt":{"rendered":"<p>Sec\u00ed stroj Fenix\u00a0 700\/3 D je n\u00e1stavbov\u00fd sec\u00ed stroj s pneumatick\u00fdm v\u00fdsevn\u00edm \u00fastroj\u00edm s rozd\u011blovac\u00ed hlavou uvnit\u0159 z\u00e1sobn\u00edku osiva vhodn\u00fd k vytvo\u0159en\u00ed sec\u00ed kombinace s jak\u00fdmkoli agreg\u00e1tem k p\u0159\u00edprav\u011b p\u016fdy. Centr\u00e1ln\u00ed v\u00fdsevn\u00ed \u00fastroj\u00ed d\u00e1vkuje v\u00fdsevek&hellip;<\/p>\n","protected":false},"author":1,"featured_media":0,"parent":11802,"menu_order":1,"comment_status":"closed","ping_status":"closed","template":"","meta":{"footnotes":""},"class_list":["post-11807","page","type-page","status-publish","hentry"],"_links":{"self":[{"href":"https:\/\/recarprofi.cz\/uvod\/wp-json\/wp\/v2\/pages\/11807","targetHints":{"allow":["GET"]}}],"collection":[{"href":"https:\/\/recarprofi.cz\/uvod\/wp-json\/wp\/v2\/pages"}],"about":[{"href":"https:\/\/recarprofi.cz\/uvod\/wp-json\/wp\/v2\/types\/page"}],"author":[{"embeddable":true,"href":"https:\/\/recarprofi.cz\/uvod\/wp-json\/wp\/v2\/users\/1"}],"replies":[{"embeddable":true,"href":"https:\/\/recarprofi.cz\/uvod\/wp-json\/wp\/v2\/comments?post=11807"}],"version-history":[{"count":5,"href":"https:\/\/recarprofi.cz\/uvod\/wp-json\/wp\/v2\/pages\/11807\/revisions"}],"predecessor-version":[{"id":21301,"href":"https:\/\/recarprofi.cz\/uvod\/wp-json\/wp\/v2\/pages\/11807\/revisions\/21301"}],"up":[{"embeddable":true,"href":"https:\/\/recarprofi.cz\/uvod\/wp-json\/wp\/v2\/pages\/11802"}],"wp:attachment":[{"href":"https:\/\/recarprofi.cz\/uvod\/wp-json\/wp\/v2\/media?parent=11807"}],"curies":[{"name":"wp","href":"https:\/\/api.w.org\/{rel}","templated":true}]}}

Pneumatické secí kombinace Unia Fenix 700/3D

<div data-elementor-type="wp-page" data-elementor-id="11807" class="elementor elementor-11807">
						<section class="elementor-section elementor-top-section elementor-element elementor-element-6f6504b3 elementor-section-boxed elementor-section-height-default elementor-section-height-default" data-id="6f6504b3" data-element_type="section" data-e-type="section">
						<div class="elementor-container elementor-column-gap-default">
					<div class="elementor-column elementor-col-100 elementor-top-column elementor-element elementor-element-4b9707b1" data-id="4b9707b1" data-element_type="column" data-e-type="column">
			<div class="elementor-widget-wrap elementor-element-populated">
						<div class="elementor-element elementor-element-58caa23e elementor-widget elementor-widget-text-editor" data-id="58caa23e" data-element_type="widget" data-e-type="widget" data-widget_type="text-editor.default">
				<div class="elementor-widget-container">
									<p><a href="http://recarprofi.cz/wp-content/uploads/2019/03/unia-fenix.jpg"><img fetchpriority="high" decoding="async" class="aligncenter wp-image-11804 size-full" src="https://recarprofi.cz/wp-content/uploads/2019/03/unia-fenix-e1560323226744.jpg" alt="" width="950" height="712" srcset="https://recarprofi.cz/wp-content/uploads/2019/03/unia-fenix-e1560323226744.jpg 950w, https://recarprofi.cz/wp-content/uploads/2019/03/unia-fenix-e1560323226744-600x450.jpg 600w" sizes="(max-width: 950px) 100vw, 950px" /></a></p><p>Secí stroj Fenix  700/3 D je nástavbový secí stroj s pneumatickým výsevním ústrojím s rozdělovací hlavou uvnitř zásobníku osiva vhodný k vytvoření secí kombinace s jakýmkoli agregátem k přípravě půdy. Centrální výsevní ústrojí dávkuje výsevek pro celý pracovní záběr, dávka je dále v rozdělovací hlavě dělená k jednotlivým botkám. Díky tomuto systému je secí stroj FENIX univerzální k výsevu obilovin, luskovin, řepky a podobných plodin.</p><p>Secí kombinace Fenix 700/3 D je ve standardu vybavena:</p><ul><li>zavěs ke spojení s agregátem přípravy půdy</li><li>pneumaticky výsevním ústrojím</li><li>ventilátor poháněný hydromotorem o průtoku 24 l/min.</li><li>stopkovou botkou</li><li>hydraulické znamenáky na jedné pístnici</li><li>kolejové řádky, ovládané elektricky (s ventily COMBI &#8211; s návratem osiva zpět do zásobníku)</li><li>manometr</li><li>zavlačovače</li></ul><h5><strong>Technické parametry:</strong></h5><div class="uk-overflow-container"><table class="specyfikacja_techniczna"><tbody><tr><td><strong>FENIX</strong></td><td><div align="center"><strong>S 700/3 D</strong></div></td><td><div align="center"><strong>T 700/3 D</strong></div></td><td><div align="center"><strong>A 700/3 D</strong></div></td></tr><tr><td><strong>Pracovní záběr [m]</strong></td><td><div align="center">3</div></td><td><div align="center">3</div></td><td><div align="center">3</div></td></tr><tr><td><strong>Objem zasobníku [dm3]</strong></td><td><div align="center">700</div></td><td><div align="center">700</div></td><td><div align="center">700</div></td></tr><tr><td><strong>Typ botek<br /></strong></td><td><div align="center">diskové</div></td><td><div align="center">diskové</div></td><td style="text-align: center;">        diskové</td></tr><tr><td><strong>Příprava půdy </strong></td><td><div align="center">radličková</div></td><td><div align="center">disková</div></td><td style="text-align: center;">      rotační brány</td></tr><tr><td><strong>Výkon traktoru [K]<br /></strong></td><td><div align="center">120</div></td><td><div align="center">120</div></td><td><div align="center">120</div></td></tr><tr><td><strong>Hmotnost [kg]</strong></td><td><div align="center">1850</div></td><td><div align="center">1910</div></td><td><div align="center">2120</div></td></tr></tbody></table><p> </p><p><a href="http://recarprofi.cz/wp-content/uploads/2019/03/unia-fenix-700.jpg"><img decoding="async" class="aligncenter wp-image-11808 size-large" src="https://recarprofi.cz/wp-content/uploads/2019/03/unia-fenix-700-1200x800.jpg" alt="" width="1140" height="760" srcset="https://recarprofi.cz/wp-content/uploads/2019/03/unia-fenix-700-1200x800.jpg 1200w, https://recarprofi.cz/wp-content/uploads/2019/03/unia-fenix-700-600x400.jpg 600w, https://recarprofi.cz/wp-content/uploads/2019/03/unia-fenix-700-420x280.jpg 420w, https://recarprofi.cz/wp-content/uploads/2019/03/unia-fenix-700-744x496.jpg 744w, https://recarprofi.cz/wp-content/uploads/2019/03/unia-fenix-700-768x512.jpg 768w, https://recarprofi.cz/wp-content/uploads/2019/03/unia-fenix-700.jpg 1600w" sizes="(max-width: 1140px) 100vw, 1140px" /></a><a href="http://recarprofi.cz/wp-content/uploads/2019/03/unia-fenix2.jpg"><img decoding="async" class="aligncenter wp-image-11809 size-large" src="https://recarprofi.cz/wp-content/uploads/2019/03/unia-fenix2-1200x900.jpg" alt="" width="1140" height="855" srcset="https://recarprofi.cz/wp-content/uploads/2019/03/unia-fenix2-1200x900.jpg 1200w, https://recarprofi.cz/wp-content/uploads/2019/03/unia-fenix2-600x450.jpg 600w, https://recarprofi.cz/wp-content/uploads/2019/03/unia-fenix2-420x315.jpg 420w, https://recarprofi.cz/wp-content/uploads/2019/03/unia-fenix2-744x558.jpg 744w, https://recarprofi.cz/wp-content/uploads/2019/03/unia-fenix2-768x576.jpg 768w, https://recarprofi.cz/wp-content/uploads/2019/03/unia-fenix2.jpg 1600w" sizes="(max-width: 1140px) 100vw, 1140px" /></a></p><p> </p></div>								</div>
				</div>
					</div>
		</div>
					</div>
		</section>
				</div>

<p>Secí stroj Fenix  700/3 D je nástavbový secí stroj s pneumatickým výsevním ústrojím s rozdělovací hlavou uvnitř zásobníku osiva vhodný k vytvoření secí kombinace s jakýmkoli agregátem k přípravě půdy. Centrální výsevní ústrojí dávkuje výsevek&hellip;</p>
