{"id":11815,"date":"2019-03-26T15:32:11","date_gmt":"2019-03-26T14:32:11","guid":{"rendered":"http:\/\/recarprofi.cz\/?page_id=11815"},"modified":"2024-04-26T10:16:42","modified_gmt":"2024-04-26T08:16:42","slug":"3000-2","status":"publish","type":"page","link":"https:\/\/recarprofi.cz\/uvod\/zemedelska-technika\/puda\/seci-stroje\/unia-fenix\/3000-2\/","title":{"rendered":"Pneumatick\u00e9 sec\u00ed kombinace Unia Fenix 3000"},"content":{"rendered":"\t\t<div data-elementor-type=\"wp-page\" data-elementor-id=\"11815\" class=\"elementor elementor-11815\">\n\t\t\t\t\t\t<section class=\"elementor-section elementor-top-section elementor-element elementor-element-2cac293 elementor-section-boxed elementor-section-height-default elementor-section-height-default\" data-id=\"2cac293\" data-element_type=\"section\" data-e-type=\"section\">\n\t\t\t\t\t\t<div class=\"elementor-container elementor-column-gap-default\">\n\t\t\t\t\t<div class=\"elementor-column elementor-col-100 elementor-top-column elementor-element elementor-element-5439f676\" data-id=\"5439f676\" data-element_type=\"column\" data-e-type=\"column\">\n\t\t\t<div class=\"elementor-widget-wrap elementor-element-populated\">\n\t\t\t\t\t\t<div class=\"elementor-element elementor-element-2e290ea1 elementor-widget elementor-widget-text-editor\" data-id=\"2e290ea1\" data-element_type=\"widget\" data-e-type=\"widget\" data-widget_type=\"text-editor.default\">\n\t\t\t\t<div class=\"elementor-widget-container\">\n\t\t\t\t\t\t\t\t\t<p><a href=\"http:\/\/recarprofi.cz\/wp-content\/uploads\/2019\/03\/unia-fenix1-1.jpg\"><img fetchpriority=\"high\" decoding=\"async\" class=\"aligncenter wp-image-11803 size-full\" src=\"https:\/\/recarprofi.cz\/wp-content\/uploads\/2019\/03\/unia-fenix1-1.jpg\" alt=\"\" width=\"1024\" height=\"731\" srcset=\"https:\/\/recarprofi.cz\/wp-content\/uploads\/2019\/03\/unia-fenix1-1.jpg 1024w, https:\/\/recarprofi.cz\/wp-content\/uploads\/2019\/03\/unia-fenix1-1-600x428.jpg 600w, https:\/\/recarprofi.cz\/wp-content\/uploads\/2019\/03\/unia-fenix1-1-420x300.jpg 420w, https:\/\/recarprofi.cz\/wp-content\/uploads\/2019\/03\/unia-fenix1-1-744x531.jpg 744w, https:\/\/recarprofi.cz\/wp-content\/uploads\/2019\/03\/unia-fenix1-1-768x548.jpg 768w\" sizes=\"(max-width: 1024px) 100vw, 1024px\" \/><\/a><\/p><p>Sec\u00ed stroj FENIX 3000 je n\u00e1stavbov\u00fd sec\u00ed stroj s pneumatick\u00fdm v\u00fdsevn\u00edm \u00fastroj\u00edm s rozd\u011blovac\u00ed hlavou uvnit\u0159 z\u00e1sobn\u00edku osiva vhodn\u00fd k vytvo\u0159en\u00ed sec\u00ed kombinace s jak\u00fdmkoli agreg\u00e1tem k p\u0159\u00edprav\u011b p\u016fdy. Centr\u00e1ln\u00ed v\u00fdsevn\u00ed \u00fastroj\u00ed d\u00e1vkuje v\u00fdsevek pro cel\u00fd pracovn\u00ed z\u00e1b\u011br, d\u00e1vka je d\u00e1le v rozd\u011blovac\u00ed hlav\u011b d\u011blen\u00e1 k jednotliv\u00fdm botk\u00e1m. D\u00edky tomuto syst\u00e9mu je sec\u00ed stroj FENIX univerz\u00e1ln\u00ed k v\u00fdsevu obilovin, luskovin, \u0159epky a podobn\u00fdch plodin.<\/p><p>Sec\u00ed kombinace 3000 je ve standardu vybavena:<\/p><ul><li>zav\u011bs ke spojen\u00ed s agreg\u00e1tem p\u0159\u00edpravy p\u016fdy<\/li><li>pneumaticky v\u00fdsevn\u00edm \u00fastroj\u00edm<\/li><li>ventil\u00e1tor poh\u00e1n\u011bn\u00fd hydromotorem o pr\u016ftoku 24 l\/min.<\/li><li>samo\u010dist\u00edc\u00edmi dvoudiskov\u00fdmi botky &#8222;SHELL&#8220; o pr\u016fm\u011bru 300 mm a p\u0159\u00edtlakem 25 kg<\/li><li>hydraulick\u00e9 znamen\u00e1ky na jedn\u00e9 p\u00edstnici<\/li><li>kolejov\u00e9 \u0159\u00e1dky, ovl\u00e1dan\u00e9 elektricky (s ventily COMBI &#8211; s n\u00e1vratem osiva zp\u011bt do z\u00e1sobn\u00edku)<\/li><li>manometr<\/li><li>zavla\u010dova\u010de<\/li><\/ul><table><tbody><tr><td width=\"77\"><strong>FENIX<\/strong><\/td><td width=\"77\"><strong>3000\/3<\/strong><\/td><td width=\"77\"><strong>3000\/4<\/strong><\/td><td width=\"77\"><strong>3000\/6<\/strong><\/td><\/tr><tr><td width=\"77\">Pracovn\u00ed z\u00e1b\u011br (m)<\/td><td width=\"77\">3<\/td><td width=\"77\">4<\/td><td width=\"77\">6<\/td><\/tr><tr><td width=\"77\">Objem z\u00e1sobn\u00edku (l)<\/td><td width=\"77\">3000<\/td><td width=\"77\">3000<\/td><td width=\"77\">3000<\/td><\/tr><tr><td width=\"77\">Typ botek<\/td><td width=\"77\">diskov\u00e9<\/td><td width=\"77\">diskov\u00e9<\/td><td width=\"77\">diskov\u00e9<\/td><\/tr><tr><td width=\"77\">Po\u010det botek (ks)<\/td><td width=\"77\">24<\/td><td width=\"77\">32<\/td><td width=\"77\">40<\/td><\/tr><tr><td width=\"77\">Po\u010det disk\u016f (ks)<\/td><td width=\"77\">24<\/td><td width=\"77\">32<\/td><td width=\"77\">48<\/td><\/tr><tr><td width=\"77\">V\u00fdkon traktoru (k)<\/td><td width=\"77\">120-140<\/td><td width=\"77\">140-160<\/td><td width=\"77\">190-240<\/td><\/tr><tr><td width=\"77\">Hmotnost (kg)<\/td><td width=\"77\">4900<\/td><td width=\"77\">6500<\/td><td width=\"77\">7600<\/td><\/tr><\/tbody><\/table><p><a href=\"http:\/\/recarprofi.cz\/wp-content\/uploads\/2019\/03\/unia-fenix-30003.jpg\"><img decoding=\"async\" class=\"aligncenter wp-image-11818 size-full\" src=\"https:\/\/recarprofi.cz\/wp-content\/uploads\/2019\/03\/unia-fenix-30003.jpg\" alt=\"\" width=\"700\" height=\"450\" srcset=\"https:\/\/recarprofi.cz\/wp-content\/uploads\/2019\/03\/unia-fenix-30003.jpg 700w, https:\/\/recarprofi.cz\/wp-content\/uploads\/2019\/03\/unia-fenix-30003-600x386.jpg 600w, https:\/\/recarprofi.cz\/wp-content\/uploads\/2019\/03\/unia-fenix-30003-420x270.jpg 420w\" sizes=\"(max-width: 700px) 100vw, 700px\" \/><\/a><a href=\"http:\/\/recarprofi.cz\/wp-content\/uploads\/2019\/03\/unia-fenix-30004.jpg\"><img decoding=\"async\" class=\"aligncenter wp-image-11819 size-full\" src=\"https:\/\/recarprofi.cz\/wp-content\/uploads\/2019\/03\/unia-fenix-30004-e1560323183214.jpg\" alt=\"\" width=\"700\" height=\"450\" srcset=\"https:\/\/recarprofi.cz\/wp-content\/uploads\/2019\/03\/unia-fenix-30004-e1560323183214.jpg 700w, https:\/\/recarprofi.cz\/wp-content\/uploads\/2019\/03\/unia-fenix-30004-e1560323183214-600x386.jpg 600w\" sizes=\"(max-width: 700px) 100vw, 700px\" \/><\/a><\/p><p><a href=\"http:\/\/recarprofi.cz\/wp-content\/uploads\/2019\/03\/unia-fenix-30001.jpg\"><img loading=\"lazy\" decoding=\"async\" class=\"aligncenter wp-image-11816 size-full\" src=\"https:\/\/recarprofi.cz\/wp-content\/uploads\/2019\/03\/unia-fenix-30001.jpg\" alt=\"\" width=\"700\" height=\"450\" srcset=\"https:\/\/recarprofi.cz\/wp-content\/uploads\/2019\/03\/unia-fenix-30001.jpg 700w, https:\/\/recarprofi.cz\/wp-content\/uploads\/2019\/03\/unia-fenix-30001-600x386.jpg 600w, https:\/\/recarprofi.cz\/wp-content\/uploads\/2019\/03\/unia-fenix-30001-420x270.jpg 420w\" sizes=\"(max-width: 700px) 100vw, 700px\" \/><\/a><a href=\"http:\/\/recarprofi.cz\/wp-content\/uploads\/2019\/03\/unia-fenix-30002.jpg\"><img loading=\"lazy\" decoding=\"async\" class=\"aligncenter wp-image-11817 size-large\" src=\"https:\/\/recarprofi.cz\/wp-content\/uploads\/2019\/03\/unia-fenix-30002-1200x675.jpg\" alt=\"\" width=\"1140\" height=\"641\" srcset=\"https:\/\/recarprofi.cz\/wp-content\/uploads\/2019\/03\/unia-fenix-30002-1200x675.jpg 1200w, https:\/\/recarprofi.cz\/wp-content\/uploads\/2019\/03\/unia-fenix-30002-600x338.jpg 600w, https:\/\/recarprofi.cz\/wp-content\/uploads\/2019\/03\/unia-fenix-30002-420x236.jpg 420w, https:\/\/recarprofi.cz\/wp-content\/uploads\/2019\/03\/unia-fenix-30002-744x419.jpg 744w, https:\/\/recarprofi.cz\/wp-content\/uploads\/2019\/03\/unia-fenix-30002-768x432.jpg 768w, https:\/\/recarprofi.cz\/wp-content\/uploads\/2019\/03\/unia-fenix-30002.jpg 1280w\" sizes=\"(max-width: 1140px) 100vw, 1140px\" \/><\/a><\/p><p><a href=\"http:\/\/recarprofi.cz\/wp-content\/uploads\/2019\/03\/unia-fenix-30005.jpg\"><img loading=\"lazy\" decoding=\"async\" class=\"aligncenter wp-image-11821 size-full\" src=\"https:\/\/recarprofi.cz\/wp-content\/uploads\/2019\/03\/unia-fenix-30005-e1560323194785.jpg\" alt=\"\" width=\"1067\" height=\"800\" srcset=\"https:\/\/recarprofi.cz\/wp-content\/uploads\/2019\/03\/unia-fenix-30005-e1560323194785.jpg 1067w, https:\/\/recarprofi.cz\/wp-content\/uploads\/2019\/03\/unia-fenix-30005-e1560323194785-600x450.jpg 600w\" sizes=\"(max-width: 1067px) 100vw, 1067px\" \/><\/a><\/p>\t\t\t\t\t\t\t\t<\/div>\n\t\t\t\t<\/div>\n\t\t\t\t\t<\/div>\n\t\t<\/div>\n\t\t\t\t\t<\/div>\n\t\t<\/section>\n\t\t\t\t<\/div>\n\t\t","protected":false},"excerpt":{"rendered":"<p>Sec\u00ed stroj FENIX 3000 je n\u00e1stavbov\u00fd sec\u00ed stroj s pneumatick\u00fdm v\u00fdsevn\u00edm \u00fastroj\u00edm s rozd\u011blovac\u00ed hlavou uvnit\u0159 z\u00e1sobn\u00edku osiva vhodn\u00fd k vytvo\u0159en\u00ed sec\u00ed kombinace s jak\u00fdmkoli agreg\u00e1tem k p\u0159\u00edprav\u011b p\u016fdy. Centr\u00e1ln\u00ed v\u00fdsevn\u00ed \u00fastroj\u00ed d\u00e1vkuje v\u00fdsevek pro&hellip;<\/p>\n","protected":false},"author":1,"featured_media":0,"parent":11802,"menu_order":2,"comment_status":"closed","ping_status":"closed","template":"","meta":{"footnotes":""},"class_list":["post-11815","page","type-page","status-publish","hentry"],"_links":{"self":[{"href":"https:\/\/recarprofi.cz\/uvod\/wp-json\/wp\/v2\/pages\/11815","targetHints":{"allow":["GET"]}}],"collection":[{"href":"https:\/\/recarprofi.cz\/uvod\/wp-json\/wp\/v2\/pages"}],"about":[{"href":"https:\/\/recarprofi.cz\/uvod\/wp-json\/wp\/v2\/types\/page"}],"author":[{"embeddable":true,"href":"https:\/\/recarprofi.cz\/uvod\/wp-json\/wp\/v2\/users\/1"}],"replies":[{"embeddable":true,"href":"https:\/\/recarprofi.cz\/uvod\/wp-json\/wp\/v2\/comments?post=11815"}],"version-history":[{"count":4,"href":"https:\/\/recarprofi.cz\/uvod\/wp-json\/wp\/v2\/pages\/11815\/revisions"}],"predecessor-version":[{"id":21303,"href":"https:\/\/recarprofi.cz\/uvod\/wp-json\/wp\/v2\/pages\/11815\/revisions\/21303"}],"up":[{"embeddable":true,"href":"https:\/\/recarprofi.cz\/uvod\/wp-json\/wp\/v2\/pages\/11802"}],"wp:attachment":[{"href":"https:\/\/recarprofi.cz\/uvod\/wp-json\/wp\/v2\/media?parent=11815"}],"curies":[{"name":"wp","href":"https:\/\/api.w.org\/{rel}","templated":true}]}}

Pneumatické secí kombinace Unia Fenix 3000

<div data-elementor-type="wp-page" data-elementor-id="11815" class="elementor elementor-11815">
						<section class="elementor-section elementor-top-section elementor-element elementor-element-2cac293 elementor-section-boxed elementor-section-height-default elementor-section-height-default" data-id="2cac293" data-element_type="section" data-e-type="section">
						<div class="elementor-container elementor-column-gap-default">
					<div class="elementor-column elementor-col-100 elementor-top-column elementor-element elementor-element-5439f676" data-id="5439f676" data-element_type="column" data-e-type="column">
			<div class="elementor-widget-wrap elementor-element-populated">
						<div class="elementor-element elementor-element-2e290ea1 elementor-widget elementor-widget-text-editor" data-id="2e290ea1" data-element_type="widget" data-e-type="widget" data-widget_type="text-editor.default">
				<div class="elementor-widget-container">
									<p><a href="http://recarprofi.cz/wp-content/uploads/2019/03/unia-fenix1-1.jpg"><img fetchpriority="high" decoding="async" class="aligncenter wp-image-11803 size-full" src="https://recarprofi.cz/wp-content/uploads/2019/03/unia-fenix1-1.jpg" alt="" width="1024" height="731" srcset="https://recarprofi.cz/wp-content/uploads/2019/03/unia-fenix1-1.jpg 1024w, https://recarprofi.cz/wp-content/uploads/2019/03/unia-fenix1-1-600x428.jpg 600w, https://recarprofi.cz/wp-content/uploads/2019/03/unia-fenix1-1-420x300.jpg 420w, https://recarprofi.cz/wp-content/uploads/2019/03/unia-fenix1-1-744x531.jpg 744w, https://recarprofi.cz/wp-content/uploads/2019/03/unia-fenix1-1-768x548.jpg 768w" sizes="(max-width: 1024px) 100vw, 1024px" /></a></p><p>Secí stroj FENIX 3000 je nástavbový secí stroj s pneumatickým výsevním ústrojím s rozdělovací hlavou uvnitř zásobníku osiva vhodný k vytvoření secí kombinace s jakýmkoli agregátem k přípravě půdy. Centrální výsevní ústrojí dávkuje výsevek pro celý pracovní záběr, dávka je dále v rozdělovací hlavě dělená k jednotlivým botkám. Díky tomuto systému je secí stroj FENIX univerzální k výsevu obilovin, luskovin, řepky a podobných plodin.</p><p>Secí kombinace 3000 je ve standardu vybavena:</p><ul><li>zavěs ke spojení s agregátem přípravy půdy</li><li>pneumaticky výsevním ústrojím</li><li>ventilátor poháněný hydromotorem o průtoku 24 l/min.</li><li>samočistícími dvoudiskovými botky &#8222;SHELL&#8220; o průměru 300 mm a přítlakem 25 kg</li><li>hydraulické znamenáky na jedné pístnici</li><li>kolejové řádky, ovládané elektricky (s ventily COMBI &#8211; s návratem osiva zpět do zásobníku)</li><li>manometr</li><li>zavlačovače</li></ul><table><tbody><tr><td width="77"><strong>FENIX</strong></td><td width="77"><strong>3000/3</strong></td><td width="77"><strong>3000/4</strong></td><td width="77"><strong>3000/6</strong></td></tr><tr><td width="77">Pracovní záběr (m)</td><td width="77">3</td><td width="77">4</td><td width="77">6</td></tr><tr><td width="77">Objem zásobníku (l)</td><td width="77">3000</td><td width="77">3000</td><td width="77">3000</td></tr><tr><td width="77">Typ botek</td><td width="77">diskové</td><td width="77">diskové</td><td width="77">diskové</td></tr><tr><td width="77">Počet botek (ks)</td><td width="77">24</td><td width="77">32</td><td width="77">40</td></tr><tr><td width="77">Počet disků (ks)</td><td width="77">24</td><td width="77">32</td><td width="77">48</td></tr><tr><td width="77">Výkon traktoru (k)</td><td width="77">120-140</td><td width="77">140-160</td><td width="77">190-240</td></tr><tr><td width="77">Hmotnost (kg)</td><td width="77">4900</td><td width="77">6500</td><td width="77">7600</td></tr></tbody></table><p><a href="http://recarprofi.cz/wp-content/uploads/2019/03/unia-fenix-30003.jpg"><img decoding="async" class="aligncenter wp-image-11818 size-full" src="https://recarprofi.cz/wp-content/uploads/2019/03/unia-fenix-30003.jpg" alt="" width="700" height="450" srcset="https://recarprofi.cz/wp-content/uploads/2019/03/unia-fenix-30003.jpg 700w, https://recarprofi.cz/wp-content/uploads/2019/03/unia-fenix-30003-600x386.jpg 600w, https://recarprofi.cz/wp-content/uploads/2019/03/unia-fenix-30003-420x270.jpg 420w" sizes="(max-width: 700px) 100vw, 700px" /></a><a href="http://recarprofi.cz/wp-content/uploads/2019/03/unia-fenix-30004.jpg"><img decoding="async" class="aligncenter wp-image-11819 size-full" src="https://recarprofi.cz/wp-content/uploads/2019/03/unia-fenix-30004-e1560323183214.jpg" alt="" width="700" height="450" srcset="https://recarprofi.cz/wp-content/uploads/2019/03/unia-fenix-30004-e1560323183214.jpg 700w, https://recarprofi.cz/wp-content/uploads/2019/03/unia-fenix-30004-e1560323183214-600x386.jpg 600w" sizes="(max-width: 700px) 100vw, 700px" /></a></p><p><a href="http://recarprofi.cz/wp-content/uploads/2019/03/unia-fenix-30001.jpg"><img loading="lazy" decoding="async" class="aligncenter wp-image-11816 size-full" src="https://recarprofi.cz/wp-content/uploads/2019/03/unia-fenix-30001.jpg" alt="" width="700" height="450" srcset="https://recarprofi.cz/wp-content/uploads/2019/03/unia-fenix-30001.jpg 700w, https://recarprofi.cz/wp-content/uploads/2019/03/unia-fenix-30001-600x386.jpg 600w, https://recarprofi.cz/wp-content/uploads/2019/03/unia-fenix-30001-420x270.jpg 420w" sizes="(max-width: 700px) 100vw, 700px" /></a><a href="http://recarprofi.cz/wp-content/uploads/2019/03/unia-fenix-30002.jpg"><img loading="lazy" decoding="async" class="aligncenter wp-image-11817 size-large" src="https://recarprofi.cz/wp-content/uploads/2019/03/unia-fenix-30002-1200x675.jpg" alt="" width="1140" height="641" srcset="https://recarprofi.cz/wp-content/uploads/2019/03/unia-fenix-30002-1200x675.jpg 1200w, https://recarprofi.cz/wp-content/uploads/2019/03/unia-fenix-30002-600x338.jpg 600w, https://recarprofi.cz/wp-content/uploads/2019/03/unia-fenix-30002-420x236.jpg 420w, https://recarprofi.cz/wp-content/uploads/2019/03/unia-fenix-30002-744x419.jpg 744w, https://recarprofi.cz/wp-content/uploads/2019/03/unia-fenix-30002-768x432.jpg 768w, https://recarprofi.cz/wp-content/uploads/2019/03/unia-fenix-30002.jpg 1280w" sizes="(max-width: 1140px) 100vw, 1140px" /></a></p><p><a href="http://recarprofi.cz/wp-content/uploads/2019/03/unia-fenix-30005.jpg"><img loading="lazy" decoding="async" class="aligncenter wp-image-11821 size-full" src="https://recarprofi.cz/wp-content/uploads/2019/03/unia-fenix-30005-e1560323194785.jpg" alt="" width="1067" height="800" srcset="https://recarprofi.cz/wp-content/uploads/2019/03/unia-fenix-30005-e1560323194785.jpg 1067w, https://recarprofi.cz/wp-content/uploads/2019/03/unia-fenix-30005-e1560323194785-600x450.jpg 600w" sizes="(max-width: 1067px) 100vw, 1067px" /></a></p>								</div>
				</div>
					</div>
		</div>
					</div>
		</section>
				</div>

<p>Secí stroj FENIX 3000 je nástavbový secí stroj s pneumatickým výsevním ústrojím s rozdělovací hlavou uvnitř zásobníku osiva vhodný k vytvoření secí kombinace s jakýmkoli agregátem k přípravě půdy. Centrální výsevní ústrojí dávkuje výsevek pro&hellip;</p>
