{"id":11963,"date":"2019-04-04T15:09:59","date_gmt":"2019-04-04T13:09:59","guid":{"rendered":"http:\/\/recarprofi.cz\/?page_id=11963"},"modified":"2024-04-25T15:00:13","modified_gmt":"2024-04-25T13:00:13","slug":"quicke-2","status":"publish","type":"page","link":"https:\/\/recarprofi.cz\/uvod\/zemedelska-technika\/manipulace\/celni-nakladace-pro-traktory\/quicke-2\/","title":{"rendered":"\u010celn\u00ed naklada\u010de Quicke"},"content":{"rendered":"\t\t<div data-elementor-type=\"wp-page\" data-elementor-id=\"11963\" class=\"elementor elementor-11963\">\n\t\t\t\t\t\t<section class=\"elementor-section elementor-top-section elementor-element elementor-element-78d32156 elementor-section-boxed elementor-section-height-default elementor-section-height-default\" data-id=\"78d32156\" data-element_type=\"section\" data-e-type=\"section\">\n\t\t\t\t\t\t<div class=\"elementor-container elementor-column-gap-default\">\n\t\t\t\t\t<div class=\"elementor-column elementor-col-100 elementor-top-column elementor-element elementor-element-79f41171\" data-id=\"79f41171\" data-element_type=\"column\" data-e-type=\"column\">\n\t\t\t<div class=\"elementor-widget-wrap elementor-element-populated\">\n\t\t\t\t\t\t<div class=\"elementor-element elementor-element-5c8a37c6 elementor-widget elementor-widget-text-editor\" data-id=\"5c8a37c6\" data-element_type=\"widget\" data-e-type=\"widget\" data-widget_type=\"text-editor.default\">\n\t\t\t\t<div class=\"elementor-widget-container\">\n\t\t\t\t\t\t\t\t\t<p><a href=\"http:\/\/recarprofi.cz\/wp-content\/uploads\/2019\/03\/quicke.png\"><img fetchpriority=\"high\" decoding=\"async\" class=\"aligncenter wp-image-11619 size-full\" src=\"https:\/\/recarprofi.cz\/wp-content\/uploads\/2019\/03\/quicke.png\" alt=\"\" width=\"1215\" height=\"980\" srcset=\"https:\/\/recarprofi.cz\/wp-content\/uploads\/2019\/03\/quicke.png 1215w, https:\/\/recarprofi.cz\/wp-content\/uploads\/2019\/03\/quicke-600x484.png 600w, https:\/\/recarprofi.cz\/wp-content\/uploads\/2019\/03\/quicke-420x339.png 420w, https:\/\/recarprofi.cz\/wp-content\/uploads\/2019\/03\/quicke-744x600.png 744w, https:\/\/recarprofi.cz\/wp-content\/uploads\/2019\/03\/quicke-768x619.png 768w, https:\/\/recarprofi.cz\/wp-content\/uploads\/2019\/03\/quicke-1200x968.png 1200w\" sizes=\"(max-width: 1215px) 100vw, 1215px\" \/><\/a><\/p><h4>Sv\u011bt se m\u011bn\u00ed a stejn\u011b tak i zp\u016fsoby farma\u0159en\u00ed. V\u0161ichni v\u00edt\u00e1me nov\u00e9 my\u0161lenky a zm\u011bny. D\u00edky chyt\u0159ej\u0161\u00edm n\u00e1stroj\u016fm je tato zm\u011bna p\u0159\u00edle\u017eitost\u00ed p\u0159ijmout v\u00fdzvu a naj\u00edt nov\u00e9 zp\u016fsoby zlep\u0161en\u00ed va\u0161eho podnik\u00e1n\u00ed. V\u0161e, co spole\u010dnost Quicke d\u011bl\u00e1, a\u017e po ten nejmen\u0161\u00ed svar, d\u011bl\u00e1 s jedinou my\u0161lenkou: Zlep\u0161it v\u00fdkonnost obsluhy stroje pomoc\u00ed velmi vysok\u00e9 kvality a \u0161ikovn\u00fdch drobnost\u00ed, kter\u00e9 jsou ned\u00edlnou sou\u010d\u00e1st\u00ed na\u0161ich v\u00fdrobk\u016f. Ve spole\u010dnosti Quicke jsme v\u011bnovali v\u00edce ne\u017e sedmdes\u00e1t let zdokonalov\u00e1n\u00ed na\u0161\u00ed vlajkov\u00e9 lodi mezi \u010deln\u00edmi naklada\u010di. A nyn\u00ed p\u0159edstavujeme v\u00fdsledek.<\/h4><h4>Inov\u00e1tor<br \/>Nov\u00e1 \u0159ada Q spole\u010dnosti Quicke byla navr\u017eena pro modern\u00ed farma\u0159en\u00ed. D\u00edky inovac\u00edm, promy\u0161len\u00e9mu designu a celkov\u00e9mu konceptu nab\u00edz\u00edme chytr\u00e1 \u0159e\u0161en\u00ed, kter\u00e1 v\u00e1s posunou o krok p\u0159ed ostatn\u00ed. Vytvo\u0159ili jsme naklada\u010d p\u0159ipraven\u00fd pro budoucnost. Od sv\u00e9ho televizoru, telefonu \u010di automobilu o\u010dek\u00e1v\u00e1te, \u017ee budou chytr\u00e9. Pro\u010d o\u010dek\u00e1vat m\u00e9n\u011b od \u010deln\u00edho naklada\u010de?<\/h4><h4>Nov\u00fd digit\u00e1ln\u00ed \u010deln\u00ed naklada\u010d<br \/>Co je nejd\u016fle\u017eit\u011bj\u0161\u00ed, \u0159ada Q nyn\u00ed do sv\u011bta naklada\u010d\u016f zav\u00e1d\u00ed digit\u00e1ln\u00ed platformu: Q-Companion. Komplexn\u00ed digit\u00e1ln\u00ed \u0159e\u0161en\u00ed pro efektivn\u00ed a bezpe\u010dnou obsluhu \u010deln\u00edho naklada\u010de.<\/h4><h4>P\u0159ich\u00e1z\u00ed budoucnost<br \/>Jako modern\u00ed farm\u00e1\u0159 neust\u00e1le hled\u00e1te chyt\u0159ej\u0161\u00ed zp\u016fsoby pr\u00e1ce. \u0158ada Q je navr\u017eena, aby se zcela harmonizovala s va\u0161\u00edm traktorem. Co je nejd\u016fle\u017eit\u011bj\u0161\u00ed, \u0159ada Q nyn\u00ed do sv\u011bta naklada\u010d\u016f zav\u00e1d\u00ed digit\u00e1ln\u00ed prost\u0159ed\u00ed: Q-Companion. Komplexn\u00ed digit\u00e1ln\u00ed \u0159e\u0161en\u00ed pro efektivn\u00ed a bezpe\u010dnou obsluhu \u010deln\u00edho naklada\u010de.<\/h4><p><em><strong>Prospekt: <span style=\"color: #ff0000;\"><a style=\"color: #ff0000;\" href=\"http:\/\/recarprofi.cz\/wp-content\/uploads\/2019\/04\/quicke.pdf\">Quicke<\/a><\/span><\/strong><\/em><\/p><p><a href=\"http:\/\/recarprofi.cz\/wp-content\/uploads\/2019\/04\/quicke3.jpg\"><img decoding=\"async\" class=\"aligncenter wp-image-11966 size-full\" src=\"https:\/\/recarprofi.cz\/wp-content\/uploads\/2019\/04\/quicke3.jpg\" alt=\"\" width=\"728\" height=\"380\" srcset=\"https:\/\/recarprofi.cz\/wp-content\/uploads\/2019\/04\/quicke3.jpg 728w, https:\/\/recarprofi.cz\/wp-content\/uploads\/2019\/04\/quicke3-600x313.jpg 600w, https:\/\/recarprofi.cz\/wp-content\/uploads\/2019\/04\/quicke3-420x219.jpg 420w\" sizes=\"(max-width: 728px) 100vw, 728px\" \/><\/a><a href=\"http:\/\/recarprofi.cz\/wp-content\/uploads\/2019\/04\/quicke2.jpg\"><img decoding=\"async\" class=\"aligncenter wp-image-11965 size-full\" src=\"https:\/\/recarprofi.cz\/wp-content\/uploads\/2019\/04\/quicke2.jpg\" alt=\"\" width=\"622\" height=\"412\" srcset=\"https:\/\/recarprofi.cz\/wp-content\/uploads\/2019\/04\/quicke2.jpg 622w, https:\/\/recarprofi.cz\/wp-content\/uploads\/2019\/04\/quicke2-600x397.jpg 600w, https:\/\/recarprofi.cz\/wp-content\/uploads\/2019\/04\/quicke2-420x278.jpg 420w\" sizes=\"(max-width: 622px) 100vw, 622px\" \/><\/a><\/p>\t\t\t\t\t\t\t\t<\/div>\n\t\t\t\t<\/div>\n\t\t\t\t\t<\/div>\n\t\t<\/div>\n\t\t\t\t\t<\/div>\n\t\t<\/section>\n\t\t\t\t<\/div>\n\t\t","protected":false},"excerpt":{"rendered":"<p>Sv\u011bt se m\u011bn\u00ed a stejn\u011b tak i zp\u016fsoby farma\u0159en\u00ed. V\u0161ichni v\u00edt\u00e1me nov\u00e9 my\u0161lenky a zm\u011bny. D\u00edky chyt\u0159ej\u0161\u00edm n\u00e1stroj\u016fm je tato zm\u011bna p\u0159\u00edle\u017eitost\u00ed p\u0159ijmout v\u00fdzvu a naj\u00edt nov\u00e9 zp\u016fsoby zlep\u0161en\u00ed va\u0161eho podnik\u00e1n\u00ed. V\u0161e, co spole\u010dnost Quicke&hellip;<\/p>\n","protected":false},"author":1,"featured_media":0,"parent":3334,"menu_order":1,"comment_status":"closed","ping_status":"closed","template":"","meta":{"footnotes":""},"class_list":["post-11963","page","type-page","status-publish","hentry"],"_links":{"self":[{"href":"https:\/\/recarprofi.cz\/uvod\/wp-json\/wp\/v2\/pages\/11963","targetHints":{"allow":["GET"]}}],"collection":[{"href":"https:\/\/recarprofi.cz\/uvod\/wp-json\/wp\/v2\/pages"}],"about":[{"href":"https:\/\/recarprofi.cz\/uvod\/wp-json\/wp\/v2\/types\/page"}],"author":[{"embeddable":true,"href":"https:\/\/recarprofi.cz\/uvod\/wp-json\/wp\/v2\/users\/1"}],"replies":[{"embeddable":true,"href":"https:\/\/recarprofi.cz\/uvod\/wp-json\/wp\/v2\/comments?post=11963"}],"version-history":[{"count":3,"href":"https:\/\/recarprofi.cz\/uvod\/wp-json\/wp\/v2\/pages\/11963\/revisions"}],"predecessor-version":[{"id":21113,"href":"https:\/\/recarprofi.cz\/uvod\/wp-json\/wp\/v2\/pages\/11963\/revisions\/21113"}],"up":[{"embeddable":true,"href":"https:\/\/recarprofi.cz\/uvod\/wp-json\/wp\/v2\/pages\/3334"}],"wp:attachment":[{"href":"https:\/\/recarprofi.cz\/uvod\/wp-json\/wp\/v2\/media?parent=11963"}],"curies":[{"name":"wp","href":"https:\/\/api.w.org\/{rel}","templated":true}]}}

Čelní nakladače Quicke

<div data-elementor-type="wp-page" data-elementor-id="11963" class="elementor elementor-11963">
						<section class="elementor-section elementor-top-section elementor-element elementor-element-78d32156 elementor-section-boxed elementor-section-height-default elementor-section-height-default" data-id="78d32156" data-element_type="section" data-e-type="section">
						<div class="elementor-container elementor-column-gap-default">
					<div class="elementor-column elementor-col-100 elementor-top-column elementor-element elementor-element-79f41171" data-id="79f41171" data-element_type="column" data-e-type="column">
			<div class="elementor-widget-wrap elementor-element-populated">
						<div class="elementor-element elementor-element-5c8a37c6 elementor-widget elementor-widget-text-editor" data-id="5c8a37c6" data-element_type="widget" data-e-type="widget" data-widget_type="text-editor.default">
				<div class="elementor-widget-container">
									<p><a href="http://recarprofi.cz/wp-content/uploads/2019/03/quicke.png"><img fetchpriority="high" decoding="async" class="aligncenter wp-image-11619 size-full" src="https://recarprofi.cz/wp-content/uploads/2019/03/quicke.png" alt="" width="1215" height="980" srcset="https://recarprofi.cz/wp-content/uploads/2019/03/quicke.png 1215w, https://recarprofi.cz/wp-content/uploads/2019/03/quicke-600x484.png 600w, https://recarprofi.cz/wp-content/uploads/2019/03/quicke-420x339.png 420w, https://recarprofi.cz/wp-content/uploads/2019/03/quicke-744x600.png 744w, https://recarprofi.cz/wp-content/uploads/2019/03/quicke-768x619.png 768w, https://recarprofi.cz/wp-content/uploads/2019/03/quicke-1200x968.png 1200w" sizes="(max-width: 1215px) 100vw, 1215px" /></a></p><h4>Svět se mění a stejně tak i způsoby farmaření. Všichni vítáme nové myšlenky a změny. Díky chytřejším nástrojům je tato změna příležitostí přijmout výzvu a najít nové způsoby zlepšení vašeho podnikání. Vše, co společnost Quicke dělá, až po ten nejmenší svar, dělá s jedinou myšlenkou: Zlepšit výkonnost obsluhy stroje pomocí velmi vysoké kvality a šikovných drobností, které jsou nedílnou součástí našich výrobků. Ve společnosti Quicke jsme věnovali více než sedmdesát let zdokonalování naší vlajkové lodi mezi čelními nakladači. A nyní představujeme výsledek.</h4><h4>Inovátor<br />Nová řada Q společnosti Quicke byla navržena pro moderní farmaření. Díky inovacím, promyšlenému designu a celkovému konceptu nabízíme chytrá řešení, která vás posunou o krok před ostatní. Vytvořili jsme nakladač připravený pro budoucnost. Od svého televizoru, telefonu či automobilu očekáváte, že budou chytré. Proč očekávat méně od čelního nakladače?</h4><h4>Nový digitální čelní nakladač<br />Co je nejdůležitější, řada Q nyní do světa nakladačů zavádí digitální platformu: Q-Companion. Komplexní digitální řešení pro efektivní a bezpečnou obsluhu čelního nakladače.</h4><h4>Přichází budoucnost<br />Jako moderní farmář neustále hledáte chytřejší způsoby práce. Řada Q je navržena, aby se zcela harmonizovala s vaším traktorem. Co je nejdůležitější, řada Q nyní do světa nakladačů zavádí digitální prostředí: Q-Companion. Komplexní digitální řešení pro efektivní a bezpečnou obsluhu čelního nakladače.</h4><p><em><strong>Prospekt: <span style="color: #ff0000;"><a style="color: #ff0000;" href="http://recarprofi.cz/wp-content/uploads/2019/04/quicke.pdf">Quicke</a></span></strong></em></p><p><a href="http://recarprofi.cz/wp-content/uploads/2019/04/quicke3.jpg"><img decoding="async" class="aligncenter wp-image-11966 size-full" src="https://recarprofi.cz/wp-content/uploads/2019/04/quicke3.jpg" alt="" width="728" height="380" srcset="https://recarprofi.cz/wp-content/uploads/2019/04/quicke3.jpg 728w, https://recarprofi.cz/wp-content/uploads/2019/04/quicke3-600x313.jpg 600w, https://recarprofi.cz/wp-content/uploads/2019/04/quicke3-420x219.jpg 420w" sizes="(max-width: 728px) 100vw, 728px" /></a><a href="http://recarprofi.cz/wp-content/uploads/2019/04/quicke2.jpg"><img decoding="async" class="aligncenter wp-image-11965 size-full" src="https://recarprofi.cz/wp-content/uploads/2019/04/quicke2.jpg" alt="" width="622" height="412" srcset="https://recarprofi.cz/wp-content/uploads/2019/04/quicke2.jpg 622w, https://recarprofi.cz/wp-content/uploads/2019/04/quicke2-600x397.jpg 600w, https://recarprofi.cz/wp-content/uploads/2019/04/quicke2-420x278.jpg 420w" sizes="(max-width: 622px) 100vw, 622px" /></a></p>								</div>
				</div>
					</div>
		</div>
					</div>
		</section>
				</div>

<p>Svět se mění a stejně tak i způsoby farmaření. Všichni vítáme nové myšlenky a změny. Díky chytřejším nástrojům je tato změna příležitostí přijmout výzvu a najít nové způsoby zlepšení vašeho podnikání. Vše, co společnost Quicke&hellip;</p>
