{"id":11969,"date":"2019-04-05T08:19:05","date_gmt":"2019-04-05T06:19:05","guid":{"rendered":"http:\/\/recarprofi.cz\/?page_id=11969"},"modified":"2026-01-08T14:50:21","modified_gmt":"2026-01-08T13:50:21","slug":"quicke-compact-2","status":"publish","type":"page","link":"https:\/\/recarprofi.cz\/uvod\/zemedelska-technika\/manipulace\/celni-nakladace-pro-traktory\/quicke-compact-2\/","title":{"rendered":"\u010celn\u00ed naklada\u010de Quicke Compact"},"content":{"rendered":"\t\t<div data-elementor-type=\"wp-page\" data-elementor-id=\"11969\" class=\"elementor elementor-11969\">\n\t\t\t\t\t\t<section class=\"elementor-section elementor-top-section elementor-element elementor-element-215505b elementor-section-boxed elementor-section-height-default elementor-section-height-default\" data-id=\"215505b\" data-element_type=\"section\" data-e-type=\"section\">\n\t\t\t\t\t\t<div class=\"elementor-container elementor-column-gap-default\">\n\t\t\t\t\t<div class=\"elementor-column elementor-col-100 elementor-top-column elementor-element elementor-element-67f107a8\" data-id=\"67f107a8\" data-element_type=\"column\" data-e-type=\"column\">\n\t\t\t<div class=\"elementor-widget-wrap elementor-element-populated\">\n\t\t\t\t\t\t<div class=\"elementor-element elementor-element-79d479cd elementor-widget elementor-widget-text-editor\" data-id=\"79d479cd\" data-element_type=\"widget\" data-e-type=\"widget\" data-widget_type=\"text-editor.default\">\n\t\t\t\t<div class=\"elementor-widget-container\">\n\t\t\t\t\t\t\t\t\t<p><a href=\"http:\/\/recarprofi.cz\/wp-content\/uploads\/2019\/04\/quicke-compact1.jpg\"><img fetchpriority=\"high\" decoding=\"async\" class=\"aligncenter wp-image-11970\" src=\"http:\/\/recarprofi.cz\/wp-content\/uploads\/2019\/04\/quicke-compact1-1200x906.jpg\" alt=\"\" width=\"1200\" height=\"906\" srcset=\"https:\/\/recarprofi.cz\/wp-content\/uploads\/2019\/04\/quicke-compact1-1200x906.jpg 1200w, https:\/\/recarprofi.cz\/wp-content\/uploads\/2019\/04\/quicke-compact1-600x453.jpg 600w, https:\/\/recarprofi.cz\/wp-content\/uploads\/2019\/04\/quicke-compact1-420x317.jpg 420w, https:\/\/recarprofi.cz\/wp-content\/uploads\/2019\/04\/quicke-compact1-744x562.jpg 744w, https:\/\/recarprofi.cz\/wp-content\/uploads\/2019\/04\/quicke-compact1-768x580.jpg 768w, https:\/\/recarprofi.cz\/wp-content\/uploads\/2019\/04\/quicke-compact1.jpg 2000w\" sizes=\"(max-width: 1200px) 100vw, 1200px\" \/><\/a><\/p><p>Naklada\u010de Quicke Compact je zcela nov\u00e1 \u0159ada kompaktn\u00edch naklada\u010d\u016f se v\u0161emi sv\u011btov\u011b uzn\u00e1van\u00fdmi v\u00fdhodami velk\u00fdch naklada\u010d\u016f Quicke. Nejlep\u0161\u00ed konstrukce a vlastnosti naklada\u010d\u016f na sv\u011bt\u011b \u2013 z\u00e1sadn\u00ed v\u00fdhoda Quicke &#8211; jsou nyn\u00ed k dispozici pro v\u00e1\u0161 kompaktn\u00ed traktor. Sami pozn\u00e1te opravdov\u00fd rozd\u00edl ve zvedac\u00ed s\u00edle, pohodln\u00e9m a citliv\u00e9m ovl\u00e1d\u00e1n\u00ed v\u0161ech funkc\u00ed a v ka\u017ed\u00e9m chytr\u00e9m detailu. D\u00edky profesion\u00e1ln\u00edmu proveden\u00ed a pou\u017eit\u00fdm standard\u016fm, kter\u00e9 m\u00e1te v\u017edy k dispozici, je v\u00e1\u0161 pracovn\u00ed den pln\u011b zaji\u0161t\u011bn a maxim\u00e1ln\u011b produktivn\u00ed. Organizace a \u00fadr\u017eba na farm\u00e1ch, manipulace s plodinami, golfov\u00e1 h\u0159i\u0161t\u011b, ve\u0159ejn\u00e9 parky, travnat\u00e9 plochy, seznam je nekone\u010dn\u00fd. Nez\u00e1le\u017e\u00ed na tom jakou pr\u00e1ci d\u011bl\u00e1te se sv\u00fdm kompaktn\u00edm traktorem. Tento naklada\u010d v\u00fdrazn\u011b zved\u00e1 nastavenou la\u0165ku pro to, \u010deho s n\u00edm m\u016f\u017eete dos\u00e1hnout d\u00edky mnoha v\u00fdhod\u00e1m.\u00a0 Uve\u010fme nap\u0159\u00edklad optim\u00e1ln\u00ed v\u00fdhled, kter\u00fd je zaru\u010den d\u00edky unik\u00e1tn\u011b ulo\u017een\u00e9 p\u0159\u00ed\u010dn\u00e9 v\u00fdstuze a\u017e ve \u0161pi\u010dce v\u00fdlo\u017en\u00edku. Nebo vysok\u00e1 pracovn\u00ed spolehlivost stroje d\u00edky bezpe\u010dn\u011b ulo\u017een\u00fdm a chr\u00e1n\u011bn\u00fdm hydraulick\u00fdm hadic\u00edm uvnit\u0159 ramen naklada\u010de. Nezapome\u0148te tak\u00e9 na \u00fadr\u017ebu. Jednodu\u0161e nama\u017eete v\u0161echny \u010depy snadno p\u0159\u00edstupn\u00fdmi maznicemi z vn\u011bj\u0161\u00ed strany, kter\u00e9 jsou chr\u00e1n\u011bny celoplo\u0161nou lehce otev\u00edratelnou krytkou. Tak se neuma\u017eete a v\u00e1\u0161 traktor s naklada\u010dem z\u016fstanou dokonale \u010dist\u00ed i po tlakov\u00e9m myt\u00ed. \u017d\u00e1dn\u00fd mazac\u00ed tuk nebude rozst\u0159\u00edk\u00e1n po stroji. A tak bychom mohli pokra\u010dovat, ale v\u0161echny detaily vedou k jedin\u00e9mu z\u00e1v\u011bru: Vyberte si Quicke, kdy\u017e chcete ze sv\u00e9ho kompaktn\u00edho traktoru z\u00edskat to nejlep\u0161\u00ed.<\/p><p><em><strong>Prospekt: <span style=\"color: #ff0000;\"><a style=\"color: #ff0000;\" href=\"http:\/\/recarprofi.cz\/wp-content\/uploads\/2019\/04\/quicke-compact.pdf\">Quicke Compact<\/a><\/span><\/strong><\/em><\/p><p>\u00a0<\/p><p><a href=\"http:\/\/recarprofi.cz\/wp-content\/uploads\/2019\/04\/quicke-compact3.jpg\"><img decoding=\"async\" class=\"aligncenter wp-image-11974 size-large\" src=\"https:\/\/recarprofi.cz\/wp-content\/uploads\/2019\/04\/quicke-compact3-1200x800.jpg\" alt=\"\" width=\"1140\" height=\"760\" srcset=\"https:\/\/recarprofi.cz\/wp-content\/uploads\/2019\/04\/quicke-compact3-1200x800.jpg 1200w, https:\/\/recarprofi.cz\/wp-content\/uploads\/2019\/04\/quicke-compact3-600x400.jpg 600w, https:\/\/recarprofi.cz\/wp-content\/uploads\/2019\/04\/quicke-compact3-420x280.jpg 420w, https:\/\/recarprofi.cz\/wp-content\/uploads\/2019\/04\/quicke-compact3-744x496.jpg 744w, https:\/\/recarprofi.cz\/wp-content\/uploads\/2019\/04\/quicke-compact3-768x512.jpg 768w, https:\/\/recarprofi.cz\/wp-content\/uploads\/2019\/04\/quicke-compact3.jpg 2000w\" sizes=\"(max-width: 1140px) 100vw, 1140px\" \/><\/a><\/p><p>\u00a0<\/p><p><a href=\"https:\/\/recarprofi.cz\/wp-content\/uploads\/2019\/09\/quicke-drapak1-e1569570854213.jpg\"><img decoding=\"async\" class=\"size-medium wp-image-14764 aligncenter\" src=\"https:\/\/recarprofi.cz\/wp-content\/uploads\/2019\/09\/quicke-drapak1-744x496.jpg\" alt=\"\" width=\"744\" height=\"496\" \/><\/a><\/p>\t\t\t\t\t\t\t\t<\/div>\n\t\t\t\t<\/div>\n\t\t\t\t\t<\/div>\n\t\t<\/div>\n\t\t\t\t\t<\/div>\n\t\t<\/section>\n\t\t\t\t<\/div>\n\t\t","protected":false},"excerpt":{"rendered":"<p>Naklada\u010de Quicke Compact je zcela nov\u00e1 \u0159ada kompaktn\u00edch naklada\u010d\u016f se v\u0161emi sv\u011btov\u011b uzn\u00e1van\u00fdmi v\u00fdhodami velk\u00fdch naklada\u010d\u016f Quicke. Nejlep\u0161\u00ed konstrukce a vlastnosti naklada\u010d\u016f na sv\u011bt\u011b \u2013 z\u00e1sadn\u00ed v\u00fdhoda Quicke &#8211; jsou nyn\u00ed k dispozici pro v\u00e1\u0161&hellip;<\/p>\n","protected":false},"author":1,"featured_media":0,"parent":3334,"menu_order":2,"comment_status":"closed","ping_status":"closed","template":"","meta":{"footnotes":""},"class_list":["post-11969","page","type-page","status-publish","hentry"],"_links":{"self":[{"href":"https:\/\/recarprofi.cz\/uvod\/wp-json\/wp\/v2\/pages\/11969","targetHints":{"allow":["GET"]}}],"collection":[{"href":"https:\/\/recarprofi.cz\/uvod\/wp-json\/wp\/v2\/pages"}],"about":[{"href":"https:\/\/recarprofi.cz\/uvod\/wp-json\/wp\/v2\/types\/page"}],"author":[{"embeddable":true,"href":"https:\/\/recarprofi.cz\/uvod\/wp-json\/wp\/v2\/users\/1"}],"replies":[{"embeddable":true,"href":"https:\/\/recarprofi.cz\/uvod\/wp-json\/wp\/v2\/comments?post=11969"}],"version-history":[{"count":10,"href":"https:\/\/recarprofi.cz\/uvod\/wp-json\/wp\/v2\/pages\/11969\/revisions"}],"predecessor-version":[{"id":32702,"href":"https:\/\/recarprofi.cz\/uvod\/wp-json\/wp\/v2\/pages\/11969\/revisions\/32702"}],"up":[{"embeddable":true,"href":"https:\/\/recarprofi.cz\/uvod\/wp-json\/wp\/v2\/pages\/3334"}],"wp:attachment":[{"href":"https:\/\/recarprofi.cz\/uvod\/wp-json\/wp\/v2\/media?parent=11969"}],"curies":[{"name":"wp","href":"https:\/\/api.w.org\/{rel}","templated":true}]}}

Čelní nakladače Quicke Compact

<div data-elementor-type="wp-page" data-elementor-id="11969" class="elementor elementor-11969">
						<section class="elementor-section elementor-top-section elementor-element elementor-element-215505b elementor-section-boxed elementor-section-height-default elementor-section-height-default" data-id="215505b" data-element_type="section" data-e-type="section">
						<div class="elementor-container elementor-column-gap-default">
					<div class="elementor-column elementor-col-100 elementor-top-column elementor-element elementor-element-67f107a8" data-id="67f107a8" data-element_type="column" data-e-type="column">
			<div class="elementor-widget-wrap elementor-element-populated">
						<div class="elementor-element elementor-element-79d479cd elementor-widget elementor-widget-text-editor" data-id="79d479cd" data-element_type="widget" data-e-type="widget" data-widget_type="text-editor.default">
				<div class="elementor-widget-container">
									<p><a href="http://recarprofi.cz/wp-content/uploads/2019/04/quicke-compact1.jpg"><img fetchpriority="high" decoding="async" class="aligncenter wp-image-11970" src="http://recarprofi.cz/wp-content/uploads/2019/04/quicke-compact1-1200x906.jpg" alt="" width="1200" height="906" srcset="https://recarprofi.cz/wp-content/uploads/2019/04/quicke-compact1-1200x906.jpg 1200w, https://recarprofi.cz/wp-content/uploads/2019/04/quicke-compact1-600x453.jpg 600w, https://recarprofi.cz/wp-content/uploads/2019/04/quicke-compact1-420x317.jpg 420w, https://recarprofi.cz/wp-content/uploads/2019/04/quicke-compact1-744x562.jpg 744w, https://recarprofi.cz/wp-content/uploads/2019/04/quicke-compact1-768x580.jpg 768w, https://recarprofi.cz/wp-content/uploads/2019/04/quicke-compact1.jpg 2000w" sizes="(max-width: 1200px) 100vw, 1200px" /></a></p><p>Nakladače Quicke Compact je zcela nová řada kompaktních nakladačů se všemi světově uznávanými výhodami velkých nakladačů Quicke. Nejlepší konstrukce a vlastnosti nakladačů na světě – zásadní výhoda Quicke &#8211; jsou nyní k dispozici pro váš kompaktní traktor. Sami poznáte opravdový rozdíl ve zvedací síle, pohodlném a citlivém ovládání všech funkcí a v každém chytrém detailu. Díky profesionálnímu provedení a použitým standardům, které máte vždy k dispozici, je váš pracovní den plně zajištěn a maximálně produktivní. Organizace a údržba na farmách, manipulace s plodinami, golfová hřiště, veřejné parky, travnaté plochy, seznam je nekonečný. Nezáleží na tom jakou práci děláte se svým kompaktním traktorem. Tento nakladač výrazně zvedá nastavenou laťku pro to, čeho s ním můžete dosáhnout díky mnoha výhodám.  Uveďme například optimální výhled, který je zaručen díky unikátně uložené příčné výstuze až ve špičce výložníku. Nebo vysoká pracovní spolehlivost stroje díky bezpečně uloženým a chráněným hydraulickým hadicím uvnitř ramen nakladače. Nezapomeňte také na údržbu. Jednoduše namažete všechny čepy snadno přístupnými maznicemi z vnější strany, které jsou chráněny celoplošnou lehce otevíratelnou krytkou. Tak se neumažete a váš traktor s nakladačem zůstanou dokonale čistí i po tlakovém mytí. Žádný mazací tuk nebude rozstříkán po stroji. A tak bychom mohli pokračovat, ale všechny detaily vedou k jedinému závěru: Vyberte si Quicke, když chcete ze svého kompaktního traktoru získat to nejlepší.</p><p><em><strong>Prospekt: <span style="color: #ff0000;"><a style="color: #ff0000;" href="http://recarprofi.cz/wp-content/uploads/2019/04/quicke-compact.pdf">Quicke Compact</a></span></strong></em></p><p> </p><p><a href="http://recarprofi.cz/wp-content/uploads/2019/04/quicke-compact3.jpg"><img decoding="async" class="aligncenter wp-image-11974 size-large" src="https://recarprofi.cz/wp-content/uploads/2019/04/quicke-compact3-1200x800.jpg" alt="" width="1140" height="760" srcset="https://recarprofi.cz/wp-content/uploads/2019/04/quicke-compact3-1200x800.jpg 1200w, https://recarprofi.cz/wp-content/uploads/2019/04/quicke-compact3-600x400.jpg 600w, https://recarprofi.cz/wp-content/uploads/2019/04/quicke-compact3-420x280.jpg 420w, https://recarprofi.cz/wp-content/uploads/2019/04/quicke-compact3-744x496.jpg 744w, https://recarprofi.cz/wp-content/uploads/2019/04/quicke-compact3-768x512.jpg 768w, https://recarprofi.cz/wp-content/uploads/2019/04/quicke-compact3.jpg 2000w" sizes="(max-width: 1140px) 100vw, 1140px" /></a></p><p> </p><p><a href="https://recarprofi.cz/wp-content/uploads/2019/09/quicke-drapak1-e1569570854213.jpg"><img decoding="async" class="size-medium wp-image-14764 aligncenter" src="https://recarprofi.cz/wp-content/uploads/2019/09/quicke-drapak1-744x496.jpg" alt="" width="744" height="496" /></a></p>								</div>
				</div>
					</div>
		</div>
					</div>
		</section>
				</div>

<p>Nakladače Quicke Compact je zcela nová řada kompaktních nakladačů se všemi světově uznávanými výhodami velkých nakladačů Quicke. Nejlepší konstrukce a vlastnosti nakladačů na světě – zásadní výhoda Quicke &#8211; jsou nyní k dispozici pro váš&hellip;</p>
