{"id":11979,"date":"2019-04-05T08:44:58","date_gmt":"2019-04-05T06:44:58","guid":{"rendered":"http:\/\/recarprofi.cz\/?page_id=11979"},"modified":"2026-01-08T14:53:08","modified_gmt":"2026-01-08T13:53:08","slug":"tur","status":"publish","type":"page","link":"https:\/\/recarprofi.cz\/uvod\/zemedelska-technika\/manipulace\/celni-nakladace-pro-traktory\/tur\/","title":{"rendered":"\u010celn\u00ed naklada\u010de TUR"},"content":{"rendered":"\t\t<div data-elementor-type=\"wp-page\" data-elementor-id=\"11979\" class=\"elementor elementor-11979\">\n\t\t\t\t\t\t<section class=\"elementor-section elementor-top-section elementor-element elementor-element-5791d09b elementor-section-boxed elementor-section-height-default elementor-section-height-default\" data-id=\"5791d09b\" data-element_type=\"section\" data-e-type=\"section\">\n\t\t\t\t\t\t<div class=\"elementor-container elementor-column-gap-default\">\n\t\t\t\t\t<div class=\"elementor-column elementor-col-100 elementor-top-column elementor-element elementor-element-66f3ec3f\" data-id=\"66f3ec3f\" data-element_type=\"column\" data-e-type=\"column\">\n\t\t\t<div class=\"elementor-widget-wrap elementor-element-populated\">\n\t\t\t\t\t\t<div class=\"elementor-element elementor-element-15c9e452 elementor-widget elementor-widget-text-editor\" data-id=\"15c9e452\" data-element_type=\"widget\" data-e-type=\"widget\" data-widget_type=\"text-editor.default\">\n\t\t\t\t<div class=\"elementor-widget-container\">\n\t\t\t\t\t\t\t\t\t<p>\u00a0<\/p><p><a href=\"https:\/\/recarprofi.cz\/wp-content\/uploads\/2019\/04\/tur2.jpg\"><img fetchpriority=\"high\" decoding=\"async\" class=\"alignnone size-medium wp-image-11981\" src=\"https:\/\/recarprofi.cz\/wp-content\/uploads\/2019\/04\/tur2-744x363.jpg\" alt=\"\" width=\"744\" height=\"363\" srcset=\"https:\/\/recarprofi.cz\/wp-content\/uploads\/2019\/04\/tur2-744x363.jpg 744w, https:\/\/recarprofi.cz\/wp-content\/uploads\/2019\/04\/tur2-600x293.jpg 600w, https:\/\/recarprofi.cz\/wp-content\/uploads\/2019\/04\/tur2-420x205.jpg 420w, https:\/\/recarprofi.cz\/wp-content\/uploads\/2019\/04\/tur2-768x374.jpg 768w, https:\/\/recarprofi.cz\/wp-content\/uploads\/2019\/04\/tur2.jpg 800w\" sizes=\"(max-width: 744px) 100vw, 744px\" \/><\/a><\/p><p>\u010celn\u00ed naklada\u010de TUR disponuj\u00ed rychlo-\u00fachytem n\u00e1\u0159ad\u00ed EURO, v z\u00e1kladn\u00edm vybaven\u00ed ovl\u00e1d\u00e1n\u00edm bowdenov\u00fdm joystickem, t\u0159et\u00ed funkci, paleogramem a krom\u011b modelu TUR 2 hydropneumatick\u00fdm odpru\u017een\u00ed ramene. \u010celn\u00ed naklada\u010de lze snadno odpojit od traktoru a odstavit na vlastn\u00edch sklopn\u00fdch noh\u00e1ch.<\/p><p>Tyto \u010deln\u00ed naklada\u010de lze agregovat na v\u0161echny modely traktor\u016f zna\u010dek John-Deere, New Holland, Case, Steyer, Zetor, Ursus, Deutz-Fahr, Lamborgnihi, Same, Claas, Belarus a v\u011bt\u0161inu model\u016f zna\u010dek Kubota, Valtra, Fendt, Massey Ferguson a jin\u00fdch. Pro ov\u011b\u0159en\u00ed mo\u017enosti agregace \u010deln\u00edho naklada\u010de na dan\u00fd typ traktoru nev\u00e1hejte n\u00e1s kontaktovat.<\/p><p>\u00a0<\/p><p><a href=\"http:\/\/recarprofi.cz\/wp-content\/uploads\/2019\/04\/tur22-1.jpg\"><img decoding=\"async\" class=\"aligncenter wp-image-11982 size-full\" src=\"https:\/\/recarprofi.cz\/wp-content\/uploads\/2019\/04\/tur22-1.jpg\" alt=\"\" width=\"800\" height=\"600\" srcset=\"https:\/\/recarprofi.cz\/wp-content\/uploads\/2019\/04\/tur22-1.jpg 800w, https:\/\/recarprofi.cz\/wp-content\/uploads\/2019\/04\/tur22-1-600x450.jpg 600w, https:\/\/recarprofi.cz\/wp-content\/uploads\/2019\/04\/tur22-1-420x315.jpg 420w, https:\/\/recarprofi.cz\/wp-content\/uploads\/2019\/04\/tur22-1-744x558.jpg 744w, https:\/\/recarprofi.cz\/wp-content\/uploads\/2019\/04\/tur22-1-768x576.jpg 768w\" sizes=\"(max-width: 800px) 100vw, 800px\" \/><\/a><\/p><p><a href=\"https:\/\/recarprofi.cz\/wp-content\/uploads\/2019\/04\/ursus-tur.png\"><img decoding=\"async\" class=\"size-full wp-image-11953 aligncenter\" src=\"https:\/\/recarprofi.cz\/wp-content\/uploads\/2019\/04\/ursus-tur.png\" alt=\"\" width=\"633\" height=\"461\" srcset=\"https:\/\/recarprofi.cz\/wp-content\/uploads\/2019\/04\/ursus-tur.png 633w, https:\/\/recarprofi.cz\/wp-content\/uploads\/2019\/04\/ursus-tur-600x437.png 600w, https:\/\/recarprofi.cz\/wp-content\/uploads\/2019\/04\/ursus-tur-420x306.png 420w\" sizes=\"(max-width: 633px) 100vw, 633px\" \/><\/a><\/p><p>\u00a0<\/p>\t\t\t\t\t\t\t\t<\/div>\n\t\t\t\t<\/div>\n\t\t\t\t\t<\/div>\n\t\t<\/div>\n\t\t\t\t\t<\/div>\n\t\t<\/section>\n\t\t\t\t<\/div>\n\t\t","protected":false},"excerpt":{"rendered":"<p>\u00a0 \u010celn\u00ed naklada\u010de TUR disponuj\u00ed rychlo-\u00fachytem n\u00e1\u0159ad\u00ed EURO, v z\u00e1kladn\u00edm vybaven\u00ed ovl\u00e1d\u00e1n\u00edm bowdenov\u00fdm joystickem, t\u0159et\u00ed funkci, paleogramem a krom\u011b modelu TUR 2 hydropneumatick\u00fdm odpru\u017een\u00ed ramene. \u010celn\u00ed naklada\u010de lze snadno odpojit od traktoru a odstavit na&hellip;<\/p>\n","protected":false},"author":1,"featured_media":0,"parent":3334,"menu_order":3,"comment_status":"closed","ping_status":"closed","template":"","meta":{"footnotes":""},"class_list":["post-11979","page","type-page","status-publish","hentry"],"_links":{"self":[{"href":"https:\/\/recarprofi.cz\/uvod\/wp-json\/wp\/v2\/pages\/11979","targetHints":{"allow":["GET"]}}],"collection":[{"href":"https:\/\/recarprofi.cz\/uvod\/wp-json\/wp\/v2\/pages"}],"about":[{"href":"https:\/\/recarprofi.cz\/uvod\/wp-json\/wp\/v2\/types\/page"}],"author":[{"embeddable":true,"href":"https:\/\/recarprofi.cz\/uvod\/wp-json\/wp\/v2\/users\/1"}],"replies":[{"embeddable":true,"href":"https:\/\/recarprofi.cz\/uvod\/wp-json\/wp\/v2\/comments?post=11979"}],"version-history":[{"count":13,"href":"https:\/\/recarprofi.cz\/uvod\/wp-json\/wp\/v2\/pages\/11979\/revisions"}],"predecessor-version":[{"id":32711,"href":"https:\/\/recarprofi.cz\/uvod\/wp-json\/wp\/v2\/pages\/11979\/revisions\/32711"}],"up":[{"embeddable":true,"href":"https:\/\/recarprofi.cz\/uvod\/wp-json\/wp\/v2\/pages\/3334"}],"wp:attachment":[{"href":"https:\/\/recarprofi.cz\/uvod\/wp-json\/wp\/v2\/media?parent=11979"}],"curies":[{"name":"wp","href":"https:\/\/api.w.org\/{rel}","templated":true}]}}

Čelní nakladače TUR

<div data-elementor-type="wp-page" data-elementor-id="11979" class="elementor elementor-11979">
						<section class="elementor-section elementor-top-section elementor-element elementor-element-5791d09b elementor-section-boxed elementor-section-height-default elementor-section-height-default" data-id="5791d09b" data-element_type="section" data-e-type="section">
						<div class="elementor-container elementor-column-gap-default">
					<div class="elementor-column elementor-col-100 elementor-top-column elementor-element elementor-element-66f3ec3f" data-id="66f3ec3f" data-element_type="column" data-e-type="column">
			<div class="elementor-widget-wrap elementor-element-populated">
						<div class="elementor-element elementor-element-15c9e452 elementor-widget elementor-widget-text-editor" data-id="15c9e452" data-element_type="widget" data-e-type="widget" data-widget_type="text-editor.default">
				<div class="elementor-widget-container">
									<p> </p><p><a href="https://recarprofi.cz/wp-content/uploads/2019/04/tur2.jpg"><img fetchpriority="high" decoding="async" class="alignnone size-medium wp-image-11981" src="https://recarprofi.cz/wp-content/uploads/2019/04/tur2-744x363.jpg" alt="" width="744" height="363" srcset="https://recarprofi.cz/wp-content/uploads/2019/04/tur2-744x363.jpg 744w, https://recarprofi.cz/wp-content/uploads/2019/04/tur2-600x293.jpg 600w, https://recarprofi.cz/wp-content/uploads/2019/04/tur2-420x205.jpg 420w, https://recarprofi.cz/wp-content/uploads/2019/04/tur2-768x374.jpg 768w, https://recarprofi.cz/wp-content/uploads/2019/04/tur2.jpg 800w" sizes="(max-width: 744px) 100vw, 744px" /></a></p><p>Čelní nakladače TUR disponují rychlo-úchytem nářadí EURO, v základním vybavení ovládáním bowdenovým joystickem, třetí funkci, paleogramem a kromě modelu TUR 2 hydropneumatickým odpružení ramene. Čelní nakladače lze snadno odpojit od traktoru a odstavit na vlastních sklopných nohách.</p><p>Tyto čelní nakladače lze agregovat na všechny modely traktorů značek John-Deere, New Holland, Case, Steyer, Zetor, Ursus, Deutz-Fahr, Lamborgnihi, Same, Claas, Belarus a většinu modelů značek Kubota, Valtra, Fendt, Massey Ferguson a jiných. Pro ověření možnosti agregace čelního nakladače na daný typ traktoru neváhejte nás kontaktovat.</p><p> </p><p><a href="http://recarprofi.cz/wp-content/uploads/2019/04/tur22-1.jpg"><img decoding="async" class="aligncenter wp-image-11982 size-full" src="https://recarprofi.cz/wp-content/uploads/2019/04/tur22-1.jpg" alt="" width="800" height="600" srcset="https://recarprofi.cz/wp-content/uploads/2019/04/tur22-1.jpg 800w, https://recarprofi.cz/wp-content/uploads/2019/04/tur22-1-600x450.jpg 600w, https://recarprofi.cz/wp-content/uploads/2019/04/tur22-1-420x315.jpg 420w, https://recarprofi.cz/wp-content/uploads/2019/04/tur22-1-744x558.jpg 744w, https://recarprofi.cz/wp-content/uploads/2019/04/tur22-1-768x576.jpg 768w" sizes="(max-width: 800px) 100vw, 800px" /></a></p><p><a href="https://recarprofi.cz/wp-content/uploads/2019/04/ursus-tur.png"><img decoding="async" class="size-full wp-image-11953 aligncenter" src="https://recarprofi.cz/wp-content/uploads/2019/04/ursus-tur.png" alt="" width="633" height="461" srcset="https://recarprofi.cz/wp-content/uploads/2019/04/ursus-tur.png 633w, https://recarprofi.cz/wp-content/uploads/2019/04/ursus-tur-600x437.png 600w, https://recarprofi.cz/wp-content/uploads/2019/04/ursus-tur-420x306.png 420w" sizes="(max-width: 633px) 100vw, 633px" /></a></p><p> </p>								</div>
				</div>
					</div>
		</div>
					</div>
		</section>
				</div>

<p>  Čelní nakladače TUR disponují rychlo-úchytem nářadí EURO, v základním vybavení ovládáním bowdenovým joystickem, třetí funkci, paleogramem a kromě modelu TUR 2 hydropneumatickým odpružení ramene. Čelní nakladače lze snadno odpojit od traktoru a odstavit na&hellip;</p>
