{"id":134,"date":"2013-01-25T14:29:48","date_gmt":"2013-01-25T13:29:48","guid":{"rendered":"http:\/\/recarprofi.cz\/?page_id=134"},"modified":"2024-04-26T10:31:09","modified_gmt":"2024-04-26T08:31:09","slug":"picniny","status":"publish","type":"page","link":"https:\/\/recarprofi.cz\/uvod\/zemedelska-technika\/picniny\/","title":{"rendered":"P\u00edcniny"},"content":{"rendered":"\t\t<div data-elementor-type=\"wp-page\" data-elementor-id=\"134\" class=\"elementor elementor-134\">\n\t\t\t\t\t\t<section class=\"elementor-section elementor-top-section elementor-element elementor-element-1223d19 elementor-section-boxed elementor-section-height-default elementor-section-height-default\" data-id=\"1223d19\" data-element_type=\"section\" data-e-type=\"section\">\n\t\t\t\t\t\t<div class=\"elementor-container elementor-column-gap-default\">\n\t\t\t\t\t<div class=\"elementor-column elementor-col-100 elementor-top-column elementor-element elementor-element-f2d6a00\" data-id=\"f2d6a00\" data-element_type=\"column\" data-e-type=\"column\">\n\t\t\t<div class=\"elementor-widget-wrap elementor-element-populated\">\n\t\t\t\t\t\t<div class=\"elementor-element elementor-element-6d39751 elementor-position-left elementor-vertical-align-top elementor-widget elementor-widget-image-box\" data-id=\"6d39751\" data-element_type=\"widget\" data-e-type=\"widget\" data-widget_type=\"image-box.default\">\n\t\t\t\t<div class=\"elementor-widget-container\">\n\t\t\t\t\t<div class=\"elementor-image-box-wrapper\"><figure class=\"elementor-image-box-img\"><a href=\"https:\/\/recarprofi.cz\/uvod\/zemedelska-technika\/picniny\/zaci-stroje\/\" tabindex=\"-1\"><img fetchpriority=\"high\" decoding=\"async\" width=\"979\" height=\"409\" src=\"https:\/\/recarprofi.cz\/wp-content\/uploads\/2018\/07\/unia-alka-l6.jpg\" class=\"attachment-full size-full wp-image-10624\" alt=\"\" srcset=\"https:\/\/recarprofi.cz\/wp-content\/uploads\/2018\/07\/unia-alka-l6.jpg 979w, https:\/\/recarprofi.cz\/wp-content\/uploads\/2018\/07\/unia-alka-l6-600x251.jpg 600w\" sizes=\"(max-width: 979px) 100vw, 979px\" \/><\/a><\/figure><div class=\"elementor-image-box-content\"><h3 class=\"elementor-image-box-title\"><a href=\"https:\/\/recarprofi.cz\/uvod\/zemedelska-technika\/picniny\/zaci-stroje\/\">\u017dac\u00ed stroje<\/a><\/h3><p class=\"elementor-image-box-description\">Nesen\u00e9, ta\u017een\u00e9, diskov\u00e9, bubnov\u00e9.<\/p><\/div><\/div>\t\t\t\t<\/div>\n\t\t\t\t<\/div>\n\t\t\t\t\t<\/div>\n\t\t<\/div>\n\t\t\t\t\t<\/div>\n\t\t<\/section>\n\t\t\t\t<section class=\"elementor-section elementor-top-section elementor-element elementor-element-c8212fe elementor-section-boxed elementor-section-height-default elementor-section-height-default\" data-id=\"c8212fe\" data-element_type=\"section\" data-e-type=\"section\">\n\t\t\t\t\t\t<div class=\"elementor-container elementor-column-gap-default\">\n\t\t\t\t\t<div class=\"elementor-column elementor-col-100 elementor-top-column elementor-element elementor-element-5c63581\" data-id=\"5c63581\" data-element_type=\"column\" data-e-type=\"column\">\n\t\t\t<div class=\"elementor-widget-wrap elementor-element-populated\">\n\t\t\t\t\t\t<div class=\"elementor-element elementor-element-2dd09d7 elementor-position-left elementor-vertical-align-top elementor-widget elementor-widget-image-box\" data-id=\"2dd09d7\" data-element_type=\"widget\" data-e-type=\"widget\" data-widget_type=\"image-box.default\">\n\t\t\t\t<div class=\"elementor-widget-container\">\n\t\t\t\t\t<div class=\"elementor-image-box-wrapper\"><figure class=\"elementor-image-box-img\"><a href=\"https:\/\/recarprofi.cz\/uvod\/zemedelska-technika\/picniny\/obracece\/\" tabindex=\"-1\"><img decoding=\"async\" width=\"1250\" height=\"557\" src=\"https:\/\/recarprofi.cz\/wp-content\/uploads\/2018\/07\/unia-spajder.png\" class=\"attachment-full size-full wp-image-10796\" alt=\"\" srcset=\"https:\/\/recarprofi.cz\/wp-content\/uploads\/2018\/07\/unia-spajder.png 1250w, https:\/\/recarprofi.cz\/wp-content\/uploads\/2018\/07\/unia-spajder-600x267.png 600w, https:\/\/recarprofi.cz\/wp-content\/uploads\/2018\/07\/unia-spajder-420x187.png 420w, https:\/\/recarprofi.cz\/wp-content\/uploads\/2018\/07\/unia-spajder-744x332.png 744w, https:\/\/recarprofi.cz\/wp-content\/uploads\/2018\/07\/unia-spajder-768x342.png 768w, https:\/\/recarprofi.cz\/wp-content\/uploads\/2018\/07\/unia-spajder-1200x535.png 1200w\" sizes=\"(max-width: 1250px) 100vw, 1250px\" \/><\/a><\/figure><div class=\"elementor-image-box-content\"><h3 class=\"elementor-image-box-title\"><a href=\"https:\/\/recarprofi.cz\/uvod\/zemedelska-technika\/picniny\/obracece\/\">Obrace\u010de<\/a><\/h3><p class=\"elementor-image-box-description\">Pracovn\u00ed z\u00e1b\u011br od 5,2 do 7,7m.<\/p><\/div><\/div>\t\t\t\t<\/div>\n\t\t\t\t<\/div>\n\t\t\t\t\t<\/div>\n\t\t<\/div>\n\t\t\t\t\t<\/div>\n\t\t<\/section>\n\t\t\t\t<section class=\"elementor-section elementor-top-section elementor-element elementor-element-3eec082 elementor-section-boxed elementor-section-height-default elementor-section-height-default\" data-id=\"3eec082\" data-element_type=\"section\" data-e-type=\"section\">\n\t\t\t\t\t\t<div class=\"elementor-container elementor-column-gap-default\">\n\t\t\t\t\t<div class=\"elementor-column elementor-col-100 elementor-top-column elementor-element elementor-element-3011825\" data-id=\"3011825\" data-element_type=\"column\" data-e-type=\"column\">\n\t\t\t<div class=\"elementor-widget-wrap elementor-element-populated\">\n\t\t\t\t\t\t<div class=\"elementor-element elementor-element-7406c6f elementor-position-left elementor-vertical-align-top elementor-widget elementor-widget-image-box\" data-id=\"7406c6f\" data-element_type=\"widget\" data-e-type=\"widget\" data-widget_type=\"image-box.default\">\n\t\t\t\t<div class=\"elementor-widget-container\">\n\t\t\t\t\t<div class=\"elementor-image-box-wrapper\"><figure class=\"elementor-image-box-img\"><a href=\"https:\/\/recarprofi.cz\/uvod\/zemedelska-technika\/picniny\/shrnovace\/\" tabindex=\"-1\"><img decoding=\"async\" width=\"1000\" height=\"421\" src=\"https:\/\/recarprofi.cz\/wp-content\/uploads\/2018\/07\/unia-rak2-1.jpg\" class=\"attachment-full size-full wp-image-10836\" alt=\"\" srcset=\"https:\/\/recarprofi.cz\/wp-content\/uploads\/2018\/07\/unia-rak2-1.jpg 1000w, https:\/\/recarprofi.cz\/wp-content\/uploads\/2018\/07\/unia-rak2-1-600x253.jpg 600w, https:\/\/recarprofi.cz\/wp-content\/uploads\/2018\/07\/unia-rak2-1-420x177.jpg 420w, https:\/\/recarprofi.cz\/wp-content\/uploads\/2018\/07\/unia-rak2-1-744x313.jpg 744w, https:\/\/recarprofi.cz\/wp-content\/uploads\/2018\/07\/unia-rak2-1-768x323.jpg 768w\" sizes=\"(max-width: 1000px) 100vw, 1000px\" \/><\/a><\/figure><div class=\"elementor-image-box-content\"><h3 class=\"elementor-image-box-title\"><a href=\"https:\/\/recarprofi.cz\/uvod\/zemedelska-technika\/picniny\/shrnovace\/\">Shrnova\u010de<\/a><\/h3><p class=\"elementor-image-box-description\">Nesen\u00e9, polonesen\u00e9, ta\u017een\u00e9.<\/p><\/div><\/div>\t\t\t\t<\/div>\n\t\t\t\t<\/div>\n\t\t\t\t\t<\/div>\n\t\t<\/div>\n\t\t\t\t\t<\/div>\n\t\t<\/section>\n\t\t\t\t<section class=\"elementor-section elementor-top-section elementor-element elementor-element-e7a23ab elementor-section-boxed elementor-section-height-default elementor-section-height-default\" data-id=\"e7a23ab\" data-element_type=\"section\" data-e-type=\"section\">\n\t\t\t\t\t\t<div class=\"elementor-container elementor-column-gap-default\">\n\t\t\t\t\t<div class=\"elementor-column elementor-col-100 elementor-top-column elementor-element elementor-element-cc36aed\" data-id=\"cc36aed\" data-element_type=\"column\" data-e-type=\"column\">\n\t\t\t<div class=\"elementor-widget-wrap elementor-element-populated\">\n\t\t\t\t\t\t<div class=\"elementor-element elementor-element-554d08f elementor-position-left elementor-vertical-align-top elementor-widget elementor-widget-image-box\" data-id=\"554d08f\" data-element_type=\"widget\" data-e-type=\"widget\" data-widget_type=\"image-box.default\">\n\t\t\t\t<div class=\"elementor-widget-container\">\n\t\t\t\t\t<div class=\"elementor-image-box-wrapper\"><figure class=\"elementor-image-box-img\"><a href=\"https:\/\/recarprofi.cz\/uvod\/zemedelska-technika\/picniny\/lisy\/\" tabindex=\"-1\"><img loading=\"lazy\" decoding=\"async\" width=\"640\" height=\"427\" src=\"https:\/\/recarprofi.cz\/wp-content\/uploads\/2018\/07\/unia-df18v1.jpg\" class=\"attachment-full size-full wp-image-10695\" alt=\"\" srcset=\"https:\/\/recarprofi.cz\/wp-content\/uploads\/2018\/07\/unia-df18v1.jpg 640w, https:\/\/recarprofi.cz\/wp-content\/uploads\/2018\/07\/unia-df18v1-600x400.jpg 600w, https:\/\/recarprofi.cz\/wp-content\/uploads\/2018\/07\/unia-df18v1-420x280.jpg 420w\" sizes=\"(max-width: 640px) 100vw, 640px\" \/><\/a><\/figure><div class=\"elementor-image-box-content\"><h3 class=\"elementor-image-box-title\"><a href=\"https:\/\/recarprofi.cz\/uvod\/zemedelska-technika\/picniny\/lisy\/\">Lisy<\/a><\/h3><p class=\"elementor-image-box-description\">S pevnou a variabiln\u00ed komorou.<\/p><\/div><\/div>\t\t\t\t<\/div>\n\t\t\t\t<\/div>\n\t\t\t\t\t<\/div>\n\t\t<\/div>\n\t\t\t\t\t<\/div>\n\t\t<\/section>\n\t\t\t\t<section class=\"elementor-section elementor-top-section elementor-element elementor-element-bc58ab7 elementor-section-boxed elementor-section-height-default elementor-section-height-default\" data-id=\"bc58ab7\" data-element_type=\"section\" data-e-type=\"section\">\n\t\t\t\t\t\t<div class=\"elementor-container elementor-column-gap-default\">\n\t\t\t\t\t<div class=\"elementor-column elementor-col-100 elementor-top-column elementor-element elementor-element-b1bf34c\" data-id=\"b1bf34c\" data-element_type=\"column\" data-e-type=\"column\">\n\t\t\t<div class=\"elementor-widget-wrap elementor-element-populated\">\n\t\t\t\t\t\t<div class=\"elementor-element elementor-element-99ed5f2 elementor-position-left elementor-vertical-align-top elementor-widget elementor-widget-image-box\" data-id=\"99ed5f2\" data-element_type=\"widget\" data-e-type=\"widget\" data-widget_type=\"image-box.default\">\n\t\t\t\t<div class=\"elementor-widget-container\">\n\t\t\t\t\t<div class=\"elementor-image-box-wrapper\"><figure class=\"elementor-image-box-img\"><a href=\"https:\/\/recarprofi.cz\/uvod\/zemedelska-technika\/picniny\/balicky\/\" tabindex=\"-1\"><img loading=\"lazy\" decoding=\"async\" width=\"1920\" height=\"1080\" src=\"https:\/\/recarprofi.cz\/wp-content\/uploads\/2018\/07\/unia-gucio.jpg\" class=\"attachment-full size-full wp-image-10774\" alt=\"\" srcset=\"https:\/\/recarprofi.cz\/wp-content\/uploads\/2018\/07\/unia-gucio.jpg 1920w, https:\/\/recarprofi.cz\/wp-content\/uploads\/2018\/07\/unia-gucio-600x338.jpg 600w, https:\/\/recarprofi.cz\/wp-content\/uploads\/2018\/07\/unia-gucio-420x236.jpg 420w, https:\/\/recarprofi.cz\/wp-content\/uploads\/2018\/07\/unia-gucio-744x419.jpg 744w, https:\/\/recarprofi.cz\/wp-content\/uploads\/2018\/07\/unia-gucio-768x432.jpg 768w, https:\/\/recarprofi.cz\/wp-content\/uploads\/2018\/07\/unia-gucio-1200x675.jpg 1200w\" sizes=\"(max-width: 1920px) 100vw, 1920px\" \/><\/a><\/figure><div class=\"elementor-image-box-content\"><h3 class=\"elementor-image-box-title\"><a href=\"https:\/\/recarprofi.cz\/uvod\/zemedelska-technika\/picniny\/balicky\/\">Bal\u00ed\u010dky<\/a><\/h3><p class=\"elementor-image-box-description\">Nesen\u00e9, ta\u017een\u00e9.<\/p><\/div><\/div>\t\t\t\t<\/div>\n\t\t\t\t<\/div>\n\t\t\t\t\t<\/div>\n\t\t<\/div>\n\t\t\t\t\t<\/div>\n\t\t<\/section>\n\t\t\t\t<\/div>\n\t\t","protected":false},"excerpt":{"rendered":"<p>\u017dac\u00ed stroje Nesen\u00e9, ta\u017een\u00e9, diskov\u00e9, bubnov\u00e9. Obrace\u010de Pracovn\u00ed z\u00e1b\u011br od 5,2 do 7,7m. Shrnova\u010de Nesen\u00e9, polonesen\u00e9, ta\u017een\u00e9. Lisy S pevnou a variabiln\u00ed komorou. Bal\u00ed\u010dky Nesen\u00e9, ta\u017een\u00e9.<\/p>\n","protected":false},"author":1,"featured_media":15069,"parent":77,"menu_order":7,"comment_status":"closed","ping_status":"closed","template":"","meta":{"footnotes":""},"class_list":["post-134","page","type-page","status-publish","has-post-thumbnail","hentry"],"_links":{"self":[{"href":"https:\/\/recarprofi.cz\/uvod\/wp-json\/wp\/v2\/pages\/134","targetHints":{"allow":["GET"]}}],"collection":[{"href":"https:\/\/recarprofi.cz\/uvod\/wp-json\/wp\/v2\/pages"}],"about":[{"href":"https:\/\/recarprofi.cz\/uvod\/wp-json\/wp\/v2\/types\/page"}],"author":[{"embeddable":true,"href":"https:\/\/recarprofi.cz\/uvod\/wp-json\/wp\/v2\/users\/1"}],"replies":[{"embeddable":true,"href":"https:\/\/recarprofi.cz\/uvod\/wp-json\/wp\/v2\/comments?post=134"}],"version-history":[{"count":35,"href":"https:\/\/recarprofi.cz\/uvod\/wp-json\/wp\/v2\/pages\/134\/revisions"}],"predecessor-version":[{"id":31294,"href":"https:\/\/recarprofi.cz\/uvod\/wp-json\/wp\/v2\/pages\/134\/revisions\/31294"}],"up":[{"embeddable":true,"href":"https:\/\/recarprofi.cz\/uvod\/wp-json\/wp\/v2\/pages\/77"}],"wp:featuredmedia":[{"embeddable":true,"href":"https:\/\/recarprofi.cz\/uvod\/wp-json\/wp\/v2\/media\/15069"}],"wp:attachment":[{"href":"https:\/\/recarprofi.cz\/uvod\/wp-json\/wp\/v2\/media?parent=134"}],"curies":[{"name":"wp","href":"https:\/\/api.w.org\/{rel}","templated":true}]}}