{"id":1588,"date":"2013-02-11T21:21:39","date_gmt":"2013-02-11T20:21:39","guid":{"rendered":"http:\/\/recarprofi.cz\/?page_id=1588"},"modified":"2024-04-25T10:05:09","modified_gmt":"2024-04-25T08:05:09","slug":"t-0462","status":"publish","type":"page","link":"https:\/\/recarprofi.cz\/uvod\/zemedelska-technika\/doprava\/prepravniky-zvirat-pronar\/t-0462\/","title":{"rendered":"P\u0159epravn\u00edk zv\u00ed\u0159at Pronar T-046\/2"},"content":{"rendered":"\t\t<div data-elementor-type=\"wp-page\" data-elementor-id=\"1588\" class=\"elementor elementor-1588\">\n\t\t\t\t\t\t<section class=\"elementor-section elementor-top-section elementor-element elementor-element-55fb1dfa elementor-section-boxed elementor-section-height-default elementor-section-height-default\" data-id=\"55fb1dfa\" data-element_type=\"section\" data-e-type=\"section\">\n\t\t\t\t\t\t<div class=\"elementor-container elementor-column-gap-default\">\n\t\t\t\t\t<div class=\"elementor-column elementor-col-100 elementor-top-column elementor-element elementor-element-7fe83f4c\" data-id=\"7fe83f4c\" data-element_type=\"column\" data-e-type=\"column\">\n\t\t\t<div class=\"elementor-widget-wrap elementor-element-populated\">\n\t\t\t\t\t\t<div class=\"elementor-element elementor-element-61850d4d elementor-widget elementor-widget-text-editor\" data-id=\"61850d4d\" data-element_type=\"widget\" data-e-type=\"widget\" data-widget_type=\"text-editor.default\">\n\t\t\t\t<div class=\"elementor-widget-container\">\n\t\t\t\t\t\t\t\t\t<p><img decoding=\"async\" class=\"alignright\" style=\"border: 0px;\" src=\"http:\/\/www.polagro.cz\/images\/obrazky_kategorie\/transportni_technika\/prepravniky\/prepravniky_zvirat\/T046.2\/t046_2.jpg\" alt=\"\" border=\"0\" \/><span style=\"color: #ff6600;\"><em><strong>P\u0159epravn\u00edk zv\u00ed\u0159at PRONAR T 046\/2\u00a0<\/strong><\/em><\/span><\/p><p>celokovov\u00fd,nosnost 8.500 kg, kola 14.0\/65-16, celkov\u00e1 hmotnost 12.000 kg, hydraulick\u00fd zdvih podlahy, s hydraulick\u00fdmi tlumi\u010di n\u00e1razu p\u0159i j\u00edzd\u011b, celkov\u00e9 rozm\u011bry 8.920 x 2.530 x 2.800 mm, rozm\u011bry korby 6.990 x 2.300 x 2.100 m, bo\u010dnice v\u00fd\u0161e 1.400 mm s\u00edly 3 mm, lo\u017en\u00e1 plocha 14 m\u00b2\u00a0 &#8211; do 30 ks vep\u0159\u016f, do 12 ks skotu, s\u00edla kovov\u00e9 podlahy 4 mm ze slzi\u010dkov\u00e9ho plechu s dv\u011bma v\u00fdpustn\u00fdmi otvory, v\u00fd\u0161ka p\u0159i nakl\u00e1dce 130 mm, p\u0159i transportu 660 mm, rozchod kol 2.200 mm, dvouokruhov\u00e9 pneu brzdy, spodn\u00ed z\u00e1v\u011bs 50 mm oto\u010dn\u00fd, podp\u016frn\u00e9 kolo oje, zadn\u00ed vrata + bo\u010dn\u00ed dve\u0159e, p\u0159epravn\u00ed rychlost 40 km\/hod<\/p><p><a href=\"http:\/\/recarprofi.cz\/wp-content\/uploads\/2013\/02\/T046-2.jpg\"><img fetchpriority=\"high\" decoding=\"async\" class=\"aligncenter wp-image-1595 size-full\" title=\"T046-2\" src=\"https:\/\/recarprofi.cz\/wp-content\/uploads\/2013\/02\/T046-2.jpg\" alt=\"\" width=\"415\" height=\"327\" srcset=\"https:\/\/recarprofi.cz\/wp-content\/uploads\/2013\/02\/T046-2.jpg 415w, https:\/\/recarprofi.cz\/wp-content\/uploads\/2013\/02\/T046-2-300x236.jpg 300w\" sizes=\"(max-width: 415px) 100vw, 415px\" \/><\/a><\/p><p><span style=\"color: #ff0000;\"><strong>\u00a0<\/strong><\/span><\/p><table border=\"0\"><tbody><tr><td colspan=\"3\"><strong>Z\u00e1kladn\u00ed technick\u00e9 informace T 046\/2<\/strong><\/td><\/tr><tr><td>Celkov\u00e1 hmotnost<\/td><td>12 000<\/td><td>kg<\/td><\/tr><tr><td>Nosnost<\/td><td>8 500<\/td><td>kg<\/td><\/tr><tr><td>Vlastn\u00ed hmotnost<\/td><td>3 500<\/td><td>kg<\/td><\/tr><tr><td>Plocha<\/td><td>14<\/td><td>m<sup>2<\/sup><\/td><\/tr><tr><td>Vnit\u0159n\u00ed d\u00e9lka<\/td><td>6 990<\/td><td>mm<\/td><\/tr><tr><td>Vnit\u0159n\u00ed \u0161\u00ed\u0159ka<\/td><td>2 300<\/td><td>mm<\/td><\/tr><tr><td>Rozm\u011bry<\/td><td>8 920\/2 530\/2 800<\/td><td>mm<\/td><\/tr><tr><td>V\u00fd\u0161ka sk\u0159\u00edn\u011b<\/td><td>1 400<\/td><td>mm<\/td><\/tr><tr><td>Tlou\u0161\u0165ka podlahy\/st\u011bny<\/td><td>4\/3<\/td><td>mm<\/td><\/tr><tr><td>V\u00fd\u0161ka podlahy od zem\u011b<\/td><td>660\/130<\/td><td>mm<\/td><\/tr><tr><td>Zav\u011b\u0161en\u00ed<\/td><td colspan=\"2\">hydraulick\u00e9<\/td><\/tr><tr><td>Zat\u00ed\u017een\u00ed oka<\/td><td>1 500<\/td><td>kg<\/td><\/tr><tr><td>Kola standard<\/td><td colspan=\"2\">14,0\/65-16<\/td><\/tr><tr><td>Rychlost<\/td><td>40<\/td><td>km\/h<\/td><\/tr><tr><td>Traktor<\/td><td>65\/48<\/td><td>hp\/kW<\/td><\/tr><\/tbody><\/table><p>\u00a0<\/p><p><a href=\"https:\/\/recarprofi.cz\/wp-content\/uploads\/2013\/02\/t-046-2.jpg\"><img decoding=\"async\" class=\"aligncenter wp-image-1596 size-full\" src=\"https:\/\/recarprofi.cz\/wp-content\/uploads\/2013\/02\/t-046-2.jpg\" alt=\"\" width=\"480\" height=\"360\" srcset=\"https:\/\/recarprofi.cz\/wp-content\/uploads\/2013\/02\/t-046-2.jpg 480w, https:\/\/recarprofi.cz\/wp-content\/uploads\/2013\/02\/t-046-2-416x312.jpg 416w, https:\/\/recarprofi.cz\/wp-content\/uploads\/2013\/02\/t-046-2-300x225.jpg 300w\" sizes=\"(max-width: 480px) 100vw, 480px\" \/><\/a><\/p>\t\t\t\t\t\t\t\t<\/div>\n\t\t\t\t<\/div>\n\t\t\t\t\t<\/div>\n\t\t<\/div>\n\t\t\t\t\t<\/div>\n\t\t<\/section>\n\t\t\t\t<\/div>\n\t\t","protected":false},"excerpt":{"rendered":"<p>P\u0159epravn\u00edk zv\u00ed\u0159at PRONAR T 046\/2\u00a0 celokovov\u00fd,nosnost 8.500 kg, kola 14.0\/65-16, celkov\u00e1 hmotnost 12.000 kg, hydraulick\u00fd zdvih podlahy, s hydraulick\u00fdmi tlumi\u010di n\u00e1razu p\u0159i j\u00edzd\u011b, celkov\u00e9 rozm\u011bry 8.920 x 2.530 x 2.800 mm, rozm\u011bry korby 6.990 x&hellip;<\/p>\n","protected":false},"author":1,"featured_media":0,"parent":1564,"menu_order":3,"comment_status":"closed","ping_status":"closed","template":"","meta":{"footnotes":""},"class_list":["post-1588","page","type-page","status-publish","hentry"],"_links":{"self":[{"href":"https:\/\/recarprofi.cz\/uvod\/wp-json\/wp\/v2\/pages\/1588","targetHints":{"allow":["GET"]}}],"collection":[{"href":"https:\/\/recarprofi.cz\/uvod\/wp-json\/wp\/v2\/pages"}],"about":[{"href":"https:\/\/recarprofi.cz\/uvod\/wp-json\/wp\/v2\/types\/page"}],"author":[{"embeddable":true,"href":"https:\/\/recarprofi.cz\/uvod\/wp-json\/wp\/v2\/users\/1"}],"replies":[{"embeddable":true,"href":"https:\/\/recarprofi.cz\/uvod\/wp-json\/wp\/v2\/comments?post=1588"}],"version-history":[{"count":14,"href":"https:\/\/recarprofi.cz\/uvod\/wp-json\/wp\/v2\/pages\/1588\/revisions"}],"predecessor-version":[{"id":20981,"href":"https:\/\/recarprofi.cz\/uvod\/wp-json\/wp\/v2\/pages\/1588\/revisions\/20981"}],"up":[{"embeddable":true,"href":"https:\/\/recarprofi.cz\/uvod\/wp-json\/wp\/v2\/pages\/1564"}],"wp:attachment":[{"href":"https:\/\/recarprofi.cz\/uvod\/wp-json\/wp\/v2\/media?parent=1588"}],"curies":[{"name":"wp","href":"https:\/\/api.w.org\/{rel}","templated":true}]}}