{"id":1611,"date":"2013-02-12T07:33:07","date_gmt":"2013-02-12T06:33:07","guid":{"rendered":"http:\/\/recarprofi.cz\/?page_id=1611"},"modified":"2024-04-25T10:16:14","modified_gmt":"2024-04-25T08:16:14","slug":"t-5072","status":"publish","type":"page","link":"https:\/\/recarprofi.cz\/uvod\/zemedelska-technika\/doprava\/fekalni-cisterny-pomot\/t-5072\/","title":{"rendered":"Fek\u00e1ln\u00ed n\u00e1v\u011bs Pomot T-507\/2"},"content":{"rendered":"\t\t<div data-elementor-type=\"wp-page\" data-elementor-id=\"1611\" class=\"elementor elementor-1611\">\n\t\t\t\t\t\t<section class=\"elementor-section elementor-top-section elementor-element elementor-element-925cf9a elementor-section-boxed elementor-section-height-default elementor-section-height-default\" data-id=\"925cf9a\" data-element_type=\"section\" data-e-type=\"section\">\n\t\t\t\t\t\t<div class=\"elementor-container elementor-column-gap-default\">\n\t\t\t\t\t<div class=\"elementor-column elementor-col-100 elementor-top-column elementor-element elementor-element-19989a9a\" data-id=\"19989a9a\" data-element_type=\"column\" data-e-type=\"column\">\n\t\t\t<div class=\"elementor-widget-wrap elementor-element-populated\">\n\t\t\t\t\t\t<div class=\"elementor-element elementor-element-37fdab3c elementor-widget elementor-widget-text-editor\" data-id=\"37fdab3c\" data-element_type=\"widget\" data-e-type=\"widget\" data-widget_type=\"text-editor.default\">\n\t\t\t\t<div class=\"elementor-widget-container\">\n\t\t\t\t\t\t\t\t\t<p style=\"text-align: justify;\"><span style=\"color: #ff0000;\"><em><strong><a href=\"http:\/\/recarprofi.cz\/wp-content\/uploads\/2013\/02\/pomot-t507-2.jpg\"><span style=\"color: #ff0000;\"><img fetchpriority=\"high\" decoding=\"async\" class=\"aligncenter wp-image-1619 size-full\" title=\"pomot t507-2\" src=\"https:\/\/recarprofi.cz\/wp-content\/uploads\/2013\/02\/pomot-t507-2.jpg\" alt=\"\" width=\"800\" height=\"600\" srcset=\"https:\/\/recarprofi.cz\/wp-content\/uploads\/2013\/02\/pomot-t507-2.jpg 800w, https:\/\/recarprofi.cz\/wp-content\/uploads\/2013\/02\/pomot-t507-2-600x450.jpg 600w, https:\/\/recarprofi.cz\/wp-content\/uploads\/2013\/02\/pomot-t507-2-300x225.jpg 300w\" sizes=\"(max-width: 800px) 100vw, 800px\" \/><\/span><\/a> \u00a0 \u00a0 \u00a0 \u00a0 \u00a0 \u00a0\u00a0<\/strong><\/em><\/span><\/p><p style=\"text-align: left;\">N\u00e1dr\u017e s\u00edly 5 mm, ohniv\u011b pozinkovan\u00e1 vn\u011b i uvnit\u0159, objem n\u00e1dr\u017ee 2 500 litr\u016f, samonosn\u00e1 konstrukce vozu, pozinkovan\u00e1 oj, jedna pevn\u00e1 n\u00e1prava, kola 11.5\/80&#215;15.3, rozchod kol 1 500 mm, dvoukulov\u00fd ventil br\u00e1n\u00edc\u00ed zp\u011btn\u00e9mu vtoku do v\u00fdv\u011bvy, pr\u016ftokov\u00fd sif\u00f3n \u00d8 60 s odkalova\u010dem a v\u00fdpust\u00ed armatura 4\u201c, odkalova\u010d a tlumi\u010d r\u00e1z\u016f, manometr, \u00fachyt na v\u00fdstra\u017en\u00fd troj\u00faheln\u00edk, vakuokompresor MEC nebo KD 3000, spodn\u00ed z\u00e1v\u011bs Hitch ve v\u00fd\u0161i 400 mm s v\u00fdm\u011bnn\u00fdm okem, mechanick\u00e1 podp\u016frn\u00e1 noha, pozinkovan\u00e9 blatn\u00edky s lapa\u010di ne\u010distot, plov\u00e1kov\u00fd ukazatel napln\u011bn\u00ed z \u010dela be\u010dky, elektrick\u00e1 instalace 12V, sv\u011bteln\u00e1 instalace pro provoz po pozemn\u00edch komunikac\u00edch, jednookruhov\u00e1 pneumatick\u00e1 brzda, ru\u010dn\u00ed parkovac\u00ed brzda, sac\u00ed hadice 4\u201c (\u00d8110 mm) d\u00e9lky 6 metr\u016f s 5 \u00fachyty na be\u010dce, zadn\u00ed hlavn\u00ed hydraulick\u00fd ventil 4\u201c s rozl\u00e9vac\u00ed l\u017e\u00edc\u00ed od 12 do 14 m, zadn\u00ed otvor \u00d8500 mm, pojistn\u00fd ventil podtlakov\u00fd i p\u0159etlakov\u00fd, zaslepen\u00e1 sac\u00ed v\u00fdus\u0165 4\u201c, bo\u010dn\u00ed v\u00fdvod osazen ventilem \u00be\u201c, celkov\u00e9 rozm\u011bry 4.35&#215;1.88&#215;1.90 m, p\u0159i hmotnosti stroje 1 110 kg, kloubov\u00fd n\u00e1hon, p\u0159epravn\u00ed rychlost 25 km\/h.<\/p><p><a href=\"http:\/\/recarprofi.cz\/wp-content\/uploads\/2013\/02\/pomot-t507-21-1.jpg\"><img decoding=\"async\" class=\"aligncenter wp-image-9017 size-full\" src=\"https:\/\/recarprofi.cz\/wp-content\/uploads\/2013\/02\/pomot-t507-21-1.jpg\" alt=\"\" width=\"1024\" height=\"768\" srcset=\"https:\/\/recarprofi.cz\/wp-content\/uploads\/2013\/02\/pomot-t507-21-1.jpg 1024w, https:\/\/recarprofi.cz\/wp-content\/uploads\/2013\/02\/pomot-t507-21-1-600x450.jpg 600w, https:\/\/recarprofi.cz\/wp-content\/uploads\/2013\/02\/pomot-t507-21-1-420x315.jpg 420w, https:\/\/recarprofi.cz\/wp-content\/uploads\/2013\/02\/pomot-t507-21-1-744x558.jpg 744w, https:\/\/recarprofi.cz\/wp-content\/uploads\/2013\/02\/pomot-t507-21-1-768x576.jpg 768w\" sizes=\"(max-width: 1024px) 100vw, 1024px\" \/><\/a>\u00a0 \u00a0<a href=\"http:\/\/recarprofi.cz\/wp-content\/uploads\/2013\/02\/pomot-t507-222.jpg\"><img decoding=\"async\" class=\"aligncenter wp-image-9015\" src=\"http:\/\/recarprofi.cz\/wp-content\/uploads\/2013\/02\/pomot-t507-222-744x495.jpg\" alt=\"\" width=\"1050\" height=\"699\" srcset=\"https:\/\/recarprofi.cz\/wp-content\/uploads\/2013\/02\/pomot-t507-222-744x495.jpg 744w, https:\/\/recarprofi.cz\/wp-content\/uploads\/2013\/02\/pomot-t507-222-600x399.jpg 600w, https:\/\/recarprofi.cz\/wp-content\/uploads\/2013\/02\/pomot-t507-222-420x280.jpg 420w, https:\/\/recarprofi.cz\/wp-content\/uploads\/2013\/02\/pomot-t507-222-768x511.jpg 768w, https:\/\/recarprofi.cz\/wp-content\/uploads\/2013\/02\/pomot-t507-222-1200x799.jpg 1200w, https:\/\/recarprofi.cz\/wp-content\/uploads\/2013\/02\/pomot-t507-222.jpg 1920w\" sizes=\"(max-width: 1050px) 100vw, 1050px\" \/><\/a><\/p>\t\t\t\t\t\t\t\t<\/div>\n\t\t\t\t<\/div>\n\t\t\t\t\t<\/div>\n\t\t<\/div>\n\t\t\t\t\t<\/div>\n\t\t<\/section>\n\t\t\t\t<\/div>\n\t\t","protected":false},"excerpt":{"rendered":"<p>\u00a0 \u00a0 \u00a0 \u00a0 \u00a0 \u00a0\u00a0 N\u00e1dr\u017e s\u00edly 5 mm, ohniv\u011b pozinkovan\u00e1 vn\u011b i uvnit\u0159, objem n\u00e1dr\u017ee 2 500 litr\u016f, samonosn\u00e1 konstrukce vozu, pozinkovan\u00e1 oj, jedna pevn\u00e1 n\u00e1prava, kola 11.5\/80&#215;15.3, rozchod kol 1 500 mm,&hellip;<\/p>\n","protected":false},"author":1,"featured_media":0,"parent":1602,"menu_order":1,"comment_status":"closed","ping_status":"closed","template":"","meta":{"footnotes":""},"class_list":["post-1611","page","type-page","status-publish","hentry"],"_links":{"self":[{"href":"https:\/\/recarprofi.cz\/uvod\/wp-json\/wp\/v2\/pages\/1611","targetHints":{"allow":["GET"]}}],"collection":[{"href":"https:\/\/recarprofi.cz\/uvod\/wp-json\/wp\/v2\/pages"}],"about":[{"href":"https:\/\/recarprofi.cz\/uvod\/wp-json\/wp\/v2\/types\/page"}],"author":[{"embeddable":true,"href":"https:\/\/recarprofi.cz\/uvod\/wp-json\/wp\/v2\/users\/1"}],"replies":[{"embeddable":true,"href":"https:\/\/recarprofi.cz\/uvod\/wp-json\/wp\/v2\/comments?post=1611"}],"version-history":[{"count":28,"href":"https:\/\/recarprofi.cz\/uvod\/wp-json\/wp\/v2\/pages\/1611\/revisions"}],"predecessor-version":[{"id":21055,"href":"https:\/\/recarprofi.cz\/uvod\/wp-json\/wp\/v2\/pages\/1611\/revisions\/21055"}],"up":[{"embeddable":true,"href":"https:\/\/recarprofi.cz\/uvod\/wp-json\/wp\/v2\/pages\/1602"}],"wp:attachment":[{"href":"https:\/\/recarprofi.cz\/uvod\/wp-json\/wp\/v2\/media?parent=1611"}],"curies":[{"name":"wp","href":"https:\/\/api.w.org\/{rel}","templated":true}]}}

Fekální návěs Pomot T-507/2

<div data-elementor-type="wp-page" data-elementor-id="1611" class="elementor elementor-1611">
						<section class="elementor-section elementor-top-section elementor-element elementor-element-925cf9a elementor-section-boxed elementor-section-height-default elementor-section-height-default" data-id="925cf9a" data-element_type="section" data-e-type="section">
						<div class="elementor-container elementor-column-gap-default">
					<div class="elementor-column elementor-col-100 elementor-top-column elementor-element elementor-element-19989a9a" data-id="19989a9a" data-element_type="column" data-e-type="column">
			<div class="elementor-widget-wrap elementor-element-populated">
						<div class="elementor-element elementor-element-37fdab3c elementor-widget elementor-widget-text-editor" data-id="37fdab3c" data-element_type="widget" data-e-type="widget" data-widget_type="text-editor.default">
				<div class="elementor-widget-container">
									<p style="text-align: justify;"><span style="color: #ff0000;"><em><strong><a href="http://recarprofi.cz/wp-content/uploads/2013/02/pomot-t507-2.jpg"><span style="color: #ff0000;"><img fetchpriority="high" decoding="async" class="aligncenter wp-image-1619 size-full" title="pomot t507-2" src="https://recarprofi.cz/wp-content/uploads/2013/02/pomot-t507-2.jpg" alt="" width="800" height="600" srcset="https://recarprofi.cz/wp-content/uploads/2013/02/pomot-t507-2.jpg 800w, https://recarprofi.cz/wp-content/uploads/2013/02/pomot-t507-2-600x450.jpg 600w, https://recarprofi.cz/wp-content/uploads/2013/02/pomot-t507-2-300x225.jpg 300w" sizes="(max-width: 800px) 100vw, 800px" /></span></a>             </strong></em></span></p><p style="text-align: left;">Nádrž síly 5 mm, ohnivě pozinkovaná vně i uvnitř, objem nádrže 2 500 litrů, samonosná konstrukce vozu, pozinkovaná oj, jedna pevná náprava, kola 11.5/80&#215;15.3, rozchod kol 1 500 mm, dvoukulový ventil bránící zpětnému vtoku do vývěvy, průtokový sifón Ø 60 s odkalovačem a výpustí armatura 4“, odkalovač a tlumič rázů, manometr, úchyt na výstražný trojúhelník, vakuokompresor MEC nebo KD 3000, spodní závěs Hitch ve výši 400 mm s výměnným okem, mechanická podpůrná noha, pozinkované blatníky s lapači nečistot, plovákový ukazatel naplnění z čela bečky, elektrická instalace 12V, světelná instalace pro provoz po pozemních komunikacích, jednookruhová pneumatická brzda, ruční parkovací brzda, sací hadice 4“ (Ø110 mm) délky 6 metrů s 5 úchyty na bečce, zadní hlavní hydraulický ventil 4“ s rozlévací lžící od 12 do 14 m, zadní otvor Ø500 mm, pojistný ventil podtlakový i přetlakový, zaslepená sací výusť 4“, boční vývod osazen ventilem ¾“, celkové rozměry 4.35&#215;1.88&#215;1.90 m, při hmotnosti stroje 1 110 kg, kloubový náhon, přepravní rychlost 25 km/h.</p><p><a href="http://recarprofi.cz/wp-content/uploads/2013/02/pomot-t507-21-1.jpg"><img decoding="async" class="aligncenter wp-image-9017 size-full" src="https://recarprofi.cz/wp-content/uploads/2013/02/pomot-t507-21-1.jpg" alt="" width="1024" height="768" srcset="https://recarprofi.cz/wp-content/uploads/2013/02/pomot-t507-21-1.jpg 1024w, https://recarprofi.cz/wp-content/uploads/2013/02/pomot-t507-21-1-600x450.jpg 600w, https://recarprofi.cz/wp-content/uploads/2013/02/pomot-t507-21-1-420x315.jpg 420w, https://recarprofi.cz/wp-content/uploads/2013/02/pomot-t507-21-1-744x558.jpg 744w, https://recarprofi.cz/wp-content/uploads/2013/02/pomot-t507-21-1-768x576.jpg 768w" sizes="(max-width: 1024px) 100vw, 1024px" /></a>   <a href="http://recarprofi.cz/wp-content/uploads/2013/02/pomot-t507-222.jpg"><img decoding="async" class="aligncenter wp-image-9015" src="http://recarprofi.cz/wp-content/uploads/2013/02/pomot-t507-222-744x495.jpg" alt="" width="1050" height="699" srcset="https://recarprofi.cz/wp-content/uploads/2013/02/pomot-t507-222-744x495.jpg 744w, https://recarprofi.cz/wp-content/uploads/2013/02/pomot-t507-222-600x399.jpg 600w, https://recarprofi.cz/wp-content/uploads/2013/02/pomot-t507-222-420x280.jpg 420w, https://recarprofi.cz/wp-content/uploads/2013/02/pomot-t507-222-768x511.jpg 768w, https://recarprofi.cz/wp-content/uploads/2013/02/pomot-t507-222-1200x799.jpg 1200w, https://recarprofi.cz/wp-content/uploads/2013/02/pomot-t507-222.jpg 1920w" sizes="(max-width: 1050px) 100vw, 1050px" /></a></p>								</div>
				</div>
					</div>
		</div>
					</div>
		</section>
				</div>

<p>             Nádrž síly 5 mm, ohnivě pozinkovaná vně i uvnitř, objem nádrže 2 500 litrů, samonosná konstrukce vozu, pozinkovaná oj, jedna pevná náprava, kola 11.5/80&#215;15.3, rozchod kol 1 500 mm,&hellip;</p>
