{"id":1625,"date":"2013-02-12T08:02:45","date_gmt":"2013-02-12T07:02:45","guid":{"rendered":"http:\/\/recarprofi.cz\/?page_id=1625"},"modified":"2024-04-25T10:21:00","modified_gmt":"2024-04-25T08:21:00","slug":"t-5071","status":"publish","type":"page","link":"https:\/\/recarprofi.cz\/uvod\/zemedelska-technika\/doprava\/fekalni-cisterny-pomot\/t-5071\/","title":{"rendered":"Fek\u00e1ln\u00ed n\u00e1v\u011bs Pomot T-507\/1"},"content":{"rendered":"\t\t<div data-elementor-type=\"wp-page\" data-elementor-id=\"1625\" class=\"elementor elementor-1625\">\n\t\t\t\t\t\t<section class=\"elementor-section elementor-top-section elementor-element elementor-element-60d24dc8 elementor-section-boxed elementor-section-height-default elementor-section-height-default\" data-id=\"60d24dc8\" data-element_type=\"section\" data-e-type=\"section\">\n\t\t\t\t\t\t<div class=\"elementor-container elementor-column-gap-default\">\n\t\t\t\t\t<div class=\"elementor-column elementor-col-100 elementor-top-column elementor-element elementor-element-4d7de1d4\" data-id=\"4d7de1d4\" data-element_type=\"column\" data-e-type=\"column\">\n\t\t\t<div class=\"elementor-widget-wrap elementor-element-populated\">\n\t\t\t\t\t\t<div class=\"elementor-element elementor-element-4266603f elementor-widget elementor-widget-text-editor\" data-id=\"4266603f\" data-element_type=\"widget\" data-e-type=\"widget\" data-widget_type=\"text-editor.default\">\n\t\t\t\t<div class=\"elementor-widget-container\">\n\t\t\t\t\t\t\t\t\t<p><a href=\"https:\/\/recarprofi.cz\/wp-content\/uploads\/2013\/02\/pomot-t507-1.jpg\"><img fetchpriority=\"high\" decoding=\"async\" class=\"aligncenter wp-image-1635 size-full\" src=\"https:\/\/recarprofi.cz\/wp-content\/uploads\/2013\/02\/pomot-t507-1.jpg\" alt=\"\" width=\"800\" height=\"600\" srcset=\"https:\/\/recarprofi.cz\/wp-content\/uploads\/2013\/02\/pomot-t507-1.jpg 800w, https:\/\/recarprofi.cz\/wp-content\/uploads\/2013\/02\/pomot-t507-1-600x450.jpg 600w, https:\/\/recarprofi.cz\/wp-content\/uploads\/2013\/02\/pomot-t507-1-300x225.jpg 300w\" sizes=\"(max-width: 800px) 100vw, 800px\" \/><\/a><\/p><p><strong>Technick\u00e9 parametry:<\/strong><\/p><p>n\u00e1dr\u017e s\u00edly 5 mm, ohniv\u011b pozinkovan\u00e1 vn\u011b i uvnit\u0159<\/p><p>objem 3 300 litr\u016f<\/p><p align=\"left\">samonosn\u00e1 konstrukce vozu<\/p><p align=\"left\">pozinkovan\u00e1 oj<\/p><p align=\"left\">jedna pevn\u00e1 n\u00e1prava<\/p><p align=\"left\">kola 11.5\/80&#215;15.3<\/p><p align=\"left\">rozchod kol 1 500 mm<\/p><p align=\"left\">dvoukulov\u00fd ventil br\u00e1n\u00edc\u00ed zp\u011btn\u00e9mu vtoku do v\u00fdv\u011bvy<\/p><p align=\"left\">pr\u016ftokov\u00fd sif\u00f3n \u00d8 60 s odkalova\u010dem a v\u00fdpust\u00ed<\/p><p align=\"left\">armatura 4\u201c<\/p><p align=\"left\">odkalova\u010d a tlumi\u010d r\u00e1z\u016f<\/p><p align=\"left\">manometr<\/p><p align=\"left\">\u00fahyt na v\u00fdtra\u017en\u00fd troj\u00faheln\u00edk<\/p><p>vakuokompresor MEC nebo KD 3000<\/p><p align=\"left\">spodn\u00ed z\u00e1v\u011bs Hitch ve v\u00fd\u0161i 400 mm s v\u00fdm\u011bnn\u00fdm okem<\/p><p align=\"left\">mechanick\u00e1 podp\u016frn\u00e1 noha<\/p><p align=\"left\">pozink blatn\u00edky s lapa\u010di ne\u010distot<\/p><p align=\"left\">plov\u00e1kov\u00fd ukazatel napln\u011bn\u00ed z \u010dela be\u010dky<\/p><p align=\"left\">elektrick\u00e1 instalace 12V, sv\u011bteln\u00e1 instalace pro provoz po pozemn\u00edch komunikac\u00edch<\/p><p align=\"left\">jednookruhov\u00e1 pneumatick\u00e1 brzda<\/p><p align=\"left\">ru\u010dn\u00ed parkovac\u00ed brzda<\/p><p align=\"left\">sac\u00ed hadice 4\u201c (\u00d8110 mm) d\u00e9ky 6 metr\u016f s 5 \u00fahyty na be\u010dce<\/p><p align=\"left\">zadn\u00ed hlavn\u00ed hydraulick\u00fd ventil 4\u201c s rozlevac\u00ed l\u017e\u00edci od 12 do 14 m<\/p><p align=\"left\">zadn\u00ed otvor \u00d8500 mm<\/p><p align=\"left\">pojistn\u00fd ventil podtlakov\u00fd i p\u0159etlakov\u00fd<\/p><p align=\"left\">zaslepen\u00e1 sac\u00ed v\u00fds\u0165 4\u201c<\/p><p align=\"left\">bo\u010dn\u00ed v\u00fdvod osazen ventilem \u00be\u201c<\/p><p align=\"left\">celkov\u00e9 rozm\u011by 4.35&#215;1.88&#215;2.08 m<\/p><p>p\u0159i hmotnosti stroje 1 110 kg<\/p><p align=\"left\">kloubov\u00fd n\u00e1hon<\/p><p>p\u0159epravn\u00ed rychlost 25 km\/hod<\/p><p><a href=\"http:\/\/recarprofi.cz\/wp-content\/uploads\/2013\/02\/pomot-t507-111.jpg\"><img decoding=\"async\" class=\"aligncenter wp-image-9023\" src=\"http:\/\/recarprofi.cz\/wp-content\/uploads\/2013\/02\/pomot-t507-111-744x558.jpg\" alt=\"\" width=\"1100\" height=\"825\" srcset=\"https:\/\/recarprofi.cz\/wp-content\/uploads\/2013\/02\/pomot-t507-111-744x558.jpg 744w, https:\/\/recarprofi.cz\/wp-content\/uploads\/2013\/02\/pomot-t507-111-600x450.jpg 600w, https:\/\/recarprofi.cz\/wp-content\/uploads\/2013\/02\/pomot-t507-111-420x315.jpg 420w, https:\/\/recarprofi.cz\/wp-content\/uploads\/2013\/02\/pomot-t507-111-768x576.jpg 768w, https:\/\/recarprofi.cz\/wp-content\/uploads\/2013\/02\/pomot-t507-111-1200x900.jpg 1200w, https:\/\/recarprofi.cz\/wp-content\/uploads\/2013\/02\/pomot-t507-111.jpg 1920w\" sizes=\"(max-width: 1100px) 100vw, 1100px\" \/><\/a><\/p>\t\t\t\t\t\t\t\t<\/div>\n\t\t\t\t<\/div>\n\t\t\t\t\t<\/div>\n\t\t<\/div>\n\t\t\t\t\t<\/div>\n\t\t<\/section>\n\t\t\t\t<\/div>\n\t\t","protected":false},"excerpt":{"rendered":"<p>Technick\u00e9 parametry: n\u00e1dr\u017e s\u00edly 5 mm, ohniv\u011b pozinkovan\u00e1 vn\u011b i uvnit\u0159 objem 3 300 litr\u016f samonosn\u00e1 konstrukce vozu pozinkovan\u00e1 oj jedna pevn\u00e1 n\u00e1prava kola 11.5\/80&#215;15.3 rozchod kol 1 500 mm dvoukulov\u00fd ventil br\u00e1n\u00edc\u00ed zp\u011btn\u00e9mu vtoku&hellip;<\/p>\n","protected":false},"author":1,"featured_media":0,"parent":1602,"menu_order":2,"comment_status":"closed","ping_status":"closed","template":"","meta":{"footnotes":""},"class_list":["post-1625","page","type-page","status-publish","hentry"],"_links":{"self":[{"href":"https:\/\/recarprofi.cz\/uvod\/wp-json\/wp\/v2\/pages\/1625","targetHints":{"allow":["GET"]}}],"collection":[{"href":"https:\/\/recarprofi.cz\/uvod\/wp-json\/wp\/v2\/pages"}],"about":[{"href":"https:\/\/recarprofi.cz\/uvod\/wp-json\/wp\/v2\/types\/page"}],"author":[{"embeddable":true,"href":"https:\/\/recarprofi.cz\/uvod\/wp-json\/wp\/v2\/users\/1"}],"replies":[{"embeddable":true,"href":"https:\/\/recarprofi.cz\/uvod\/wp-json\/wp\/v2\/comments?post=1625"}],"version-history":[{"count":22,"href":"https:\/\/recarprofi.cz\/uvod\/wp-json\/wp\/v2\/pages\/1625\/revisions"}],"predecessor-version":[{"id":21054,"href":"https:\/\/recarprofi.cz\/uvod\/wp-json\/wp\/v2\/pages\/1625\/revisions\/21054"}],"up":[{"embeddable":true,"href":"https:\/\/recarprofi.cz\/uvod\/wp-json\/wp\/v2\/pages\/1602"}],"wp:attachment":[{"href":"https:\/\/recarprofi.cz\/uvod\/wp-json\/wp\/v2\/media?parent=1625"}],"curies":[{"name":"wp","href":"https:\/\/api.w.org\/{rel}","templated":true}]}}

Fekální návěs Pomot T-507/1

<div data-elementor-type="wp-page" data-elementor-id="1625" class="elementor elementor-1625">
						<section class="elementor-section elementor-top-section elementor-element elementor-element-60d24dc8 elementor-section-boxed elementor-section-height-default elementor-section-height-default" data-id="60d24dc8" data-element_type="section" data-e-type="section">
						<div class="elementor-container elementor-column-gap-default">
					<div class="elementor-column elementor-col-100 elementor-top-column elementor-element elementor-element-4d7de1d4" data-id="4d7de1d4" data-element_type="column" data-e-type="column">
			<div class="elementor-widget-wrap elementor-element-populated">
						<div class="elementor-element elementor-element-4266603f elementor-widget elementor-widget-text-editor" data-id="4266603f" data-element_type="widget" data-e-type="widget" data-widget_type="text-editor.default">
				<div class="elementor-widget-container">
									<p><a href="https://recarprofi.cz/wp-content/uploads/2013/02/pomot-t507-1.jpg"><img fetchpriority="high" decoding="async" class="aligncenter wp-image-1635 size-full" src="https://recarprofi.cz/wp-content/uploads/2013/02/pomot-t507-1.jpg" alt="" width="800" height="600" srcset="https://recarprofi.cz/wp-content/uploads/2013/02/pomot-t507-1.jpg 800w, https://recarprofi.cz/wp-content/uploads/2013/02/pomot-t507-1-600x450.jpg 600w, https://recarprofi.cz/wp-content/uploads/2013/02/pomot-t507-1-300x225.jpg 300w" sizes="(max-width: 800px) 100vw, 800px" /></a></p><p><strong>Technické parametry:</strong></p><p>nádrž síly 5 mm, ohnivě pozinkovaná vně i uvnitř</p><p>objem 3 300 litrů</p><p align="left">samonosná konstrukce vozu</p><p align="left">pozinkovaná oj</p><p align="left">jedna pevná náprava</p><p align="left">kola 11.5/80&#215;15.3</p><p align="left">rozchod kol 1 500 mm</p><p align="left">dvoukulový ventil bránící zpětnému vtoku do vývěvy</p><p align="left">průtokový sifón Ø 60 s odkalovačem a výpustí</p><p align="left">armatura 4“</p><p align="left">odkalovač a tlumič rázů</p><p align="left">manometr</p><p align="left">úhyt na výtražný trojúhelník</p><p>vakuokompresor MEC nebo KD 3000</p><p align="left">spodní závěs Hitch ve výši 400 mm s výměnným okem</p><p align="left">mechanická podpůrná noha</p><p align="left">pozink blatníky s lapači nečistot</p><p align="left">plovákový ukazatel naplnění z čela bečky</p><p align="left">elektrická instalace 12V, světelná instalace pro provoz po pozemních komunikacích</p><p align="left">jednookruhová pneumatická brzda</p><p align="left">ruční parkovací brzda</p><p align="left">sací hadice 4“ (Ø110 mm) déky 6 metrů s 5 úhyty na bečce</p><p align="left">zadní hlavní hydraulický ventil 4“ s rozlevací lžíci od 12 do 14 m</p><p align="left">zadní otvor Ø500 mm</p><p align="left">pojistný ventil podtlakový i přetlakový</p><p align="left">zaslepená sací výsť 4“</p><p align="left">boční vývod osazen ventilem ¾“</p><p align="left">celkové rozměy 4.35&#215;1.88&#215;2.08 m</p><p>při hmotnosti stroje 1 110 kg</p><p align="left">kloubový náhon</p><p>přepravní rychlost 25 km/hod</p><p><a href="http://recarprofi.cz/wp-content/uploads/2013/02/pomot-t507-111.jpg"><img decoding="async" class="aligncenter wp-image-9023" src="http://recarprofi.cz/wp-content/uploads/2013/02/pomot-t507-111-744x558.jpg" alt="" width="1100" height="825" srcset="https://recarprofi.cz/wp-content/uploads/2013/02/pomot-t507-111-744x558.jpg 744w, https://recarprofi.cz/wp-content/uploads/2013/02/pomot-t507-111-600x450.jpg 600w, https://recarprofi.cz/wp-content/uploads/2013/02/pomot-t507-111-420x315.jpg 420w, https://recarprofi.cz/wp-content/uploads/2013/02/pomot-t507-111-768x576.jpg 768w, https://recarprofi.cz/wp-content/uploads/2013/02/pomot-t507-111-1200x900.jpg 1200w, https://recarprofi.cz/wp-content/uploads/2013/02/pomot-t507-111.jpg 1920w" sizes="(max-width: 1100px) 100vw, 1100px" /></a></p>								</div>
				</div>
					</div>
		</div>
					</div>
		</section>
				</div>

<p>Technické parametry: nádrž síly 5 mm, ohnivě pozinkovaná vně i uvnitř objem 3 300 litrů samonosná konstrukce vozu pozinkovaná oj jedna pevná náprava kola 11.5/80&#215;15.3 rozchod kol 1 500 mm dvoukulový ventil bránící zpětnému vtoku&hellip;</p>
