{"id":1683,"date":"2013-02-12T09:25:12","date_gmt":"2013-02-12T08:25:12","guid":{"rendered":"http:\/\/recarprofi.cz\/?page_id=1683"},"modified":"2024-04-25T10:25:13","modified_gmt":"2024-04-25T08:25:13","slug":"t-5443","status":"publish","type":"page","link":"https:\/\/recarprofi.cz\/uvod\/zemedelska-technika\/doprava\/fekalni-cisterny-pomot\/t-5443\/","title":{"rendered":"Fek\u00e1ln\u00ed n\u00e1v\u011bs Pomot T-544\/3"},"content":{"rendered":"\t\t<div data-elementor-type=\"wp-page\" data-elementor-id=\"1683\" class=\"elementor elementor-1683\">\n\t\t\t\t\t\t<section class=\"elementor-section elementor-top-section elementor-element elementor-element-6f682d3d elementor-section-boxed elementor-section-height-default elementor-section-height-default\" data-id=\"6f682d3d\" data-element_type=\"section\" data-e-type=\"section\">\n\t\t\t\t\t\t<div class=\"elementor-container elementor-column-gap-default\">\n\t\t\t\t\t<div class=\"elementor-column elementor-col-100 elementor-top-column elementor-element elementor-element-25827a7b\" data-id=\"25827a7b\" data-element_type=\"column\" data-e-type=\"column\">\n\t\t\t<div class=\"elementor-widget-wrap elementor-element-populated\">\n\t\t\t\t\t\t<div class=\"elementor-element elementor-element-11076650 elementor-widget elementor-widget-text-editor\" data-id=\"11076650\" data-element_type=\"widget\" data-e-type=\"widget\" data-widget_type=\"text-editor.default\">\n\t\t\t\t<div class=\"elementor-widget-container\">\n\t\t\t\t\t\t\t\t\t<p><span style=\"color: #ff0000;\"><em><strong>\u00a0 \u00a0 \u00a0 \u00a0 \u00a0 \u00a0 \u00a0 \u00a0 \u00a0 <a href=\"http:\/\/recarprofi.cz\/wp-content\/uploads\/2013\/02\/pomot-t544-3.jpg\"><span style=\"color: #ff0000;\"><img fetchpriority=\"high\" decoding=\"async\" class=\"aligncenter wp-image-1692 size-full\" title=\"pomot t544-3\" src=\"https:\/\/recarprofi.cz\/wp-content\/uploads\/2013\/02\/pomot-t544-3.jpg\" alt=\"\" width=\"900\" height=\"675\" srcset=\"https:\/\/recarprofi.cz\/wp-content\/uploads\/2013\/02\/pomot-t544-3.jpg 900w, https:\/\/recarprofi.cz\/wp-content\/uploads\/2013\/02\/pomot-t544-3-600x450.jpg 600w\" sizes=\"(max-width: 900px) 100vw, 900px\" \/><\/span><\/a><\/strong><\/em><\/span><\/p><p align=\"left\">n\u00e1dr\u017e s\u00edly 5 mm, ohniv\u011b pozinkovan\u00e1 vn\u011b i uvnit\u0159<\/p><p align=\"left\">objem 8 000 litr\u016f<\/p><p align=\"left\">n\u00e1dr\u017e osazen\u00e1 vnit\u0159n\u00edm vlnolamem<\/p><p align=\"left\">samonosn\u00e1 konstrukce vozu<\/p><p align=\"left\">pozinkovan\u00e1 oj<\/p><p align=\"left\">jedna pevn\u00e1 n\u00e1prava<\/p><p align=\"left\">kola 19.5Rx22.5<\/p><p align=\"left\">rozchod kol 1.900 mm<\/p><p align=\"left\">dvoukulov\u00fd ventil br\u00e1n\u00edc\u00ed zp\u011btn\u00e9mu vtoku do v\u00fdv\u011bvy RIV 410<\/p><p align=\"left\">pr\u016ftokov\u00fd sif\u00f3n \u00d8 60 s odkalova\u010dem a v\u00fdpust\u00ed<\/p><p align=\"left\">armatura 6\u201c<\/p><p align=\"left\">odkalova\u010d a tlumi\u010d r\u00e1z\u016f<\/p><p align=\"left\">Manometr<\/p><p>\u00fahyt na v\u00fdstra\u017en\u00fd troj\u00faheln\u00edk<a href=\"http:\/\/recarprofi.cz\/wp-content\/uploads\/2013\/02\/pomot-t544-33.jpg\"><img decoding=\"async\" class=\"aligncenter wp-image-1694 size-full\" title=\"pomot t544-33\" src=\"https:\/\/recarprofi.cz\/wp-content\/uploads\/2013\/02\/pomot-t544-33.jpg\" alt=\"\" width=\"900\" height=\"627\" srcset=\"https:\/\/recarprofi.cz\/wp-content\/uploads\/2013\/02\/pomot-t544-33.jpg 900w, https:\/\/recarprofi.cz\/wp-content\/uploads\/2013\/02\/pomot-t544-33-600x418.jpg 600w, https:\/\/recarprofi.cz\/wp-content\/uploads\/2013\/02\/pomot-t544-33-300x209.jpg 300w\" sizes=\"(max-width: 900px) 100vw, 900px\" \/><\/a><\/p><p align=\"left\">vakuokompresor MEC nebo KD 6500<\/p><p align=\"left\">spodn\u00ed z\u00e1v\u011bs Hitch ve v\u00fd\u0161i 400 mm s v\u00fdm\u011bnn\u00fdm okem<\/p><p align=\"left\">mechanick\u00e1 podp\u016frn\u00e1 noha<\/p><p align=\"left\">pozinkovan\u00e9 blatn\u00edky s lapa\u010di ne\u010distot<\/p><p align=\"left\">plov\u00e1kov\u00fd ukazatel napln\u011bn\u00ed z \u010dela be\u010dky<\/p><p align=\"left\">elektrick\u00e1 instalace 12V<\/p><p align=\"left\">sv\u011bteln\u00e1 instalace pro provoz po pozemn\u00edch komunikac\u00edch<\/p><p align=\"left\">dvouokruhov\u00e1 pneumatick\u00e1 brzda<\/p><p align=\"left\">ru\u010dn\u00ed parkovac\u00ed brzda<\/p><p align=\"left\">sac\u00ed hadice 6\u201c (\u00d8150 mm) d\u00e9ky 6 metr\u016f s 5 \u00fahyty na be\u010dce<\/p><p align=\"left\">zadn\u00ed hlavn\u00ed hydraulick\u00fd ventil 6\u201c s rozl\u00e9vac\u00ed l\u017e\u00edc\u00ed od 12 do 14 m<\/p><p align=\"left\">zadn\u00ed otvor \u00d8900 mm<\/p><p align=\"left\">pojistn\u00fd ventil podtlakov\u00fd i p\u0159etlakov\u00fd<\/p><p align=\"left\">zaslepen\u00e1sa sac\u00ed v\u00fdus\u0165 6\u201c<\/p><p>2 bo\u010dn\u00ed ventily z ka\u017ed\u00e9 strany, jeden osazen ventilem \u00be\u201c<\/p><p align=\"left\">celkov\u00e9 rozm\u011bry 6.1&#215;2.55&#215;2.66 m<\/p><p align=\"left\">hmotnost stroje 2 400 kg<a href=\"http:\/\/recarprofi.cz\/wp-content\/uploads\/2013\/02\/pomot-t544-333.jpg\"><img decoding=\"async\" class=\"aligncenter wp-image-1696 size-large\" title=\"pomot t544-333\" src=\"https:\/\/recarprofi.cz\/wp-content\/uploads\/2013\/02\/pomot-t544-333-1024x765.jpg\" alt=\"\" width=\"1024\" height=\"765\" srcset=\"https:\/\/recarprofi.cz\/wp-content\/uploads\/2013\/02\/pomot-t544-333-1024x765.jpg 1024w, https:\/\/recarprofi.cz\/wp-content\/uploads\/2013\/02\/pomot-t544-333-600x448.jpg 600w, https:\/\/recarprofi.cz\/wp-content\/uploads\/2013\/02\/pomot-t544-333-300x224.jpg 300w\" sizes=\"(max-width: 1024px) 100vw, 1024px\" \/><\/a><\/p><p align=\"left\">kloubov\u00fd n\u00e1hon<\/p><p>p\u0159epravn\u00ed rychlost 40 km\/hod<\/p>\t\t\t\t\t\t\t\t<\/div>\n\t\t\t\t<\/div>\n\t\t\t\t\t<\/div>\n\t\t<\/div>\n\t\t\t\t\t<\/div>\n\t\t<\/section>\n\t\t\t\t<\/div>\n\t\t","protected":false},"excerpt":{"rendered":"<p>\u00a0 \u00a0 \u00a0 \u00a0 \u00a0 \u00a0 \u00a0 \u00a0 \u00a0 n\u00e1dr\u017e s\u00edly 5 mm, ohniv\u011b pozinkovan\u00e1 vn\u011b i uvnit\u0159 objem 8 000 litr\u016f n\u00e1dr\u017e osazen\u00e1 vnit\u0159n\u00edm vlnolamem samonosn\u00e1 konstrukce vozu pozinkovan\u00e1 oj jedna pevn\u00e1 n\u00e1prava kola&hellip;<\/p>\n","protected":false},"author":1,"featured_media":0,"parent":1602,"menu_order":6,"comment_status":"closed","ping_status":"closed","template":"","meta":{"footnotes":""},"class_list":["post-1683","page","type-page","status-publish","hentry"],"_links":{"self":[{"href":"https:\/\/recarprofi.cz\/uvod\/wp-json\/wp\/v2\/pages\/1683","targetHints":{"allow":["GET"]}}],"collection":[{"href":"https:\/\/recarprofi.cz\/uvod\/wp-json\/wp\/v2\/pages"}],"about":[{"href":"https:\/\/recarprofi.cz\/uvod\/wp-json\/wp\/v2\/types\/page"}],"author":[{"embeddable":true,"href":"https:\/\/recarprofi.cz\/uvod\/wp-json\/wp\/v2\/users\/1"}],"replies":[{"embeddable":true,"href":"https:\/\/recarprofi.cz\/uvod\/wp-json\/wp\/v2\/comments?post=1683"}],"version-history":[{"count":21,"href":"https:\/\/recarprofi.cz\/uvod\/wp-json\/wp\/v2\/pages\/1683\/revisions"}],"predecessor-version":[{"id":21050,"href":"https:\/\/recarprofi.cz\/uvod\/wp-json\/wp\/v2\/pages\/1683\/revisions\/21050"}],"up":[{"embeddable":true,"href":"https:\/\/recarprofi.cz\/uvod\/wp-json\/wp\/v2\/pages\/1602"}],"wp:attachment":[{"href":"https:\/\/recarprofi.cz\/uvod\/wp-json\/wp\/v2\/media?parent=1683"}],"curies":[{"name":"wp","href":"https:\/\/api.w.org\/{rel}","templated":true}]}}

Fekální návěs Pomot T-544/3

<div data-elementor-type="wp-page" data-elementor-id="1683" class="elementor elementor-1683">
						<section class="elementor-section elementor-top-section elementor-element elementor-element-6f682d3d elementor-section-boxed elementor-section-height-default elementor-section-height-default" data-id="6f682d3d" data-element_type="section" data-e-type="section">
						<div class="elementor-container elementor-column-gap-default">
					<div class="elementor-column elementor-col-100 elementor-top-column elementor-element elementor-element-25827a7b" data-id="25827a7b" data-element_type="column" data-e-type="column">
			<div class="elementor-widget-wrap elementor-element-populated">
						<div class="elementor-element elementor-element-11076650 elementor-widget elementor-widget-text-editor" data-id="11076650" data-element_type="widget" data-e-type="widget" data-widget_type="text-editor.default">
				<div class="elementor-widget-container">
									<p><span style="color: #ff0000;"><em><strong>                  <a href="http://recarprofi.cz/wp-content/uploads/2013/02/pomot-t544-3.jpg"><span style="color: #ff0000;"><img fetchpriority="high" decoding="async" class="aligncenter wp-image-1692 size-full" title="pomot t544-3" src="https://recarprofi.cz/wp-content/uploads/2013/02/pomot-t544-3.jpg" alt="" width="900" height="675" srcset="https://recarprofi.cz/wp-content/uploads/2013/02/pomot-t544-3.jpg 900w, https://recarprofi.cz/wp-content/uploads/2013/02/pomot-t544-3-600x450.jpg 600w" sizes="(max-width: 900px) 100vw, 900px" /></span></a></strong></em></span></p><p align="left">nádrž síly 5 mm, ohnivě pozinkovaná vně i uvnitř</p><p align="left">objem 8 000 litrů</p><p align="left">nádrž osazená vnitřním vlnolamem</p><p align="left">samonosná konstrukce vozu</p><p align="left">pozinkovaná oj</p><p align="left">jedna pevná náprava</p><p align="left">kola 19.5Rx22.5</p><p align="left">rozchod kol 1.900 mm</p><p align="left">dvoukulový ventil bránící zpětnému vtoku do vývěvy RIV 410</p><p align="left">průtokový sifón Ø 60 s odkalovačem a výpustí</p><p align="left">armatura 6“</p><p align="left">odkalovač a tlumič rázů</p><p align="left">Manometr</p><p>úhyt na výstražný trojúhelník<a href="http://recarprofi.cz/wp-content/uploads/2013/02/pomot-t544-33.jpg"><img decoding="async" class="aligncenter wp-image-1694 size-full" title="pomot t544-33" src="https://recarprofi.cz/wp-content/uploads/2013/02/pomot-t544-33.jpg" alt="" width="900" height="627" srcset="https://recarprofi.cz/wp-content/uploads/2013/02/pomot-t544-33.jpg 900w, https://recarprofi.cz/wp-content/uploads/2013/02/pomot-t544-33-600x418.jpg 600w, https://recarprofi.cz/wp-content/uploads/2013/02/pomot-t544-33-300x209.jpg 300w" sizes="(max-width: 900px) 100vw, 900px" /></a></p><p align="left">vakuokompresor MEC nebo KD 6500</p><p align="left">spodní závěs Hitch ve výši 400 mm s výměnným okem</p><p align="left">mechanická podpůrná noha</p><p align="left">pozinkované blatníky s lapači nečistot</p><p align="left">plovákový ukazatel naplnění z čela bečky</p><p align="left">elektrická instalace 12V</p><p align="left">světelná instalace pro provoz po pozemních komunikacích</p><p align="left">dvouokruhová pneumatická brzda</p><p align="left">ruční parkovací brzda</p><p align="left">sací hadice 6“ (Ø150 mm) déky 6 metrů s 5 úhyty na bečce</p><p align="left">zadní hlavní hydraulický ventil 6“ s rozlévací lžící od 12 do 14 m</p><p align="left">zadní otvor Ø900 mm</p><p align="left">pojistný ventil podtlakový i přetlakový</p><p align="left">zaslepenása sací výusť 6“</p><p>2 boční ventily z každé strany, jeden osazen ventilem ¾“</p><p align="left">celkové rozměry 6.1&#215;2.55&#215;2.66 m</p><p align="left">hmotnost stroje 2 400 kg<a href="http://recarprofi.cz/wp-content/uploads/2013/02/pomot-t544-333.jpg"><img decoding="async" class="aligncenter wp-image-1696 size-large" title="pomot t544-333" src="https://recarprofi.cz/wp-content/uploads/2013/02/pomot-t544-333-1024x765.jpg" alt="" width="1024" height="765" srcset="https://recarprofi.cz/wp-content/uploads/2013/02/pomot-t544-333-1024x765.jpg 1024w, https://recarprofi.cz/wp-content/uploads/2013/02/pomot-t544-333-600x448.jpg 600w, https://recarprofi.cz/wp-content/uploads/2013/02/pomot-t544-333-300x224.jpg 300w" sizes="(max-width: 1024px) 100vw, 1024px" /></a></p><p align="left">kloubový náhon</p><p>přepravní rychlost 40 km/hod</p>								</div>
				</div>
					</div>
		</div>
					</div>
		</section>
				</div>

<p>                  nádrž síly 5 mm, ohnivě pozinkovaná vně i uvnitř objem 8 000 litrů nádrž osazená vnitřním vlnolamem samonosná konstrukce vozu pozinkovaná oj jedna pevná náprava kola&hellip;</p>
