{"id":25037,"date":"2022-12-08T15:56:42","date_gmt":"2022-12-08T14:56:42","guid":{"rendered":"https:\/\/recarprofi.cz\/uvod\/?page_id=25037"},"modified":"2024-04-19T14:16:40","modified_gmt":"2024-04-19T12:16:40","slug":"rucne-vedene-voziky-baoli","status":"publish","type":"page","link":"https:\/\/recarprofi.cz\/uvod\/manipulacni-technika\/rucne-vedene-voziky-baoli\/","title":{"rendered":"Ru\u010dn\u011b veden\u00e9 voz\u00edky Baoli"},"content":{"rendered":"\t\t<div data-elementor-type=\"wp-page\" data-elementor-id=\"25037\" class=\"elementor elementor-25037\">\n\t\t\t\t\t\t<section class=\"elementor-section elementor-top-section elementor-element elementor-element-2047049 elementor-section-boxed elementor-section-height-default elementor-section-height-default\" data-id=\"2047049\" data-element_type=\"section\" data-e-type=\"section\">\n\t\t\t\t\t\t<div class=\"elementor-container elementor-column-gap-default\">\n\t\t\t\t\t<div class=\"elementor-column elementor-col-33 elementor-top-column elementor-element elementor-element-35eabcc\" data-id=\"35eabcc\" data-element_type=\"column\" data-e-type=\"column\">\n\t\t\t<div class=\"elementor-widget-wrap elementor-element-populated\">\n\t\t\t\t\t\t<div class=\"elementor-element elementor-element-fa8db21 elementor-position-top elementor-widget elementor-widget-image-box\" data-id=\"fa8db21\" data-element_type=\"widget\" data-e-type=\"widget\" data-widget_type=\"image-box.default\">\n\t\t\t\t<div class=\"elementor-widget-container\">\n\t\t\t\t\t<div class=\"elementor-image-box-wrapper\"><figure class=\"elementor-image-box-img\"><a href=\"https:\/\/recarprofi.cz\/uvod\/manipulacni-technika\/rucne-vedene-voziky-baoli\/ep-15-03\/\" tabindex=\"-1\"><img decoding=\"async\" width=\"100\" height=\"100\" src=\"https:\/\/recarprofi.cz\/wp-content\/uploads\/2022\/12\/baoli-ep15-100x100.jpg\" class=\"attachment-woocommerce_gallery_thumbnail size-woocommerce_gallery_thumbnail wp-image-25038\" alt=\"\" srcset=\"https:\/\/recarprofi.cz\/wp-content\/uploads\/2022\/12\/baoli-ep15-100x100.jpg 100w, https:\/\/recarprofi.cz\/wp-content\/uploads\/2022\/12\/baoli-ep15-370x370.jpg 370w, https:\/\/recarprofi.cz\/wp-content\/uploads\/2022\/12\/elementor\/thumbs\/baoli-ep15-pyv4vi2nzsz21o2gongpszug0rb1ga34ef5mvqqp24.jpg 150w\" sizes=\"(max-width: 100px) 100vw, 100px\" \/><\/a><\/figure><div class=\"elementor-image-box-content\"><h3 class=\"elementor-image-box-title\"><a href=\"https:\/\/recarprofi.cz\/uvod\/manipulacni-technika\/rucne-vedene-voziky-baoli\/ep-15-03\/\">Baoli EP 15-03<\/a><\/h3><p class=\"elementor-image-box-description\">Nosnost 1.500 kg. Li-ion baterie 24V\/20Ah.<\/p><\/div><\/div>\t\t\t\t<\/div>\n\t\t\t\t<\/div>\n\t\t\t\t\t<\/div>\n\t\t<\/div>\n\t\t\t\t<div class=\"elementor-column elementor-col-33 elementor-top-column elementor-element elementor-element-7933024\" data-id=\"7933024\" data-element_type=\"column\" data-e-type=\"column\">\n\t\t\t<div class=\"elementor-widget-wrap elementor-element-populated\">\n\t\t\t\t\t\t<div class=\"elementor-element elementor-element-1825b80 elementor-position-top elementor-widget elementor-widget-image-box\" data-id=\"1825b80\" data-element_type=\"widget\" data-e-type=\"widget\" data-widget_type=\"image-box.default\">\n\t\t\t\t<div class=\"elementor-widget-container\">\n\t\t\t\t\t<div class=\"elementor-image-box-wrapper\"><figure class=\"elementor-image-box-img\"><a href=\"https:\/\/recarprofi.cz\/uvod\/manipulacni-technika\/rucne-vedene-voziky-baoli\/kbp-15l\/\" tabindex=\"-1\"><img decoding=\"async\" width=\"100\" height=\"100\" src=\"https:\/\/recarprofi.cz\/wp-content\/uploads\/2024\/04\/baoli-kbp-15-100x100.jpg\" class=\"attachment-woocommerce_gallery_thumbnail size-woocommerce_gallery_thumbnail wp-image-29979\" alt=\"\" srcset=\"https:\/\/recarprofi.cz\/wp-content\/uploads\/2024\/04\/baoli-kbp-15-100x100.jpg 100w, https:\/\/recarprofi.cz\/wp-content\/uploads\/2024\/04\/baoli-kbp-15-744x744.jpg 744w, https:\/\/recarprofi.cz\/wp-content\/uploads\/2024\/04\/baoli-kbp-15-420x420.jpg 420w, https:\/\/recarprofi.cz\/wp-content\/uploads\/2024\/04\/baoli-kbp-15-768x768.jpg 768w, https:\/\/recarprofi.cz\/wp-content\/uploads\/2024\/04\/baoli-kbp-15-600x600.jpg 600w, https:\/\/recarprofi.cz\/wp-content\/uploads\/2024\/04\/elementor\/thumbs\/baoli-kbp-15-qmua85p4mdp7me3nxq9tof7oknwbsky87ls5ih38m4.jpg 150w, https:\/\/recarprofi.cz\/wp-content\/uploads\/2024\/04\/baoli-kbp-15.jpg 770w\" sizes=\"(max-width: 100px) 100vw, 100px\" \/><\/a><\/figure><div class=\"elementor-image-box-content\"><h3 class=\"elementor-image-box-title\"><a href=\"https:\/\/recarprofi.cz\/uvod\/manipulacni-technika\/rucne-vedene-voziky-baoli\/kbp-15l\/\">Baoli KBP-15L<\/a><\/h3><p class=\"elementor-image-box-description\">Nosnost 1.500 kg. Li-ion baterie 24V\/30Ah.<\/p><\/div><\/div>\t\t\t\t<\/div>\n\t\t\t\t<\/div>\n\t\t\t\t\t<\/div>\n\t\t<\/div>\n\t\t\t\t<div class=\"elementor-column elementor-col-33 elementor-top-column elementor-element elementor-element-bb72227\" data-id=\"bb72227\" data-element_type=\"column\" data-e-type=\"column\">\n\t\t\t<div class=\"elementor-widget-wrap elementor-element-populated\">\n\t\t\t\t\t\t<div class=\"elementor-element elementor-element-5990817 elementor-position-top elementor-widget elementor-widget-image-box\" data-id=\"5990817\" data-element_type=\"widget\" data-e-type=\"widget\" data-widget_type=\"image-box.default\">\n\t\t\t\t<div class=\"elementor-widget-container\">\n\t\t\t\t\t<div class=\"elementor-image-box-wrapper\"><figure class=\"elementor-image-box-img\"><a href=\"https:\/\/recarprofi.cz\/uvod\/manipulacni-technika\/rucne-vedene-voziky-baoli\/ep-16-n01\/\" tabindex=\"-1\"><img decoding=\"async\" width=\"100\" height=\"100\" src=\"https:\/\/recarprofi.cz\/wp-content\/uploads\/2021\/12\/baoli-ep16-100x100.jpg\" class=\"attachment-woocommerce_gallery_thumbnail size-woocommerce_gallery_thumbnail wp-image-23662\" alt=\"\" srcset=\"https:\/\/recarprofi.cz\/wp-content\/uploads\/2021\/12\/baoli-ep16-100x100.jpg 100w, https:\/\/recarprofi.cz\/wp-content\/uploads\/2021\/12\/baoli-ep16-420x422.jpg 420w, https:\/\/recarprofi.cz\/wp-content\/uploads\/2021\/12\/baoli-ep16-370x370.jpg 370w, https:\/\/recarprofi.cz\/wp-content\/uploads\/2021\/12\/baoli-ep16-60x60.jpg 60w, https:\/\/recarprofi.cz\/wp-content\/uploads\/2021\/12\/baoli-ep16.jpg 475w\" sizes=\"(max-width: 100px) 100vw, 100px\" \/><\/a><\/figure><div class=\"elementor-image-box-content\"><h3 class=\"elementor-image-box-title\"><a href=\"https:\/\/recarprofi.cz\/uvod\/manipulacni-technika\/rucne-vedene-voziky-baoli\/ep-16-n01\/\">Baoli EP 16-N01<\/a><\/h3><p class=\"elementor-image-box-description\">Nosnost 1.600 kg. Trak\u010dn\u00ed baterie 24V\/160Ah.<\/p><\/div><\/div>\t\t\t\t<\/div>\n\t\t\t\t<\/div>\n\t\t\t\t\t<\/div>\n\t\t<\/div>\n\t\t\t\t\t<\/div>\n\t\t<\/section>\n\t\t\t\t<section class=\"elementor-section elementor-top-section elementor-element elementor-element-bc815a0 elementor-section-boxed elementor-section-height-default elementor-section-height-default\" data-id=\"bc815a0\" data-element_type=\"section\" data-e-type=\"section\">\n\t\t\t\t\t\t<div class=\"elementor-container elementor-column-gap-default\">\n\t\t\t\t\t<div class=\"elementor-column elementor-col-33 elementor-top-column elementor-element elementor-element-69cfbd9\" data-id=\"69cfbd9\" data-element_type=\"column\" data-e-type=\"column\">\n\t\t\t<div class=\"elementor-widget-wrap elementor-element-populated\">\n\t\t\t\t\t\t<div class=\"elementor-element elementor-element-feec57a elementor-position-top elementor-widget elementor-widget-image-box\" data-id=\"feec57a\" data-element_type=\"widget\" data-e-type=\"widget\" data-widget_type=\"image-box.default\">\n\t\t\t\t<div class=\"elementor-widget-container\">\n\t\t\t\t\t<div class=\"elementor-image-box-wrapper\"><figure class=\"elementor-image-box-img\"><a href=\"https:\/\/recarprofi.cz\/uvod\/manipulacni-technika\/rucne-vedene-voziky-baoli\/ep-20-n04\/\" tabindex=\"-1\"><img decoding=\"async\" src=\"https:\/\/recarprofi.cz\/wp-content\/uploads\/elementor\/thumbs\/baoli-ep202-pyv5h84dxypmd8ihu1ibfihy9c8fcgbspxxm5yj598.jpg\" title=\"baoli ep202\" alt=\"baoli ep202\" loading=\"lazy\" \/><\/a><\/figure><div class=\"elementor-image-box-content\"><h3 class=\"elementor-image-box-title\"><a href=\"https:\/\/recarprofi.cz\/uvod\/manipulacni-technika\/rucne-vedene-voziky-baoli\/ep-20-n04\/\">Baoli EP 20-N04<\/a><\/h3><p class=\"elementor-image-box-description\">Nosnost 2.000 kg. Trak\u010dn\u00ed baterie 24V\/210Ah.<\/p><\/div><\/div>\t\t\t\t<\/div>\n\t\t\t\t<\/div>\n\t\t\t\t\t<\/div>\n\t\t<\/div>\n\t\t\t\t<div class=\"elementor-column elementor-col-33 elementor-top-column elementor-element elementor-element-15db7f8\" data-id=\"15db7f8\" data-element_type=\"column\" data-e-type=\"column\">\n\t\t\t<div class=\"elementor-widget-wrap elementor-element-populated\">\n\t\t\t\t\t\t<div class=\"elementor-element elementor-element-19a8ce2 elementor-position-top elementor-widget elementor-widget-image-box\" data-id=\"19a8ce2\" data-element_type=\"widget\" data-e-type=\"widget\" data-widget_type=\"image-box.default\">\n\t\t\t\t<div class=\"elementor-widget-container\">\n\t\t\t\t\t<div class=\"elementor-image-box-wrapper\"><figure class=\"elementor-image-box-img\"><a href=\"https:\/\/recarprofi.cz\/uvod\/manipulacni-technika\/rucne-vedene-voziky-baoli\/ep25-n02\/\" tabindex=\"-1\"><img decoding=\"async\" src=\"https:\/\/recarprofi.cz\/wp-content\/uploads\/elementor\/thumbs\/baoli-ep251-pyv5u7a6amh4nfnx25fwcqm1hu9um0ue665xohahcs.jpg\" title=\"baoli ep251\" alt=\"baoli ep251\" loading=\"lazy\" \/><\/a><\/figure><div class=\"elementor-image-box-content\"><h3 class=\"elementor-image-box-title\"><a href=\"https:\/\/recarprofi.cz\/uvod\/manipulacni-technika\/rucne-vedene-voziky-baoli\/ep25-n02\/\">Baoli EP 25-N02<\/a><\/h3><p class=\"elementor-image-box-description\">Nosnost 2.500 kg. Trak\u010dn\u00ed baterie 24V\/350Ah.<\/p><\/div><\/div>\t\t\t\t<\/div>\n\t\t\t\t<\/div>\n\t\t\t\t\t<\/div>\n\t\t<\/div>\n\t\t\t\t<div class=\"elementor-column elementor-col-33 elementor-top-column elementor-element elementor-element-d428398\" data-id=\"d428398\" data-element_type=\"column\" data-e-type=\"column\">\n\t\t\t<div class=\"elementor-widget-wrap elementor-element-populated\">\n\t\t\t\t\t\t<div class=\"elementor-element elementor-element-2685e8c elementor-position-top elementor-widget elementor-widget-image-box\" data-id=\"2685e8c\" data-element_type=\"widget\" data-e-type=\"widget\" data-widget_type=\"image-box.default\">\n\t\t\t\t<div class=\"elementor-widget-container\">\n\t\t\t\t\t<div class=\"elementor-image-box-wrapper\"><figure class=\"elementor-image-box-img\"><a href=\"https:\/\/recarprofi.cz\/uvod\/manipulacni-technika\/rucne-vedene-voziky-baoli\/ep-20-111\/\" tabindex=\"-1\"><img decoding=\"async\" src=\"https:\/\/recarprofi.cz\/wp-content\/uploads\/elementor\/thumbs\/baoli-ep203-pz1o9yhqkjv5f8g4ta5j9zv4nzshlk38j314b7kx24.jpg\" title=\"baoli ep203\" alt=\"baoli ep203\" loading=\"lazy\" \/><\/a><\/figure><div class=\"elementor-image-box-content\"><h3 class=\"elementor-image-box-title\"><a href=\"https:\/\/recarprofi.cz\/uvod\/manipulacni-technika\/rucne-vedene-voziky-baoli\/ep-20-111\/\">Baoli EP 20-111<\/a><\/h3><p class=\"elementor-image-box-description\">Nosnost 2.000 kg. Trak\u010dn\u00ed baterie 24V\/210Ah.\nPlo\u0161ina obsluhy.<\/p><\/div><\/div>\t\t\t\t<\/div>\n\t\t\t\t<\/div>\n\t\t\t\t\t<\/div>\n\t\t<\/div>\n\t\t\t\t\t<\/div>\n\t\t<\/section>\n\t\t\t\t<section class=\"elementor-section elementor-top-section elementor-element elementor-element-c8394fc elementor-section-boxed elementor-section-height-default elementor-section-height-default\" data-id=\"c8394fc\" data-element_type=\"section\" data-e-type=\"section\">\n\t\t\t\t\t\t<div class=\"elementor-container elementor-column-gap-default\">\n\t\t\t\t\t<div class=\"elementor-column elementor-col-33 elementor-top-column elementor-element elementor-element-640cf7f\" data-id=\"640cf7f\" data-element_type=\"column\" data-e-type=\"column\">\n\t\t\t<div class=\"elementor-widget-wrap elementor-element-populated\">\n\t\t\t\t\t\t<div class=\"elementor-element elementor-element-70f9076 elementor-position-top elementor-widget elementor-widget-image-box\" data-id=\"70f9076\" data-element_type=\"widget\" data-e-type=\"widget\" data-widget_type=\"image-box.default\">\n\t\t\t\t<div class=\"elementor-widget-container\">\n\t\t\t\t\t<div class=\"elementor-image-box-wrapper\"><figure class=\"elementor-image-box-img\"><a href=\"https:\/\/recarprofi.cz\/uvod\/manipulacni-technika\/rucne-vedene-voziky-baoli\/es-10-n01\/\" tabindex=\"-1\"><img decoding=\"async\" src=\"https:\/\/recarprofi.cz\/wp-content\/uploads\/elementor\/thumbs\/baoli-es10-q9oro8bpelmbe0mibxmmael5cefi8o249rz8fgi5b0.jpg\" title=\"baoli es10\" alt=\"baoli es10\" loading=\"lazy\" \/><\/a><\/figure><div class=\"elementor-image-box-content\"><h3 class=\"elementor-image-box-title\"><a href=\"https:\/\/recarprofi.cz\/uvod\/manipulacni-technika\/rucne-vedene-voziky-baoli\/es-10-n01\/\">Baoli ES 10-N01<\/a><\/h3><p class=\"elementor-image-box-description\">Nosnost 1.000 kg. Trak\u010dn\u00ed baterie 24V\/180Ah.\nZdvih a\u017e 4.600 mm.<\/p><\/div><\/div>\t\t\t\t<\/div>\n\t\t\t\t<\/div>\n\t\t\t\t\t<\/div>\n\t\t<\/div>\n\t\t\t\t<div class=\"elementor-column elementor-col-33 elementor-top-column elementor-element elementor-element-d414de8\" data-id=\"d414de8\" data-element_type=\"column\" data-e-type=\"column\">\n\t\t\t<div class=\"elementor-widget-wrap elementor-element-populated\">\n\t\t\t\t\t\t<div class=\"elementor-element elementor-element-fccaedb elementor-position-top elementor-widget elementor-widget-image-box\" data-id=\"fccaedb\" data-element_type=\"widget\" data-e-type=\"widget\" data-widget_type=\"image-box.default\">\n\t\t\t\t<div class=\"elementor-widget-container\">\n\t\t\t\t\t<div class=\"elementor-image-box-wrapper\"><figure class=\"elementor-image-box-img\"><a href=\"https:\/\/recarprofi.cz\/uvod\/manipulacni-technika\/rucne-vedene-voziky-baoli\/es-12-n03\/\" tabindex=\"-1\"><img decoding=\"async\" src=\"https:\/\/recarprofi.cz\/wp-content\/uploads\/elementor\/thumbs\/baoli-es10-q9oro8bpelmbe0mibxmmael5cefi8o249rz8fgi5b0.jpg\" title=\"baoli es10\" alt=\"baoli es10\" loading=\"lazy\" \/><\/a><\/figure><div class=\"elementor-image-box-content\"><h3 class=\"elementor-image-box-title\"><a href=\"https:\/\/recarprofi.cz\/uvod\/manipulacni-technika\/rucne-vedene-voziky-baoli\/es-12-n03\/\">Baoli ES 12-N03<\/a><\/h3><p class=\"elementor-image-box-description\">Nosnost 1.200 kg. Trak\u010dn\u00ed baterie 24V\/180Ah. Zdvih a\u017e 4.600 mm.<\/p><\/div><\/div>\t\t\t\t<\/div>\n\t\t\t\t<\/div>\n\t\t\t\t\t<\/div>\n\t\t<\/div>\n\t\t\t\t<div class=\"elementor-column elementor-col-33 elementor-top-column elementor-element elementor-element-73d05f6\" data-id=\"73d05f6\" data-element_type=\"column\" data-e-type=\"column\">\n\t\t\t<div class=\"elementor-widget-wrap elementor-element-populated\">\n\t\t\t\t\t\t<div class=\"elementor-element elementor-element-e1f6dab elementor-position-top elementor-widget elementor-widget-image-box\" data-id=\"e1f6dab\" data-element_type=\"widget\" data-e-type=\"widget\" data-widget_type=\"image-box.default\">\n\t\t\t\t<div class=\"elementor-widget-container\">\n\t\t\t\t\t<div class=\"elementor-image-box-wrapper\"><figure class=\"elementor-image-box-img\"><a href=\"https:\/\/recarprofi.cz\/uvod\/manipulacni-technika\/rucne-vedene-voziky-baoli\/kbs-12\/\" tabindex=\"-1\"><img decoding=\"async\" src=\"https:\/\/recarprofi.cz\/wp-content\/uploads\/elementor\/thumbs\/baoli-kbs121-qlkxfr8ulprfmxwx72sxwy9zqn0jaltxnmojd9dkrg.webp\" title=\"baoli kbs121\" alt=\"baoli kbs121\" loading=\"lazy\" \/><\/a><\/figure><div class=\"elementor-image-box-content\"><h3 class=\"elementor-image-box-title\"><a href=\"https:\/\/recarprofi.cz\/uvod\/manipulacni-technika\/rucne-vedene-voziky-baoli\/kbs-12\/\">Baoli KBS-12<\/a><\/h3><p class=\"elementor-image-box-description\">Nosnost 1.200 kg. Li-ion baterie 24V\/60Ah. Zdvih a\u017e 3.600 mm.<\/p><\/div><\/div>\t\t\t\t<\/div>\n\t\t\t\t<\/div>\n\t\t\t\t\t<\/div>\n\t\t<\/div>\n\t\t\t\t\t<\/div>\n\t\t<\/section>\n\t\t\t\t<section class=\"elementor-section elementor-top-section elementor-element elementor-element-5e0d9f1 elementor-section-boxed elementor-section-height-default elementor-section-height-default\" data-id=\"5e0d9f1\" data-element_type=\"section\" data-e-type=\"section\">\n\t\t\t\t\t\t<div class=\"elementor-container elementor-column-gap-default\">\n\t\t\t\t\t<div class=\"elementor-column elementor-col-33 elementor-top-column elementor-element elementor-element-c46fd19\" data-id=\"c46fd19\" data-element_type=\"column\" data-e-type=\"column\">\n\t\t\t<div class=\"elementor-widget-wrap elementor-element-populated\">\n\t\t\t\t\t\t<div class=\"elementor-element elementor-element-1731869 elementor-position-top elementor-widget elementor-widget-image-box\" data-id=\"1731869\" data-element_type=\"widget\" data-e-type=\"widget\" data-widget_type=\"image-box.default\">\n\t\t\t\t<div class=\"elementor-widget-container\">\n\t\t\t\t\t<div class=\"elementor-image-box-wrapper\"><figure class=\"elementor-image-box-img\"><a href=\"https:\/\/recarprofi.cz\/uvod\/manipulacni-technika\/rucne-vedene-voziky-baoli\/kbsm-12\/\" tabindex=\"-1\"><img decoding=\"async\" src=\"https:\/\/recarprofi.cz\/wp-content\/uploads\/elementor\/thumbs\/baoli-kbsm-scaled-qlkywcbsy1qx5lj44t3keokc4ntrx0lc7wkfwjeonw.jpg\" title=\"baoli kbsm\" alt=\"baoli kbsm\" loading=\"lazy\" \/><\/a><\/figure><div class=\"elementor-image-box-content\"><h3 class=\"elementor-image-box-title\"><a href=\"https:\/\/recarprofi.cz\/uvod\/manipulacni-technika\/rucne-vedene-voziky-baoli\/kbsm-12\/\">Baoli KBSM-12<\/a><\/h3><p class=\"elementor-image-box-description\">Nosnost 1.200 kg. Li-ion baterie 24V\/60Ah. Zdvih 1.914 mm.<\/p><\/div><\/div>\t\t\t\t<\/div>\n\t\t\t\t<\/div>\n\t\t\t\t\t<\/div>\n\t\t<\/div>\n\t\t\t\t<div class=\"elementor-column elementor-col-33 elementor-top-column elementor-element elementor-element-4c27d12\" data-id=\"4c27d12\" data-element_type=\"column\" data-e-type=\"column\">\n\t\t\t<div class=\"elementor-widget-wrap elementor-element-populated\">\n\t\t\t\t\t\t<div class=\"elementor-element elementor-element-3f64e75 elementor-position-top elementor-widget elementor-widget-image-box\" data-id=\"3f64e75\" data-element_type=\"widget\" data-e-type=\"widget\" data-widget_type=\"image-box.default\">\n\t\t\t\t<div class=\"elementor-widget-container\">\n\t\t\t\t\t<div class=\"elementor-image-box-wrapper\"><figure class=\"elementor-image-box-img\"><a href=\"https:\/\/recarprofi.cz\/uvod\/manipulacni-technika\/rucne-vedene-voziky-baoli\/kbsi-12\/\" tabindex=\"-1\"><img decoding=\"async\" src=\"https:\/\/recarprofi.cz\/wp-content\/uploads\/elementor\/thumbs\/baoli-kbsi-qlkxsyv6nvuitmq21se5ym98blw9hga450s879sdb0.jpg\" title=\"baoli kbsi\" alt=\"baoli kbsi\" loading=\"lazy\" \/><\/a><\/figure><div class=\"elementor-image-box-content\"><h3 class=\"elementor-image-box-title\"><a href=\"https:\/\/recarprofi.cz\/uvod\/manipulacni-technika\/rucne-vedene-voziky-baoli\/kbsi-12\/\">Baoli KBSI-12<\/a><\/h3><p class=\"elementor-image-box-description\">Nosnost 1.200 kg. Li-ion baterie 24V\/60Ah. Zdvih a\u017e 3.600 mm. P\u0159\u00edzdvih doln\u00edch vidlic.<\/p><\/div><\/div>\t\t\t\t<\/div>\n\t\t\t\t<\/div>\n\t\t\t\t\t<\/div>\n\t\t<\/div>\n\t\t\t\t<div class=\"elementor-column elementor-col-33 elementor-top-column elementor-element elementor-element-ecdbc9a\" data-id=\"ecdbc9a\" data-element_type=\"column\" data-e-type=\"column\">\n\t\t\t<div class=\"elementor-widget-wrap elementor-element-populated\">\n\t\t\t\t\t\t<div class=\"elementor-element elementor-element-fb5eddf elementor-position-top elementor-widget elementor-widget-image-box\" data-id=\"fb5eddf\" data-element_type=\"widget\" data-e-type=\"widget\" data-widget_type=\"image-box.default\">\n\t\t\t\t<div class=\"elementor-widget-container\">\n\t\t\t\t\t<div class=\"elementor-image-box-wrapper\"><figure class=\"elementor-image-box-img\"><a href=\"https:\/\/recarprofi.cz\/uvod\/manipulacni-technika\/rucne-vedene-voziky-baoli\/es-16-n02\/\" tabindex=\"-1\"><img decoding=\"async\" src=\"https:\/\/recarprofi.cz\/wp-content\/uploads\/elementor\/thumbs\/baoli-es10-pgyl787ope2btiswgoi6b6o97hrcmov1jjbrqm8axo.jpg\" title=\"baoli es10\" alt=\"baoli es10\" loading=\"lazy\" \/><\/a><\/figure><div class=\"elementor-image-box-content\"><h3 class=\"elementor-image-box-title\"><a href=\"https:\/\/recarprofi.cz\/uvod\/manipulacni-technika\/rucne-vedene-voziky-baoli\/es-16-n02\/\">Baoli ES 16-N02<\/a><\/h3><p class=\"elementor-image-box-description\">Nosnost 1.600 kg. Zdvih a\u017e ,4.600 mm. <\/p><\/div><\/div>\t\t\t\t<\/div>\n\t\t\t\t<\/div>\n\t\t\t\t\t<\/div>\n\t\t<\/div>\n\t\t\t\t\t<\/div>\n\t\t<\/section>\n\t\t\t\t<\/div>\n\t\t","protected":false},"excerpt":{"rendered":"<p>Baoli EP 15-03 Nosnost 1.500 kg. Li-ion baterie 24V\/20Ah. Baoli KBP-15L Nosnost 1.500 kg. Li-ion baterie 24V\/30Ah. Baoli EP 16-N01 Nosnost 1.600 kg. Trak\u010dn\u00ed baterie 24V\/160Ah. Baoli EP 20-N04 Nosnost 2.000 kg. Trak\u010dn\u00ed baterie 24V\/210Ah.&hellip;<\/p>\n","protected":false},"author":1,"featured_media":26474,"parent":71,"menu_order":8,"comment_status":"closed","ping_status":"closed","template":"","meta":{"footnotes":""},"class_list":["post-25037","page","type-page","status-publish","has-post-thumbnail","hentry"],"_links":{"self":[{"href":"https:\/\/recarprofi.cz\/uvod\/wp-json\/wp\/v2\/pages\/25037","targetHints":{"allow":["GET"]}}],"collection":[{"href":"https:\/\/recarprofi.cz\/uvod\/wp-json\/wp\/v2\/pages"}],"about":[{"href":"https:\/\/recarprofi.cz\/uvod\/wp-json\/wp\/v2\/types\/page"}],"author":[{"embeddable":true,"href":"https:\/\/recarprofi.cz\/uvod\/wp-json\/wp\/v2\/users\/1"}],"replies":[{"embeddable":true,"href":"https:\/\/recarprofi.cz\/uvod\/wp-json\/wp\/v2\/comments?post=25037"}],"version-history":[{"count":226,"href":"https:\/\/recarprofi.cz\/uvod\/wp-json\/wp\/v2\/pages\/25037\/revisions"}],"predecessor-version":[{"id":30243,"href":"https:\/\/recarprofi.cz\/uvod\/wp-json\/wp\/v2\/pages\/25037\/revisions\/30243"}],"up":[{"embeddable":true,"href":"https:\/\/recarprofi.cz\/uvod\/wp-json\/wp\/v2\/pages\/71"}],"wp:featuredmedia":[{"embeddable":true,"href":"https:\/\/recarprofi.cz\/uvod\/wp-json\/wp\/v2\/media\/26474"}],"wp:attachment":[{"href":"https:\/\/recarprofi.cz\/uvod\/wp-json\/wp\/v2\/media?parent=25037"}],"curies":[{"name":"wp","href":"https:\/\/api.w.org\/{rel}","templated":true}]}}