{"id":25122,"date":"2022-12-09T14:47:35","date_gmt":"2022-12-09T13:47:35","guid":{"rendered":"https:\/\/recarprofi.cz\/uvod\/?page_id=25122"},"modified":"2024-04-17T14:18:03","modified_gmt":"2024-04-17T12:18:03","slug":"ep25-n02","status":"publish","type":"page","link":"https:\/\/recarprofi.cz\/uvod\/manipulacni-technika\/rucne-vedene-voziky-baoli\/ep25-n02\/","title":{"rendered":"N\u00edzkozdvi\u017en\u00e9 voz\u00edky Baoli EP25-N02"},"content":{"rendered":"\t\t<div data-elementor-type=\"wp-page\" data-elementor-id=\"25122\" class=\"elementor elementor-25122\">\n\t\t\t\t\t\t<section class=\"elementor-section elementor-top-section elementor-element elementor-element-16103b8 elementor-section-boxed elementor-section-height-default elementor-section-height-default\" data-id=\"16103b8\" data-element_type=\"section\" data-e-type=\"section\">\n\t\t\t\t\t\t<div class=\"elementor-container elementor-column-gap-default\">\n\t\t\t\t\t<div class=\"elementor-column elementor-col-100 elementor-top-column elementor-element elementor-element-6482bbc\" data-id=\"6482bbc\" data-element_type=\"column\" data-e-type=\"column\">\n\t\t\t<div class=\"elementor-widget-wrap elementor-element-populated\">\n\t\t\t\t\t\t<div class=\"elementor-element elementor-element-f57ed7e elementor-widget elementor-widget-image\" data-id=\"f57ed7e\" data-element_type=\"widget\" data-e-type=\"widget\" data-widget_type=\"image.default\">\n\t\t\t\t<div class=\"elementor-widget-container\">\n\t\t\t\t\t\t\t\t\t\t\t\t\t\t\t<img fetchpriority=\"high\" decoding=\"async\" width=\"847\" height=\"565\" src=\"https:\/\/recarprofi.cz\/wp-content\/uploads\/2022\/12\/baoli-ep251-1200x800.jpg\" class=\"attachment-large size-large wp-image-25041\" alt=\"\" srcset=\"https:\/\/recarprofi.cz\/wp-content\/uploads\/2022\/12\/baoli-ep251-1200x800.jpg 1200w, https:\/\/recarprofi.cz\/wp-content\/uploads\/2022\/12\/baoli-ep251-600x400.jpg 600w, https:\/\/recarprofi.cz\/wp-content\/uploads\/2022\/12\/baoli-ep251-744x496.jpg 744w, https:\/\/recarprofi.cz\/wp-content\/uploads\/2022\/12\/baoli-ep251-420x280.jpg 420w, https:\/\/recarprofi.cz\/wp-content\/uploads\/2022\/12\/baoli-ep251-768x512.jpg 768w, https:\/\/recarprofi.cz\/wp-content\/uploads\/2022\/12\/baoli-ep251-1536x1024.jpg 1536w, https:\/\/recarprofi.cz\/wp-content\/uploads\/2022\/12\/baoli-ep251-2048x1366.jpg 2048w, https:\/\/recarprofi.cz\/wp-content\/uploads\/2022\/12\/baoli-ep251-90x60.jpg 90w\" sizes=\"(max-width: 847px) 100vw, 847px\" \/>\t\t\t\t\t\t\t\t\t\t\t\t\t\t\t<\/div>\n\t\t\t\t<\/div>\n\t\t\t\t\t<\/div>\n\t\t<\/div>\n\t\t\t\t\t<\/div>\n\t\t<\/section>\n\t\t\t\t<section class=\"elementor-section elementor-top-section elementor-element elementor-element-3bb8dee elementor-section-boxed elementor-section-height-default elementor-section-height-default\" data-id=\"3bb8dee\" data-element_type=\"section\" data-e-type=\"section\">\n\t\t\t\t\t\t<div class=\"elementor-container elementor-column-gap-default\">\n\t\t\t\t\t<div class=\"elementor-column elementor-col-100 elementor-top-column elementor-element elementor-element-d3a4f01\" data-id=\"d3a4f01\" data-element_type=\"column\" data-e-type=\"column\">\n\t\t\t<div class=\"elementor-widget-wrap elementor-element-populated\">\n\t\t\t\t\t\t<div class=\"elementor-element elementor-element-e64353b elementor-widget elementor-widget-button\" data-id=\"e64353b\" data-element_type=\"widget\" data-e-type=\"widget\" data-widget_type=\"button.default\">\n\t\t\t\t<div class=\"elementor-widget-container\">\n\t\t\t\t\t\t\t\t\t<div class=\"elementor-button-wrapper\">\n\t\t\t\t\t<a class=\"elementor-button elementor-button-link elementor-size-sm\" href=\"https:\/\/recarprofi.cz\/uvod\/kategorie-produktu\/rucne-vedene-elektricke-voziky\/\">\n\t\t\t\t\t\t<span class=\"elementor-button-content-wrapper\">\n\t\t\t\t\t\t\t\t\t<span class=\"elementor-button-text\">Vstup do eshopu<\/span>\n\t\t\t\t\t<\/span>\n\t\t\t\t\t<\/a>\n\t\t\t\t<\/div>\n\t\t\t\t\t\t\t\t<\/div>\n\t\t\t\t<\/div>\n\t\t\t\t<div class=\"elementor-element elementor-element-28961f6 elementor-widget elementor-widget-text-editor\" data-id=\"28961f6\" data-element_type=\"widget\" data-e-type=\"widget\" data-widget_type=\"text-editor.default\">\n\t\t\t\t<div class=\"elementor-widget-container\">\n\t\t\t\t\t\t\t\t\t<p><span>Paletov\u00e9 voz\u00edky EP 25-N02 s nosnost\u00ed 2500 kg jsou ide\u00e1ln\u00ed pro nakl\u00e1dku a vykl\u00e1dku vozidel a pro jak\u00fdkoli typ st\u0159edn\u011b intenzivn\u00ed manipulace. Vysok\u00e1 kvalita konstrukce, vynikaj\u00edc\u00ed technologick\u00fd obsah \u010din\u00ed tyto paletov\u00e9 voz\u00edky skute\u010dn\u00fdm m\u011b\u0159\u00edtkem ve sv\u00e9m oboru a zaru\u010duj\u00ed maxim\u00e1ln\u00ed \u00fa\u010dinnost a sn\u00ed\u017een\u00e9 n\u00e1klady na \u00fadr\u017ebu.<\/span><\/p><p><span>Model EP 25-N02 se vyzna\u010duje del\u0161\u00edm \u0161asi pro zaji\u0161t\u011bn\u00ed pot\u0159ebn\u00e9 stability a kapacitou baterie 24 V \/ 350 Ah.<\/span><\/p><p><span>Dlouh\u00e1 oj poskytuje optim\u00e1ln\u00ed a vysoce ergonomick\u00e9 ovl\u00e1d\u00e1n\u00ed vozidla.\u00a0Vy\u017eaduje men\u0161\u00ed ovl\u00e1dac\u00ed s\u00edlu a umo\u017e\u0148uje \u0159idi\u010di udr\u017eovat optim\u00e1ln\u00ed vzd\u00e1lenost od vozidla.<\/span><\/p><p><span>Vysoce kvalitn\u00ed komponenty, robustn\u00ed konstrukce a zjednodu\u0161en\u00e1 \u00fadr\u017eba d\u011blaj\u00ed z paletov\u00fdch voz\u00edk\u016f t\u00e9to \u0159ady spolehliv\u00e9 partnery pro jak\u00fdkoli druh pou\u017eit\u00ed.<\/span><\/p>\t\t\t\t\t\t\t\t<\/div>\n\t\t\t\t<\/div>\n\t\t\t\t\t<\/div>\n\t\t<\/div>\n\t\t\t\t\t<\/div>\n\t\t<\/section>\n\t\t\t\t<section class=\"elementor-section elementor-top-section elementor-element elementor-element-3dfb11a elementor-section-boxed elementor-section-height-default elementor-section-height-default\" data-id=\"3dfb11a\" data-element_type=\"section\" data-e-type=\"section\">\n\t\t\t\t\t\t<div class=\"elementor-container elementor-column-gap-default\">\n\t\t\t\t\t<div class=\"elementor-column elementor-col-100 elementor-top-column elementor-element elementor-element-df22344\" data-id=\"df22344\" data-element_type=\"column\" data-e-type=\"column\">\n\t\t\t<div class=\"elementor-widget-wrap elementor-element-populated\">\n\t\t\t\t\t\t<div class=\"elementor-element elementor-element-b1e9c18 elementor-widget elementor-widget-video\" data-id=\"b1e9c18\" data-element_type=\"widget\" data-e-type=\"widget\" data-settings=\"{&quot;youtube_url&quot;:&quot;https:\\\/\\\/youtu.be\\\/2t_ao_ZtrAQ&quot;,&quot;video_type&quot;:&quot;youtube&quot;,&quot;controls&quot;:&quot;yes&quot;}\" data-widget_type=\"video.default\">\n\t\t\t\t<div class=\"elementor-widget-container\">\n\t\t\t\t\t\t\t<div class=\"elementor-wrapper elementor-open-inline\">\n\t\t\t<div class=\"elementor-video\"><\/div>\t\t<\/div>\n\t\t\t\t\t\t<\/div>\n\t\t\t\t<\/div>\n\t\t\t\t\t<\/div>\n\t\t<\/div>\n\t\t\t\t\t<\/div>\n\t\t<\/section>\n\t\t\t\t<section class=\"elementor-section elementor-top-section elementor-element elementor-element-cc16084 elementor-section-boxed elementor-section-height-default elementor-section-height-default\" data-id=\"cc16084\" data-element_type=\"section\" data-e-type=\"section\">\n\t\t\t\t\t\t<div class=\"elementor-container elementor-column-gap-default\">\n\t\t\t\t\t<div class=\"elementor-column elementor-col-100 elementor-top-column elementor-element elementor-element-507f7d8\" data-id=\"507f7d8\" data-element_type=\"column\" data-e-type=\"column\">\n\t\t\t<div class=\"elementor-widget-wrap elementor-element-populated\">\n\t\t\t\t\t\t<div class=\"elementor-element elementor-element-1d9aafc elementor-widget elementor-widget-text-editor\" data-id=\"1d9aafc\" data-element_type=\"widget\" data-e-type=\"widget\" data-widget_type=\"text-editor.default\">\n\t\t\t\t<div class=\"elementor-widget-container\">\n\t\t\t\t\t\t\t\t\t<h2 class=\"content-text-image__body-headline\"><span>Technologie a funkce<\/span><\/h2><div class=\"content-text-image__body-text content-text-image__body-text__industrial-trucks\"><ul><li><span>AC technologie<\/span><\/li><li>Vysoce kvalitn\u00ed komponenty<\/li><li>Elektronika chr\u00e1n\u011bn\u00e1 proti vod\u011b a ne\u010distot\u00e1m<\/li><li>Dobr\u00e1 modulace j\u00edzdy<\/li><li>Robustn\u00ed konstrukce<\/li><li>Pojezdov\u00e1 kola pro lep\u0161\u00ed stabilitu voz\u00edku<\/li><li>K dispozici jsou vidlice s celkovou \u0161\u00ed\u0159kou 560 nebo 685 mm<\/li><li>K dispozici jsou jednoduch\u00e9 nebo dvojit\u00e9 z\u00e1t\u011b\u017eov\u00e9 v\u00e1lce<\/li><li>D\u00e9lka vidlice a\u017e 2400 mm (2 palety)<\/li><li>N\u00edzko ulo\u017een\u00e1 oj pro men\u0161\u00ed n\u00e1mahu p\u0159i man\u00e9vrov\u00e1n\u00ed<\/li><\/ul><\/div>\t\t\t\t\t\t\t\t<\/div>\n\t\t\t\t<\/div>\n\t\t\t\t\t<\/div>\n\t\t<\/div>\n\t\t\t\t\t<\/div>\n\t\t<\/section>\n\t\t\t\t<section class=\"elementor-section elementor-top-section elementor-element elementor-element-15218e7 elementor-section-boxed elementor-section-height-default elementor-section-height-default\" data-id=\"15218e7\" data-element_type=\"section\" data-e-type=\"section\">\n\t\t\t\t\t\t<div class=\"elementor-container elementor-column-gap-default\">\n\t\t\t\t\t<div class=\"elementor-column elementor-col-100 elementor-top-column elementor-element elementor-element-2cdb4a1\" data-id=\"2cdb4a1\" data-element_type=\"column\" data-e-type=\"column\">\n\t\t\t<div class=\"elementor-widget-wrap elementor-element-populated\">\n\t\t\t\t\t\t<div class=\"elementor-element elementor-element-61aea58 elementor-widget elementor-widget-image\" data-id=\"61aea58\" data-element_type=\"widget\" data-e-type=\"widget\" data-widget_type=\"image.default\">\n\t\t\t\t<div class=\"elementor-widget-container\">\n\t\t\t\t\t\t\t\t\t\t\t\t\t\t\t<img decoding=\"async\" width=\"847\" height=\"613\" src=\"https:\/\/recarprofi.cz\/wp-content\/uploads\/2022\/12\/baoli-ep161.jpg\" class=\"attachment-large size-large wp-image-25102\" alt=\"\" srcset=\"https:\/\/recarprofi.cz\/wp-content\/uploads\/2022\/12\/baoli-ep161.jpg 1200w, https:\/\/recarprofi.cz\/wp-content\/uploads\/2022\/12\/baoli-ep161-600x435.jpg 600w, https:\/\/recarprofi.cz\/wp-content\/uploads\/2022\/12\/baoli-ep161-744x539.jpg 744w, https:\/\/recarprofi.cz\/wp-content\/uploads\/2022\/12\/baoli-ep161-420x304.jpg 420w, https:\/\/recarprofi.cz\/wp-content\/uploads\/2022\/12\/baoli-ep161-768x556.jpg 768w, https:\/\/recarprofi.cz\/wp-content\/uploads\/2022\/12\/baoli-ep161-83x60.jpg 83w\" sizes=\"(max-width: 847px) 100vw, 847px\" \/>\t\t\t\t\t\t\t\t\t\t\t\t\t\t\t<\/div>\n\t\t\t\t<\/div>\n\t\t\t\t\t<\/div>\n\t\t<\/div>\n\t\t\t\t\t<\/div>\n\t\t<\/section>\n\t\t\t\t<\/div>\n\t\t","protected":false},"excerpt":{"rendered":"<p>Vstup do eshopu Paletov\u00e9 voz\u00edky EP 25-N02 s nosnost\u00ed 2500 kg jsou ide\u00e1ln\u00ed pro nakl\u00e1dku a vykl\u00e1dku vozidel a pro jak\u00fdkoli typ st\u0159edn\u011b intenzivn\u00ed manipulace. Vysok\u00e1 kvalita konstrukce, vynikaj\u00edc\u00ed technologick\u00fd obsah \u010din\u00ed tyto paletov\u00e9 voz\u00edky&hellip;<\/p>\n","protected":false},"author":1,"featured_media":25041,"parent":25037,"menu_order":5,"comment_status":"closed","ping_status":"closed","template":"","meta":{"footnotes":""},"class_list":["post-25122","page","type-page","status-publish","has-post-thumbnail","hentry"],"_links":{"self":[{"href":"https:\/\/recarprofi.cz\/uvod\/wp-json\/wp\/v2\/pages\/25122","targetHints":{"allow":["GET"]}}],"collection":[{"href":"https:\/\/recarprofi.cz\/uvod\/wp-json\/wp\/v2\/pages"}],"about":[{"href":"https:\/\/recarprofi.cz\/uvod\/wp-json\/wp\/v2\/types\/page"}],"author":[{"embeddable":true,"href":"https:\/\/recarprofi.cz\/uvod\/wp-json\/wp\/v2\/users\/1"}],"replies":[{"embeddable":true,"href":"https:\/\/recarprofi.cz\/uvod\/wp-json\/wp\/v2\/comments?post=25122"}],"version-history":[{"count":8,"href":"https:\/\/recarprofi.cz\/uvod\/wp-json\/wp\/v2\/pages\/25122\/revisions"}],"predecessor-version":[{"id":28825,"href":"https:\/\/recarprofi.cz\/uvod\/wp-json\/wp\/v2\/pages\/25122\/revisions\/28825"}],"up":[{"embeddable":true,"href":"https:\/\/recarprofi.cz\/uvod\/wp-json\/wp\/v2\/pages\/25037"}],"wp:featuredmedia":[{"embeddable":true,"href":"https:\/\/recarprofi.cz\/uvod\/wp-json\/wp\/v2\/media\/25041"}],"wp:attachment":[{"href":"https:\/\/recarprofi.cz\/uvod\/wp-json\/wp\/v2\/media?parent=25122"}],"curies":[{"name":"wp","href":"https:\/\/api.w.org\/{rel}","templated":true}]}}

Nízkozdvižné vozíky Baoli EP25-N02

<div data-elementor-type="wp-page" data-elementor-id="25122" class="elementor elementor-25122">
						<section class="elementor-section elementor-top-section elementor-element elementor-element-16103b8 elementor-section-boxed elementor-section-height-default elementor-section-height-default" data-id="16103b8" data-element_type="section" data-e-type="section">
						<div class="elementor-container elementor-column-gap-default">
					<div class="elementor-column elementor-col-100 elementor-top-column elementor-element elementor-element-6482bbc" data-id="6482bbc" data-element_type="column" data-e-type="column">
			<div class="elementor-widget-wrap elementor-element-populated">
						<div class="elementor-element elementor-element-f57ed7e elementor-widget elementor-widget-image" data-id="f57ed7e" data-element_type="widget" data-e-type="widget" data-widget_type="image.default">
				<div class="elementor-widget-container">
															<img fetchpriority="high" decoding="async" width="847" height="565" src="https://recarprofi.cz/wp-content/uploads/2022/12/baoli-ep251-1200x800.jpg" class="attachment-large size-large wp-image-25041" alt="" srcset="https://recarprofi.cz/wp-content/uploads/2022/12/baoli-ep251-1200x800.jpg 1200w, https://recarprofi.cz/wp-content/uploads/2022/12/baoli-ep251-600x400.jpg 600w, https://recarprofi.cz/wp-content/uploads/2022/12/baoli-ep251-744x496.jpg 744w, https://recarprofi.cz/wp-content/uploads/2022/12/baoli-ep251-420x280.jpg 420w, https://recarprofi.cz/wp-content/uploads/2022/12/baoli-ep251-768x512.jpg 768w, https://recarprofi.cz/wp-content/uploads/2022/12/baoli-ep251-1536x1024.jpg 1536w, https://recarprofi.cz/wp-content/uploads/2022/12/baoli-ep251-2048x1366.jpg 2048w, https://recarprofi.cz/wp-content/uploads/2022/12/baoli-ep251-90x60.jpg 90w" sizes="(max-width: 847px) 100vw, 847px" />															</div>
				</div>
					</div>
		</div>
					</div>
		</section>
				<section class="elementor-section elementor-top-section elementor-element elementor-element-3bb8dee elementor-section-boxed elementor-section-height-default elementor-section-height-default" data-id="3bb8dee" data-element_type="section" data-e-type="section">
						<div class="elementor-container elementor-column-gap-default">
					<div class="elementor-column elementor-col-100 elementor-top-column elementor-element elementor-element-d3a4f01" data-id="d3a4f01" data-element_type="column" data-e-type="column">
			<div class="elementor-widget-wrap elementor-element-populated">
						<div class="elementor-element elementor-element-e64353b elementor-widget elementor-widget-button" data-id="e64353b" data-element_type="widget" data-e-type="widget" data-widget_type="button.default">
				<div class="elementor-widget-container">
									<div class="elementor-button-wrapper">
					<a class="elementor-button elementor-button-link elementor-size-sm" href="https://recarprofi.cz/uvod/kategorie-produktu/rucne-vedene-elektricke-voziky/">
						<span class="elementor-button-content-wrapper">
									<span class="elementor-button-text">Vstup do eshopu</span>
					</span>
					</a>
				</div>
								</div>
				</div>
				<div class="elementor-element elementor-element-28961f6 elementor-widget elementor-widget-text-editor" data-id="28961f6" data-element_type="widget" data-e-type="widget" data-widget_type="text-editor.default">
				<div class="elementor-widget-container">
									<p><span>Paletové vozíky EP 25-N02 s nosností 2500 kg jsou ideální pro nakládku a vykládku vozidel a pro jakýkoli typ středně intenzivní manipulace. Vysoká kvalita konstrukce, vynikající technologický obsah činí tyto paletové vozíky skutečným měřítkem ve svém oboru a zaručují maximální účinnost a snížené náklady na údržbu.</span></p><p><span>Model EP 25-N02 se vyznačuje delším šasi pro zajištění potřebné stability a kapacitou baterie 24 V / 350 Ah.</span></p><p><span>Dlouhá oj poskytuje optimální a vysoce ergonomické ovládání vozidla. Vyžaduje menší ovládací sílu a umožňuje řidiči udržovat optimální vzdálenost od vozidla.</span></p><p><span>Vysoce kvalitní komponenty, robustní konstrukce a zjednodušená údržba dělají z paletových vozíků této řady spolehlivé partnery pro jakýkoli druh použití.</span></p>								</div>
				</div>
					</div>
		</div>
					</div>
		</section>
				<section class="elementor-section elementor-top-section elementor-element elementor-element-3dfb11a elementor-section-boxed elementor-section-height-default elementor-section-height-default" data-id="3dfb11a" data-element_type="section" data-e-type="section">
						<div class="elementor-container elementor-column-gap-default">
					<div class="elementor-column elementor-col-100 elementor-top-column elementor-element elementor-element-df22344" data-id="df22344" data-element_type="column" data-e-type="column">
			<div class="elementor-widget-wrap elementor-element-populated">
						<div class="elementor-element elementor-element-b1e9c18 elementor-widget elementor-widget-video" data-id="b1e9c18" data-element_type="widget" data-e-type="widget" data-settings="{&quot;youtube_url&quot;:&quot;https:\/\/youtu.be\/2t_ao_ZtrAQ&quot;,&quot;video_type&quot;:&quot;youtube&quot;,&quot;controls&quot;:&quot;yes&quot;}" data-widget_type="video.default">
				<div class="elementor-widget-container">
							<div class="elementor-wrapper elementor-open-inline">
			<div class="elementor-video"></div>		</div>
						</div>
				</div>
					</div>
		</div>
					</div>
		</section>
				<section class="elementor-section elementor-top-section elementor-element elementor-element-cc16084 elementor-section-boxed elementor-section-height-default elementor-section-height-default" data-id="cc16084" data-element_type="section" data-e-type="section">
						<div class="elementor-container elementor-column-gap-default">
					<div class="elementor-column elementor-col-100 elementor-top-column elementor-element elementor-element-507f7d8" data-id="507f7d8" data-element_type="column" data-e-type="column">
			<div class="elementor-widget-wrap elementor-element-populated">
						<div class="elementor-element elementor-element-1d9aafc elementor-widget elementor-widget-text-editor" data-id="1d9aafc" data-element_type="widget" data-e-type="widget" data-widget_type="text-editor.default">
				<div class="elementor-widget-container">
									<h2 class="content-text-image__body-headline"><span>Technologie a funkce</span></h2><div class="content-text-image__body-text content-text-image__body-text__industrial-trucks"><ul><li><span>AC technologie</span></li><li>Vysoce kvalitní komponenty</li><li>Elektronika chráněná proti vodě a nečistotám</li><li>Dobrá modulace jízdy</li><li>Robustní konstrukce</li><li>Pojezdová kola pro lepší stabilitu vozíku</li><li>K dispozici jsou vidlice s celkovou šířkou 560 nebo 685 mm</li><li>K dispozici jsou jednoduché nebo dvojité zátěžové válce</li><li>Délka vidlice až 2400 mm (2 palety)</li><li>Nízko uložená oj pro menší námahu při manévrování</li></ul></div>								</div>
				</div>
					</div>
		</div>
					</div>
		</section>
				<section class="elementor-section elementor-top-section elementor-element elementor-element-15218e7 elementor-section-boxed elementor-section-height-default elementor-section-height-default" data-id="15218e7" data-element_type="section" data-e-type="section">
						<div class="elementor-container elementor-column-gap-default">
					<div class="elementor-column elementor-col-100 elementor-top-column elementor-element elementor-element-2cdb4a1" data-id="2cdb4a1" data-element_type="column" data-e-type="column">
			<div class="elementor-widget-wrap elementor-element-populated">
						<div class="elementor-element elementor-element-61aea58 elementor-widget elementor-widget-image" data-id="61aea58" data-element_type="widget" data-e-type="widget" data-widget_type="image.default">
				<div class="elementor-widget-container">
															<img decoding="async" width="847" height="613" src="https://recarprofi.cz/wp-content/uploads/2022/12/baoli-ep161.jpg" class="attachment-large size-large wp-image-25102" alt="" srcset="https://recarprofi.cz/wp-content/uploads/2022/12/baoli-ep161.jpg 1200w, https://recarprofi.cz/wp-content/uploads/2022/12/baoli-ep161-600x435.jpg 600w, https://recarprofi.cz/wp-content/uploads/2022/12/baoli-ep161-744x539.jpg 744w, https://recarprofi.cz/wp-content/uploads/2022/12/baoli-ep161-420x304.jpg 420w, https://recarprofi.cz/wp-content/uploads/2022/12/baoli-ep161-768x556.jpg 768w, https://recarprofi.cz/wp-content/uploads/2022/12/baoli-ep161-83x60.jpg 83w" sizes="(max-width: 847px) 100vw, 847px" />															</div>
				</div>
					</div>
		</div>
					</div>
		</section>
				</div>

<p>Vstup do eshopu Paletové vozíky EP 25-N02 s nosností 2500 kg jsou ideální pro nakládku a vykládku vozidel a pro jakýkoli typ středně intenzivní manipulace. Vysoká kvalita konstrukce, vynikající technologický obsah činí tyto paletové vozíky&hellip;</p>
