{"id":2566,"date":"2013-02-20T17:16:16","date_gmt":"2013-02-20T16:16:16","guid":{"rendered":"http:\/\/recarprofi.cz\/?page_id=2566"},"modified":"2024-04-26T10:36:46","modified_gmt":"2024-04-26T08:36:46","slug":"celni-unia","status":"publish","type":"page","link":"https:\/\/recarprofi.cz\/uvod\/zemedelska-technika\/picniny\/zaci-stroje\/celni-unia\/","title":{"rendered":"\u010celn\u00ed diskov\u00e9 \u017eac\u00ed stroje Unia"},"content":{"rendered":"\t\t<div data-elementor-type=\"wp-page\" data-elementor-id=\"2566\" class=\"elementor elementor-2566\">\n\t\t\t\t\t\t<section class=\"elementor-section elementor-top-section elementor-element elementor-element-42e87f2b elementor-section-boxed elementor-section-height-default elementor-section-height-default\" data-id=\"42e87f2b\" data-element_type=\"section\" data-e-type=\"section\">\n\t\t\t\t\t\t<div class=\"elementor-container elementor-column-gap-default\">\n\t\t\t\t\t<div class=\"elementor-column elementor-col-100 elementor-top-column elementor-element elementor-element-28b9350c\" data-id=\"28b9350c\" data-element_type=\"column\" data-e-type=\"column\">\n\t\t\t<div class=\"elementor-widget-wrap elementor-element-populated\">\n\t\t\t\t\t\t<div class=\"elementor-element elementor-element-6bf9d81d elementor-widget elementor-widget-text-editor\" data-id=\"6bf9d81d\" data-element_type=\"widget\" data-e-type=\"widget\" data-widget_type=\"text-editor.default\">\n\t\t\t\t<div class=\"elementor-widget-container\">\n\t\t\t\t\t\t\t\t\t<p><a href=\"https:\/\/recarprofi.cz\/wp-content\/uploads\/2019\/10\/unia-alka-xl-c.jpg\"><img fetchpriority=\"high\" decoding=\"async\" class=\"aligncenter wp-image-15052 size-full\" src=\"https:\/\/recarprofi.cz\/wp-content\/uploads\/2019\/10\/unia-alka-xl-c.jpg\" alt=\"\" width=\"1000\" height=\"750\" srcset=\"https:\/\/recarprofi.cz\/wp-content\/uploads\/2019\/10\/unia-alka-xl-c.jpg 1000w, https:\/\/recarprofi.cz\/wp-content\/uploads\/2019\/10\/unia-alka-xl-c-600x450.jpg 600w, https:\/\/recarprofi.cz\/wp-content\/uploads\/2019\/10\/unia-alka-xl-c-420x315.jpg 420w, https:\/\/recarprofi.cz\/wp-content\/uploads\/2019\/10\/unia-alka-xl-c-744x558.jpg 744w, https:\/\/recarprofi.cz\/wp-content\/uploads\/2019\/10\/unia-alka-xl-c-768x576.jpg 768w\" sizes=\"(max-width: 1000px) 100vw, 1000px\" \/><\/a><\/p><p>ALKA XL C 3,2 je \u010deln\u00ed diskov\u00e1 seka\u010dka tvo\u0159ena osmi disky se dv\u011bmi no\u017ei, umo\u017e\u0148uj\u00edc\u00ed rychlou v\u00fdm\u011bnu.<\/p><p>Stroj je um\u00edst\u011bn v p\u0159edn\u00ed \u010d\u00e1sti traktoru, poh\u00e1n\u011bn kardanovou h\u0159\u00eddeli.<\/p><p>ALKA XL C 3,2 je ve standardu vybavena:<\/p><ul><li>rychl\u00e1 v\u00fdm\u011bna no\u017e\u00edk\u016f<\/li><li>individu\u00e1ln\u00ed ji\u0161t\u011bn\u00ed disk\u016f<\/li><li>dva shrnova\u010de pokosu Alka XLC<\/li><li>kondicion\u00e9r pokosu pro serii S<\/li><li>usm\u011br\u0148ova\u010d pokosu pro serii S<\/li><li>hydropneumatick\u00e9 odleh\u010den\u00ed<\/li><li>komplet \u017eac\u00edch no\u017e\u00edk\u016f<\/li><li>kloubov\u00fd n\u00e1hon (6&#215;6, 460 Nm) s p\u0159et\u011b\u017eovac\u00ed spojkou (M=900 Nm)<\/li><\/ul><p><strong>Technick\u00e9 parametry:<\/strong><\/p><table class=\"specyfikacja_techniczna\"><tbody><tr><td><strong>ALKA XL C<\/strong><\/td><td><strong>3,2<\/strong><\/td><td><strong>3,2 S<\/strong><\/td><\/tr><tr><td><strong>Pracovn\u00ed z\u00e1b\u011br [m]<\/strong><\/td><td>3,2<\/td><td>3,2<\/td><\/tr><tr><td><strong>P\u010det disk\u016f [ks]<\/strong><\/td><td>8<\/td><td>8<\/td><\/tr><tr><td><strong>V\u00fd\u0161ka se\u010den\u00ed\u00a0 [mm]<\/strong><\/td><td>40\u00f760<\/td><td>40\u00f760<\/td><\/tr><tr><td><strong>Hodinov\u00e1 v\u00fdkonnost [ha\/h]<\/strong><\/td><td>3,2<\/td><td>3,2<\/td><\/tr><tr><td><strong>Hmotnost [kg]<\/strong><\/td><td>700<\/td><td>838<\/td><\/tr><tr><td><strong>V\u00fdkon traktoru [k]<\/strong><\/td><td>90<\/td><td>100<\/td><\/tr><tr><td><strong>Ot\u00e1\u010dky kardanu [ot\/min]<\/strong><\/td><td>1000<\/td><td>1000<\/td><\/tr><tr><td><strong>Kategorie z\u00e1v\u011bsu<\/strong><\/td><td>II\/III<\/td><td>II\/III<\/td><\/tr><tr><td><strong>\u0160\u00ed\u0159ka pokosu [m]<\/strong><\/td><td>2,2<\/td><td>1,2<\/td><\/tr><\/tbody><\/table><p>\u00a0<\/p><h3>\u00a0<\/h3><p><a href=\"https:\/\/recarprofi.cz\/wp-content\/uploads\/2019\/10\/unia-alka-xc.jpg\"><img decoding=\"async\" class=\"alignright size-full wp-image-15053\" src=\"https:\/\/recarprofi.cz\/wp-content\/uploads\/2019\/10\/unia-alka-xc.jpg\" alt=\"\" width=\"678\" height=\"392\" srcset=\"https:\/\/recarprofi.cz\/wp-content\/uploads\/2019\/10\/unia-alka-xc.jpg 678w, https:\/\/recarprofi.cz\/wp-content\/uploads\/2019\/10\/unia-alka-xc-600x347.jpg 600w, https:\/\/recarprofi.cz\/wp-content\/uploads\/2019\/10\/unia-alka-xc-420x243.jpg 420w\" sizes=\"(max-width: 678px) 100vw, 678px\" \/><\/a><\/p><p>\u00a0<\/p><p><a href=\"https:\/\/recarprofi.cz\/wp-content\/uploads\/2019\/10\/unia-alka-xl-c1.jpg\"><img decoding=\"async\" class=\"aligncenter wp-image-15054 size-full\" src=\"https:\/\/recarprofi.cz\/wp-content\/uploads\/2019\/10\/unia-alka-xl-c1.jpg\" alt=\"\" width=\"690\" height=\"460\" srcset=\"https:\/\/recarprofi.cz\/wp-content\/uploads\/2019\/10\/unia-alka-xl-c1.jpg 690w, https:\/\/recarprofi.cz\/wp-content\/uploads\/2019\/10\/unia-alka-xl-c1-600x400.jpg 600w, https:\/\/recarprofi.cz\/wp-content\/uploads\/2019\/10\/unia-alka-xl-c1-420x280.jpg 420w\" sizes=\"(max-width: 690px) 100vw, 690px\" \/><\/a><\/p><p>\u00a0<\/p><h3><a href=\"https:\/\/recarprofi.cz\/wp-content\/uploads\/2018\/07\/unia-alka-xl4.jpg\"><img loading=\"lazy\" decoding=\"async\" class=\"aligncenter wp-image-10645 size-full\" src=\"https:\/\/recarprofi.cz\/wp-content\/uploads\/2018\/07\/unia-alka-xl4.jpg\" alt=\"\" width=\"500\" height=\"333\" srcset=\"https:\/\/recarprofi.cz\/wp-content\/uploads\/2018\/07\/unia-alka-xl4.jpg 500w, https:\/\/recarprofi.cz\/wp-content\/uploads\/2018\/07\/unia-alka-xl4-416x277.jpg 416w, https:\/\/recarprofi.cz\/wp-content\/uploads\/2018\/07\/unia-alka-xl4-420x280.jpg 420w\" sizes=\"(max-width: 500px) 100vw, 500px\" \/><\/a><\/h3><h3 class=\"ea-technika\">\u00a0<\/h3><h3 class=\"ea-technika\"><a href=\"http:\/\/recarprofi.cz\/wp-content\/uploads\/2018\/07\/unia-alka-xc2.jpg\"><img loading=\"lazy\" decoding=\"async\" class=\"aligncenter wp-image-10606 size-full\" src=\"http:\/\/recarprofi.cz\/wp-content\/uploads\/2018\/07\/unia-alka-xc2.jpg\" alt=\"\" width=\"500\" height=\"271\" srcset=\"https:\/\/recarprofi.cz\/wp-content\/uploads\/2018\/07\/unia-alka-xc2.jpg 500w, https:\/\/recarprofi.cz\/wp-content\/uploads\/2018\/07\/unia-alka-xc2-416x225.jpg 416w, https:\/\/recarprofi.cz\/wp-content\/uploads\/2018\/07\/unia-alka-xc2-420x228.jpg 420w\" sizes=\"(max-width: 500px) 100vw, 500px\" \/><\/a><\/h3>\t\t\t\t\t\t\t\t<\/div>\n\t\t\t\t<\/div>\n\t\t\t\t\t<\/div>\n\t\t<\/div>\n\t\t\t\t\t<\/div>\n\t\t<\/section>\n\t\t\t\t<\/div>\n\t\t","protected":false},"excerpt":{"rendered":"<p>ALKA XL C 3,2 je \u010deln\u00ed diskov\u00e1 seka\u010dka tvo\u0159ena osmi disky se dv\u011bmi no\u017ei, umo\u017e\u0148uj\u00edc\u00ed rychlou v\u00fdm\u011bnu. Stroj je um\u00edst\u011bn v p\u0159edn\u00ed \u010d\u00e1sti traktoru, poh\u00e1n\u011bn kardanovou h\u0159\u00eddeli. ALKA XL C 3,2 je ve standardu vybavena:&hellip;<\/p>\n","protected":false},"author":1,"featured_media":0,"parent":2559,"menu_order":1,"comment_status":"closed","ping_status":"closed","template":"","meta":{"footnotes":""},"class_list":["post-2566","page","type-page","status-publish","hentry"],"_links":{"self":[{"href":"https:\/\/recarprofi.cz\/uvod\/wp-json\/wp\/v2\/pages\/2566","targetHints":{"allow":["GET"]}}],"collection":[{"href":"https:\/\/recarprofi.cz\/uvod\/wp-json\/wp\/v2\/pages"}],"about":[{"href":"https:\/\/recarprofi.cz\/uvod\/wp-json\/wp\/v2\/types\/page"}],"author":[{"embeddable":true,"href":"https:\/\/recarprofi.cz\/uvod\/wp-json\/wp\/v2\/users\/1"}],"replies":[{"embeddable":true,"href":"https:\/\/recarprofi.cz\/uvod\/wp-json\/wp\/v2\/comments?post=2566"}],"version-history":[{"count":38,"href":"https:\/\/recarprofi.cz\/uvod\/wp-json\/wp\/v2\/pages\/2566\/revisions"}],"predecessor-version":[{"id":21319,"href":"https:\/\/recarprofi.cz\/uvod\/wp-json\/wp\/v2\/pages\/2566\/revisions\/21319"}],"up":[{"embeddable":true,"href":"https:\/\/recarprofi.cz\/uvod\/wp-json\/wp\/v2\/pages\/2559"}],"wp:attachment":[{"href":"https:\/\/recarprofi.cz\/uvod\/wp-json\/wp\/v2\/media?parent=2566"}],"curies":[{"name":"wp","href":"https:\/\/api.w.org\/{rel}","templated":true}]}}

Čelní diskové žací stroje Unia

<div data-elementor-type="wp-page" data-elementor-id="2566" class="elementor elementor-2566">
						<section class="elementor-section elementor-top-section elementor-element elementor-element-42e87f2b elementor-section-boxed elementor-section-height-default elementor-section-height-default" data-id="42e87f2b" data-element_type="section" data-e-type="section">
						<div class="elementor-container elementor-column-gap-default">
					<div class="elementor-column elementor-col-100 elementor-top-column elementor-element elementor-element-28b9350c" data-id="28b9350c" data-element_type="column" data-e-type="column">
			<div class="elementor-widget-wrap elementor-element-populated">
						<div class="elementor-element elementor-element-6bf9d81d elementor-widget elementor-widget-text-editor" data-id="6bf9d81d" data-element_type="widget" data-e-type="widget" data-widget_type="text-editor.default">
				<div class="elementor-widget-container">
									<p><a href="https://recarprofi.cz/wp-content/uploads/2019/10/unia-alka-xl-c.jpg"><img fetchpriority="high" decoding="async" class="aligncenter wp-image-15052 size-full" src="https://recarprofi.cz/wp-content/uploads/2019/10/unia-alka-xl-c.jpg" alt="" width="1000" height="750" srcset="https://recarprofi.cz/wp-content/uploads/2019/10/unia-alka-xl-c.jpg 1000w, https://recarprofi.cz/wp-content/uploads/2019/10/unia-alka-xl-c-600x450.jpg 600w, https://recarprofi.cz/wp-content/uploads/2019/10/unia-alka-xl-c-420x315.jpg 420w, https://recarprofi.cz/wp-content/uploads/2019/10/unia-alka-xl-c-744x558.jpg 744w, https://recarprofi.cz/wp-content/uploads/2019/10/unia-alka-xl-c-768x576.jpg 768w" sizes="(max-width: 1000px) 100vw, 1000px" /></a></p><p>ALKA XL C 3,2 je čelní disková sekačka tvořena osmi disky se dvěmi noži, umožňující rychlou výměnu.</p><p>Stroj je umístěn v přední části traktoru, poháněn kardanovou hřídeli.</p><p>ALKA XL C 3,2 je ve standardu vybavena:</p><ul><li>rychlá výměna nožíků</li><li>individuální jištění disků</li><li>dva shrnovače pokosu Alka XLC</li><li>kondicionér pokosu pro serii S</li><li>usměrňovač pokosu pro serii S</li><li>hydropneumatické odlehčení</li><li>komplet žacích nožíků</li><li>kloubový náhon (6&#215;6, 460 Nm) s přetěžovací spojkou (M=900 Nm)</li></ul><p><strong>Technické parametry:</strong></p><table class="specyfikacja_techniczna"><tbody><tr><td><strong>ALKA XL C</strong></td><td><strong>3,2</strong></td><td><strong>3,2 S</strong></td></tr><tr><td><strong>Pracovní záběr [m]</strong></td><td>3,2</td><td>3,2</td></tr><tr><td><strong>Pčet disků [ks]</strong></td><td>8</td><td>8</td></tr><tr><td><strong>Výška sečení  [mm]</strong></td><td>40÷60</td><td>40÷60</td></tr><tr><td><strong>Hodinová výkonnost [ha/h]</strong></td><td>3,2</td><td>3,2</td></tr><tr><td><strong>Hmotnost [kg]</strong></td><td>700</td><td>838</td></tr><tr><td><strong>Výkon traktoru [k]</strong></td><td>90</td><td>100</td></tr><tr><td><strong>Otáčky kardanu [ot/min]</strong></td><td>1000</td><td>1000</td></tr><tr><td><strong>Kategorie závěsu</strong></td><td>II/III</td><td>II/III</td></tr><tr><td><strong>Šířka pokosu [m]</strong></td><td>2,2</td><td>1,2</td></tr></tbody></table><p> </p><h3> </h3><p><a href="https://recarprofi.cz/wp-content/uploads/2019/10/unia-alka-xc.jpg"><img decoding="async" class="alignright size-full wp-image-15053" src="https://recarprofi.cz/wp-content/uploads/2019/10/unia-alka-xc.jpg" alt="" width="678" height="392" srcset="https://recarprofi.cz/wp-content/uploads/2019/10/unia-alka-xc.jpg 678w, https://recarprofi.cz/wp-content/uploads/2019/10/unia-alka-xc-600x347.jpg 600w, https://recarprofi.cz/wp-content/uploads/2019/10/unia-alka-xc-420x243.jpg 420w" sizes="(max-width: 678px) 100vw, 678px" /></a></p><p> </p><p><a href="https://recarprofi.cz/wp-content/uploads/2019/10/unia-alka-xl-c1.jpg"><img decoding="async" class="aligncenter wp-image-15054 size-full" src="https://recarprofi.cz/wp-content/uploads/2019/10/unia-alka-xl-c1.jpg" alt="" width="690" height="460" srcset="https://recarprofi.cz/wp-content/uploads/2019/10/unia-alka-xl-c1.jpg 690w, https://recarprofi.cz/wp-content/uploads/2019/10/unia-alka-xl-c1-600x400.jpg 600w, https://recarprofi.cz/wp-content/uploads/2019/10/unia-alka-xl-c1-420x280.jpg 420w" sizes="(max-width: 690px) 100vw, 690px" /></a></p><p> </p><h3><a href="https://recarprofi.cz/wp-content/uploads/2018/07/unia-alka-xl4.jpg"><img loading="lazy" decoding="async" class="aligncenter wp-image-10645 size-full" src="https://recarprofi.cz/wp-content/uploads/2018/07/unia-alka-xl4.jpg" alt="" width="500" height="333" srcset="https://recarprofi.cz/wp-content/uploads/2018/07/unia-alka-xl4.jpg 500w, https://recarprofi.cz/wp-content/uploads/2018/07/unia-alka-xl4-416x277.jpg 416w, https://recarprofi.cz/wp-content/uploads/2018/07/unia-alka-xl4-420x280.jpg 420w" sizes="(max-width: 500px) 100vw, 500px" /></a></h3><h3 class="ea-technika"> </h3><h3 class="ea-technika"><a href="http://recarprofi.cz/wp-content/uploads/2018/07/unia-alka-xc2.jpg"><img loading="lazy" decoding="async" class="aligncenter wp-image-10606 size-full" src="http://recarprofi.cz/wp-content/uploads/2018/07/unia-alka-xc2.jpg" alt="" width="500" height="271" srcset="https://recarprofi.cz/wp-content/uploads/2018/07/unia-alka-xc2.jpg 500w, https://recarprofi.cz/wp-content/uploads/2018/07/unia-alka-xc2-416x225.jpg 416w, https://recarprofi.cz/wp-content/uploads/2018/07/unia-alka-xc2-420x228.jpg 420w" sizes="(max-width: 500px) 100vw, 500px" /></a></h3>								</div>
				</div>
					</div>
		</div>
					</div>
		</section>
				</div>

<p>ALKA XL C 3,2 je čelní disková sekačka tvořena osmi disky se dvěmi noži, umožňující rychlou výměnu. Stroj je umístěn v přední části traktoru, poháněn kardanovou hřídeli. ALKA XL C 3,2 je ve standardu vybavena:&hellip;</p>
