{"id":2618,"date":"2013-02-21T15:21:08","date_gmt":"2013-02-21T14:21:08","guid":{"rendered":"http:\/\/recarprofi.cz\/?page_id=2618"},"modified":"2024-04-26T15:22:15","modified_gmt":"2024-04-26T13:22:15","slug":"tazene-unia","status":"publish","type":"page","link":"https:\/\/recarprofi.cz\/uvod\/zemedelska-technika\/picniny\/zaci-stroje\/tazene-unia\/","title":{"rendered":"Ta\u017een\u00e9 diskov\u00e9 \u017eac\u00ed stroje Unia"},"content":{"rendered":"\t\t<div data-elementor-type=\"wp-page\" data-elementor-id=\"2618\" class=\"elementor elementor-2618\">\n\t\t\t\t\t\t<section class=\"elementor-section elementor-top-section elementor-element elementor-element-31e6676b elementor-section-boxed elementor-section-height-default elementor-section-height-default\" data-id=\"31e6676b\" data-element_type=\"section\" data-e-type=\"section\">\n\t\t\t\t\t\t<div class=\"elementor-container elementor-column-gap-default\">\n\t\t\t\t\t<div class=\"elementor-column elementor-col-100 elementor-top-column elementor-element elementor-element-d44ba63\" data-id=\"d44ba63\" data-element_type=\"column\" data-e-type=\"column\">\n\t\t\t<div class=\"elementor-widget-wrap elementor-element-populated\">\n\t\t\t\t\t\t<div class=\"elementor-element elementor-element-7c66aaa8 elementor-widget elementor-widget-text-editor\" data-id=\"7c66aaa8\" data-element_type=\"widget\" data-e-type=\"widget\" data-widget_type=\"text-editor.default\">\n\t\t\t\t<div class=\"elementor-widget-container\">\n\t\t\t\t\t\t\t\t\t<p><a href=\"https:\/\/recarprofi.cz\/wp-content\/uploads\/2018\/07\/unia-alka-xl5.png\"><img fetchpriority=\"high\" decoding=\"async\" class=\"aligncenter wp-image-10639 size-full\" src=\"https:\/\/recarprofi.cz\/wp-content\/uploads\/2018\/07\/unia-alka-xl5.png\" alt=\"\" width=\"1080\" height=\"545\" srcset=\"https:\/\/recarprofi.cz\/wp-content\/uploads\/2018\/07\/unia-alka-xl5.png 1080w, https:\/\/recarprofi.cz\/wp-content\/uploads\/2018\/07\/unia-alka-xl5-600x303.png 600w\" sizes=\"(max-width: 1080px) 100vw, 1080px\" \/><\/a><\/p><p>ALKA 1 XL 3,2\u00a0 je diskov\u00e1 seka\u010dka ta\u017een\u00e1. Disponuje osmi \u017eac\u00edmi disky kter\u00e9 jsou poh\u00e1n\u011bny kardanovou h\u0159\u00eddeli.<\/p><p>ALKA 1 XL 3,2 je ve standardu vybavena:<\/p><ul><li>rychl\u00e1 v\u00fdm\u011bna no\u017e\u00edk\u016f<\/li><li>dva shrnova\u010de pokosu Alka 1 XL<\/li><li>kondicion\u00e9r pro s\u00e9rii S<\/li><li>ma\u010dkac\u00ed v\u00e1lce pro serii Z<\/li><li>veden\u00ed pro shrnut\u00ed \u0159\u00e1dku pro S i Z<\/li><li>hydraulicky staviteln\u00e1 ta\u017en\u00e1 oj<\/li><li>komplet \u017eac\u00edch no\u017e\u00edk\u016f<\/li><li>kloubov\u00fd n\u00e1hon (6&#215;6, 460 Nm) s p\u0159et\u011b\u017eovac\u00ed spojkou (M=900 Nm)<\/li><\/ul><table><tbody><tr><td width=\"85\"><strong>Model<\/strong><\/td><td width=\"85\">Alka 1XL 3,2<\/td><\/tr><tr><td width=\"85\">Pracovn\u00ed z\u00e1b\u011br (m)<\/td><td width=\"85\">3,2<\/td><\/tr><tr><td width=\"85\">Po\u010det disk\u016f (ks)<\/td><td width=\"85\">8<\/td><\/tr><tr><td width=\"85\">Hodinov\u00e1 v\u00fdkonnost (ha\/hod)<\/td><td width=\"85\">3,2<\/td><\/tr><tr><td width=\"85\">Hmotnost (kg)<\/td><td width=\"85\">1390<\/td><\/tr><tr><td width=\"85\">V\u00fdkon traktoru (k)<\/td><td width=\"85\">80<\/td><\/tr><tr><td width=\"85\">Ot\u00e1\u010dky kardanu (ot\/min)<\/td><td width=\"85\">1000<\/td><\/tr><tr><td width=\"85\">\u0160\u00ed\u0159ka pokosu (m)<\/td><td width=\"85\">2,2<\/td><\/tr><tr><td width=\"85\">Kategorie z\u00e1v\u011bsu<\/td><td width=\"85\">II \/ III<\/td><\/tr><\/tbody><\/table><p><a href=\"http:\/\/recarprofi.cz\/wp-content\/uploads\/2018\/07\/unia-alka-xl3.jpg\"><img decoding=\"async\" class=\"aligncenter wp-image-10644 size-full\" src=\"http:\/\/recarprofi.cz\/wp-content\/uploads\/2018\/07\/unia-alka-xl3.jpg\" alt=\"\" width=\"500\" height=\"294\" srcset=\"https:\/\/recarprofi.cz\/wp-content\/uploads\/2018\/07\/unia-alka-xl3.jpg 500w, https:\/\/recarprofi.cz\/wp-content\/uploads\/2018\/07\/unia-alka-xl3-416x245.jpg 416w, https:\/\/recarprofi.cz\/wp-content\/uploads\/2018\/07\/unia-alka-xl3-420x247.jpg 420w\" sizes=\"(max-width: 500px) 100vw, 500px\" \/><\/a><a href=\"http:\/\/recarprofi.cz\/wp-content\/uploads\/2018\/07\/unia-alka-xl4.jpg\"><img decoding=\"async\" class=\"aligncenter wp-image-10645 size-full\" src=\"http:\/\/recarprofi.cz\/wp-content\/uploads\/2018\/07\/unia-alka-xl4.jpg\" alt=\"\" width=\"500\" height=\"333\" srcset=\"https:\/\/recarprofi.cz\/wp-content\/uploads\/2018\/07\/unia-alka-xl4.jpg 500w, https:\/\/recarprofi.cz\/wp-content\/uploads\/2018\/07\/unia-alka-xl4-416x277.jpg 416w, https:\/\/recarprofi.cz\/wp-content\/uploads\/2018\/07\/unia-alka-xl4-420x280.jpg 420w\" sizes=\"(max-width: 500px) 100vw, 500px\" \/><\/a><\/p><p><a href=\"http:\/\/recarprofi.cz\/wp-content\/uploads\/2018\/07\/unia-alka-xl2.jpg\"><img loading=\"lazy\" decoding=\"async\" class=\"aligncenter wp-image-10642 size-full\" src=\"http:\/\/recarprofi.cz\/wp-content\/uploads\/2018\/07\/unia-alka-xl2.jpg\" alt=\"\" width=\"500\" height=\"165\" srcset=\"https:\/\/recarprofi.cz\/wp-content\/uploads\/2018\/07\/unia-alka-xl2.jpg 500w, https:\/\/recarprofi.cz\/wp-content\/uploads\/2018\/07\/unia-alka-xl2-416x137.jpg 416w, https:\/\/recarprofi.cz\/wp-content\/uploads\/2018\/07\/unia-alka-xl2-420x139.jpg 420w\" sizes=\"(max-width: 500px) 100vw, 500px\" \/><\/a><a href=\"http:\/\/recarprofi.cz\/wp-content\/uploads\/2018\/07\/unia-alka-xl1.jpg\"><img loading=\"lazy\" decoding=\"async\" class=\"aligncenter wp-image-10638 size-full\" src=\"http:\/\/recarprofi.cz\/wp-content\/uploads\/2018\/07\/unia-alka-xl1.jpg\" alt=\"\" width=\"700\" height=\"450\" srcset=\"https:\/\/recarprofi.cz\/wp-content\/uploads\/2018\/07\/unia-alka-xl1.jpg 700w, https:\/\/recarprofi.cz\/wp-content\/uploads\/2018\/07\/unia-alka-xl1-600x386.jpg 600w, https:\/\/recarprofi.cz\/wp-content\/uploads\/2018\/07\/unia-alka-xl1-420x270.jpg 420w\" sizes=\"(max-width: 700px) 100vw, 700px\" \/><\/a><\/p><p>\u00a0<\/p>\t\t\t\t\t\t\t\t<\/div>\n\t\t\t\t<\/div>\n\t\t\t\t\t<\/div>\n\t\t<\/div>\n\t\t\t\t\t<\/div>\n\t\t<\/section>\n\t\t\t\t<\/div>\n\t\t","protected":false},"excerpt":{"rendered":"<p>ALKA 1 XL 3,2\u00a0 je diskov\u00e1 seka\u010dka ta\u017een\u00e1. Disponuje osmi \u017eac\u00edmi disky kter\u00e9 jsou poh\u00e1n\u011bny kardanovou h\u0159\u00eddeli. ALKA 1 XL 3,2 je ve standardu vybavena: rychl\u00e1 v\u00fdm\u011bna no\u017e\u00edk\u016f dva shrnova\u010de pokosu Alka 1 XL kondicion\u00e9r&hellip;<\/p>\n","protected":false},"author":1,"featured_media":0,"parent":2559,"menu_order":6,"comment_status":"closed","ping_status":"closed","template":"","meta":{"footnotes":""},"class_list":["post-2618","page","type-page","status-publish","hentry"],"_links":{"self":[{"href":"https:\/\/recarprofi.cz\/uvod\/wp-json\/wp\/v2\/pages\/2618","targetHints":{"allow":["GET"]}}],"collection":[{"href":"https:\/\/recarprofi.cz\/uvod\/wp-json\/wp\/v2\/pages"}],"about":[{"href":"https:\/\/recarprofi.cz\/uvod\/wp-json\/wp\/v2\/types\/page"}],"author":[{"embeddable":true,"href":"https:\/\/recarprofi.cz\/uvod\/wp-json\/wp\/v2\/users\/1"}],"replies":[{"embeddable":true,"href":"https:\/\/recarprofi.cz\/uvod\/wp-json\/wp\/v2\/comments?post=2618"}],"version-history":[{"count":37,"href":"https:\/\/recarprofi.cz\/uvod\/wp-json\/wp\/v2\/pages\/2618\/revisions"}],"predecessor-version":[{"id":21328,"href":"https:\/\/recarprofi.cz\/uvod\/wp-json\/wp\/v2\/pages\/2618\/revisions\/21328"}],"up":[{"embeddable":true,"href":"https:\/\/recarprofi.cz\/uvod\/wp-json\/wp\/v2\/pages\/2559"}],"wp:attachment":[{"href":"https:\/\/recarprofi.cz\/uvod\/wp-json\/wp\/v2\/media?parent=2618"}],"curies":[{"name":"wp","href":"https:\/\/api.w.org\/{rel}","templated":true}]}}

Tažené diskové žací stroje Unia

<div data-elementor-type="wp-page" data-elementor-id="2618" class="elementor elementor-2618">
						<section class="elementor-section elementor-top-section elementor-element elementor-element-31e6676b elementor-section-boxed elementor-section-height-default elementor-section-height-default" data-id="31e6676b" data-element_type="section" data-e-type="section">
						<div class="elementor-container elementor-column-gap-default">
					<div class="elementor-column elementor-col-100 elementor-top-column elementor-element elementor-element-d44ba63" data-id="d44ba63" data-element_type="column" data-e-type="column">
			<div class="elementor-widget-wrap elementor-element-populated">
						<div class="elementor-element elementor-element-7c66aaa8 elementor-widget elementor-widget-text-editor" data-id="7c66aaa8" data-element_type="widget" data-e-type="widget" data-widget_type="text-editor.default">
				<div class="elementor-widget-container">
									<p><a href="https://recarprofi.cz/wp-content/uploads/2018/07/unia-alka-xl5.png"><img fetchpriority="high" decoding="async" class="aligncenter wp-image-10639 size-full" src="https://recarprofi.cz/wp-content/uploads/2018/07/unia-alka-xl5.png" alt="" width="1080" height="545" srcset="https://recarprofi.cz/wp-content/uploads/2018/07/unia-alka-xl5.png 1080w, https://recarprofi.cz/wp-content/uploads/2018/07/unia-alka-xl5-600x303.png 600w" sizes="(max-width: 1080px) 100vw, 1080px" /></a></p><p>ALKA 1 XL 3,2  je disková sekačka tažená. Disponuje osmi žacími disky které jsou poháněny kardanovou hřídeli.</p><p>ALKA 1 XL 3,2 je ve standardu vybavena:</p><ul><li>rychlá výměna nožíků</li><li>dva shrnovače pokosu Alka 1 XL</li><li>kondicionér pro sérii S</li><li>mačkací válce pro serii Z</li><li>vedení pro shrnutí řádku pro S i Z</li><li>hydraulicky stavitelná tažná oj</li><li>komplet žacích nožíků</li><li>kloubový náhon (6&#215;6, 460 Nm) s přetěžovací spojkou (M=900 Nm)</li></ul><table><tbody><tr><td width="85"><strong>Model</strong></td><td width="85">Alka 1XL 3,2</td></tr><tr><td width="85">Pracovní záběr (m)</td><td width="85">3,2</td></tr><tr><td width="85">Počet disků (ks)</td><td width="85">8</td></tr><tr><td width="85">Hodinová výkonnost (ha/hod)</td><td width="85">3,2</td></tr><tr><td width="85">Hmotnost (kg)</td><td width="85">1390</td></tr><tr><td width="85">Výkon traktoru (k)</td><td width="85">80</td></tr><tr><td width="85">Otáčky kardanu (ot/min)</td><td width="85">1000</td></tr><tr><td width="85">Šířka pokosu (m)</td><td width="85">2,2</td></tr><tr><td width="85">Kategorie závěsu</td><td width="85">II / III</td></tr></tbody></table><p><a href="http://recarprofi.cz/wp-content/uploads/2018/07/unia-alka-xl3.jpg"><img decoding="async" class="aligncenter wp-image-10644 size-full" src="http://recarprofi.cz/wp-content/uploads/2018/07/unia-alka-xl3.jpg" alt="" width="500" height="294" srcset="https://recarprofi.cz/wp-content/uploads/2018/07/unia-alka-xl3.jpg 500w, https://recarprofi.cz/wp-content/uploads/2018/07/unia-alka-xl3-416x245.jpg 416w, https://recarprofi.cz/wp-content/uploads/2018/07/unia-alka-xl3-420x247.jpg 420w" sizes="(max-width: 500px) 100vw, 500px" /></a><a href="http://recarprofi.cz/wp-content/uploads/2018/07/unia-alka-xl4.jpg"><img decoding="async" class="aligncenter wp-image-10645 size-full" src="http://recarprofi.cz/wp-content/uploads/2018/07/unia-alka-xl4.jpg" alt="" width="500" height="333" srcset="https://recarprofi.cz/wp-content/uploads/2018/07/unia-alka-xl4.jpg 500w, https://recarprofi.cz/wp-content/uploads/2018/07/unia-alka-xl4-416x277.jpg 416w, https://recarprofi.cz/wp-content/uploads/2018/07/unia-alka-xl4-420x280.jpg 420w" sizes="(max-width: 500px) 100vw, 500px" /></a></p><p><a href="http://recarprofi.cz/wp-content/uploads/2018/07/unia-alka-xl2.jpg"><img loading="lazy" decoding="async" class="aligncenter wp-image-10642 size-full" src="http://recarprofi.cz/wp-content/uploads/2018/07/unia-alka-xl2.jpg" alt="" width="500" height="165" srcset="https://recarprofi.cz/wp-content/uploads/2018/07/unia-alka-xl2.jpg 500w, https://recarprofi.cz/wp-content/uploads/2018/07/unia-alka-xl2-416x137.jpg 416w, https://recarprofi.cz/wp-content/uploads/2018/07/unia-alka-xl2-420x139.jpg 420w" sizes="(max-width: 500px) 100vw, 500px" /></a><a href="http://recarprofi.cz/wp-content/uploads/2018/07/unia-alka-xl1.jpg"><img loading="lazy" decoding="async" class="aligncenter wp-image-10638 size-full" src="http://recarprofi.cz/wp-content/uploads/2018/07/unia-alka-xl1.jpg" alt="" width="700" height="450" srcset="https://recarprofi.cz/wp-content/uploads/2018/07/unia-alka-xl1.jpg 700w, https://recarprofi.cz/wp-content/uploads/2018/07/unia-alka-xl1-600x386.jpg 600w, https://recarprofi.cz/wp-content/uploads/2018/07/unia-alka-xl1-420x270.jpg 420w" sizes="(max-width: 700px) 100vw, 700px" /></a></p><p> </p>								</div>
				</div>
					</div>
		</div>
					</div>
		</section>
				</div>

<p>ALKA 1 XL 3,2  je disková sekačka tažená. Disponuje osmi žacími disky které jsou poháněny kardanovou hřídeli. ALKA 1 XL 3,2 je ve standardu vybavena: rychlá výměna nožíků dva shrnovače pokosu Alka 1 XL kondicionér&hellip;</p>
