{"id":26427,"date":"2023-07-19T14:44:30","date_gmt":"2023-07-19T12:44:30","guid":{"rendered":"https:\/\/recarprofi.cz\/uvod\/?page_id=26427"},"modified":"2024-04-22T14:43:11","modified_gmt":"2024-04-22T12:43:11","slug":"sklizeci-mlaticky","status":"publish","type":"page","link":"https:\/\/recarprofi.cz\/uvod\/zemedelska-technika\/sklizeci-mlaticky\/","title":{"rendered":"Skl\u00edzec\u00ed ml\u00e1ti\u010dky"},"content":{"rendered":"\t\t<div data-elementor-type=\"wp-page\" data-elementor-id=\"26427\" class=\"elementor elementor-26427\">\n\t\t\t\t\t\t<section class=\"elementor-section elementor-top-section elementor-element elementor-element-110701a elementor-section-boxed elementor-section-height-default elementor-section-height-default\" data-id=\"110701a\" data-element_type=\"section\" data-e-type=\"section\">\n\t\t\t\t\t\t<div class=\"elementor-container elementor-column-gap-default\">\n\t\t\t\t\t<div class=\"elementor-column elementor-col-100 elementor-top-column elementor-element elementor-element-eeb3fbf\" data-id=\"eeb3fbf\" data-element_type=\"column\" data-e-type=\"column\">\n\t\t\t<div class=\"elementor-widget-wrap elementor-element-populated\">\n\t\t\t\t\t\t<div class=\"elementor-element elementor-element-f051bb0 elementor-position-left elementor-vertical-align-top elementor-widget elementor-widget-image-box\" data-id=\"f051bb0\" data-element_type=\"widget\" data-e-type=\"widget\" data-widget_type=\"image-box.default\">\n\t\t\t\t<div class=\"elementor-widget-container\">\n\t\t\t\t\t<div class=\"elementor-image-box-wrapper\"><figure class=\"elementor-image-box-img\"><a href=\"https:\/\/recarprofi.cz\/uvod\/zemedelska-technika\/sklizeci-mlaticky\/sampo\/\" tabindex=\"-1\"><img fetchpriority=\"high\" decoding=\"async\" width=\"2560\" height=\"1707\" src=\"https:\/\/recarprofi.cz\/wp-content\/uploads\/2023\/07\/sampo-2roto-scaled.jpg\" class=\"attachment-full size-full wp-image-26417\" alt=\"\" srcset=\"https:\/\/recarprofi.cz\/wp-content\/uploads\/2023\/07\/sampo-2roto-scaled.jpg 2560w, https:\/\/recarprofi.cz\/wp-content\/uploads\/2023\/07\/sampo-2roto-744x496.jpg 744w, https:\/\/recarprofi.cz\/wp-content\/uploads\/2023\/07\/sampo-2roto-1200x800.jpg 1200w, https:\/\/recarprofi.cz\/wp-content\/uploads\/2023\/07\/sampo-2roto-420x280.jpg 420w, https:\/\/recarprofi.cz\/wp-content\/uploads\/2023\/07\/sampo-2roto-768x512.jpg 768w, https:\/\/recarprofi.cz\/wp-content\/uploads\/2023\/07\/sampo-2roto-1536x1024.jpg 1536w, https:\/\/recarprofi.cz\/wp-content\/uploads\/2023\/07\/sampo-2roto-2048x1366.jpg 2048w, https:\/\/recarprofi.cz\/wp-content\/uploads\/2023\/07\/sampo-2roto-90x60.jpg 90w, https:\/\/recarprofi.cz\/wp-content\/uploads\/2023\/07\/sampo-2roto-600x400.jpg 600w\" sizes=\"(max-width: 2560px) 100vw, 2560px\" \/><\/a><\/figure><div class=\"elementor-image-box-content\"><h3 class=\"elementor-image-box-title\"><a href=\"https:\/\/recarprofi.cz\/uvod\/zemedelska-technika\/sklizeci-mlaticky\/sampo\/\">Sampo<\/a><\/h3><p class=\"elementor-image-box-description\">V\u00fdkon od 75 do 300 PS.<\/p><\/div><\/div>\t\t\t\t<\/div>\n\t\t\t\t<\/div>\n\t\t\t\t\t<\/div>\n\t\t<\/div>\n\t\t\t\t\t<\/div>\n\t\t<\/section>\n\t\t\t\t<section class=\"elementor-section elementor-top-section elementor-element elementor-element-3cba69b elementor-section-boxed elementor-section-height-default elementor-section-height-default\" data-id=\"3cba69b\" data-element_type=\"section\" data-e-type=\"section\">\n\t\t\t\t\t\t<div class=\"elementor-container elementor-column-gap-default\">\n\t\t\t\t\t<div class=\"elementor-column elementor-col-100 elementor-top-column elementor-element elementor-element-903d89c\" data-id=\"903d89c\" data-element_type=\"column\" data-e-type=\"column\">\n\t\t\t<div class=\"elementor-widget-wrap elementor-element-populated\">\n\t\t\t\t\t\t<div class=\"elementor-element elementor-element-5f4ed8d elementor-position-left elementor-vertical-align-top elementor-widget elementor-widget-image-box\" data-id=\"5f4ed8d\" data-element_type=\"widget\" data-e-type=\"widget\" data-widget_type=\"image-box.default\">\n\t\t\t\t<div class=\"elementor-widget-container\">\n\t\t\t\t\t<div class=\"elementor-image-box-wrapper\"><figure class=\"elementor-image-box-img\"><a href=\"https:\/\/recarprofi.cz\/uvod\/zemedelska-technika\/sklizeci-mlaticky\/new-holland\/\" tabindex=\"-1\"><img decoding=\"async\" width=\"900\" height=\"610\" src=\"https:\/\/recarprofi.cz\/wp-content\/uploads\/2023\/07\/new-holland-ch.png\" class=\"attachment-full size-full wp-image-26430\" alt=\"\" srcset=\"https:\/\/recarprofi.cz\/wp-content\/uploads\/2023\/07\/new-holland-ch.png 900w, https:\/\/recarprofi.cz\/wp-content\/uploads\/2023\/07\/new-holland-ch-744x504.png 744w, https:\/\/recarprofi.cz\/wp-content\/uploads\/2023\/07\/new-holland-ch-420x285.png 420w, https:\/\/recarprofi.cz\/wp-content\/uploads\/2023\/07\/new-holland-ch-768x521.png 768w, https:\/\/recarprofi.cz\/wp-content\/uploads\/2023\/07\/new-holland-ch-89x60.png 89w, https:\/\/recarprofi.cz\/wp-content\/uploads\/2023\/07\/new-holland-ch-600x407.png 600w\" sizes=\"(max-width: 900px) 100vw, 900px\" \/><\/a><\/figure><div class=\"elementor-image-box-content\"><h3 class=\"elementor-image-box-title\"><a href=\"https:\/\/recarprofi.cz\/uvod\/zemedelska-technika\/sklizeci-mlaticky\/new-holland\/\">New Holland<\/a><\/h3><p class=\"elementor-image-box-description\">V\u00fdkon od 175 do 545 PS.<\/p><\/div><\/div>\t\t\t\t<\/div>\n\t\t\t\t<\/div>\n\t\t\t\t\t<\/div>\n\t\t<\/div>\n\t\t\t\t\t<\/div>\n\t\t<\/section>\n\t\t\t\t<\/div>\n\t\t","protected":false},"excerpt":{"rendered":"<p>Sampo V\u00fdkon od 75 do 300 PS. New Holland V\u00fdkon od 175 do 545 PS.<\/p>\n","protected":false},"author":1,"featured_media":26609,"parent":77,"menu_order":2,"comment_status":"closed","ping_status":"closed","template":"","meta":{"footnotes":""},"class_list":["post-26427","page","type-page","status-publish","has-post-thumbnail","hentry"],"_links":{"self":[{"href":"https:\/\/recarprofi.cz\/uvod\/wp-json\/wp\/v2\/pages\/26427","targetHints":{"allow":["GET"]}}],"collection":[{"href":"https:\/\/recarprofi.cz\/uvod\/wp-json\/wp\/v2\/pages"}],"about":[{"href":"https:\/\/recarprofi.cz\/uvod\/wp-json\/wp\/v2\/types\/page"}],"author":[{"embeddable":true,"href":"https:\/\/recarprofi.cz\/uvod\/wp-json\/wp\/v2\/users\/1"}],"replies":[{"embeddable":true,"href":"https:\/\/recarprofi.cz\/uvod\/wp-json\/wp\/v2\/comments?post=26427"}],"version-history":[{"count":37,"href":"https:\/\/recarprofi.cz\/uvod\/wp-json\/wp\/v2\/pages\/26427\/revisions"}],"predecessor-version":[{"id":30424,"href":"https:\/\/recarprofi.cz\/uvod\/wp-json\/wp\/v2\/pages\/26427\/revisions\/30424"}],"up":[{"embeddable":true,"href":"https:\/\/recarprofi.cz\/uvod\/wp-json\/wp\/v2\/pages\/77"}],"wp:featuredmedia":[{"embeddable":true,"href":"https:\/\/recarprofi.cz\/uvod\/wp-json\/wp\/v2\/media\/26609"}],"wp:attachment":[{"href":"https:\/\/recarprofi.cz\/uvod\/wp-json\/wp\/v2\/media?parent=26427"}],"curies":[{"name":"wp","href":"https:\/\/api.w.org\/{rel}","templated":true}]}}

Sklízecí mlátičky

<div data-elementor-type="wp-page" data-elementor-id="26427" class="elementor elementor-26427">
						<section class="elementor-section elementor-top-section elementor-element elementor-element-110701a elementor-section-boxed elementor-section-height-default elementor-section-height-default" data-id="110701a" data-element_type="section" data-e-type="section">
						<div class="elementor-container elementor-column-gap-default">
					<div class="elementor-column elementor-col-100 elementor-top-column elementor-element elementor-element-eeb3fbf" data-id="eeb3fbf" data-element_type="column" data-e-type="column">
			<div class="elementor-widget-wrap elementor-element-populated">
						<div class="elementor-element elementor-element-f051bb0 elementor-position-left elementor-vertical-align-top elementor-widget elementor-widget-image-box" data-id="f051bb0" data-element_type="widget" data-e-type="widget" data-widget_type="image-box.default">
				<div class="elementor-widget-container">
					<div class="elementor-image-box-wrapper"><figure class="elementor-image-box-img"><a href="https://recarprofi.cz/uvod/zemedelska-technika/sklizeci-mlaticky/sampo/" tabindex="-1"><img fetchpriority="high" decoding="async" width="2560" height="1707" src="https://recarprofi.cz/wp-content/uploads/2023/07/sampo-2roto-scaled.jpg" class="attachment-full size-full wp-image-26417" alt="" srcset="https://recarprofi.cz/wp-content/uploads/2023/07/sampo-2roto-scaled.jpg 2560w, https://recarprofi.cz/wp-content/uploads/2023/07/sampo-2roto-744x496.jpg 744w, https://recarprofi.cz/wp-content/uploads/2023/07/sampo-2roto-1200x800.jpg 1200w, https://recarprofi.cz/wp-content/uploads/2023/07/sampo-2roto-420x280.jpg 420w, https://recarprofi.cz/wp-content/uploads/2023/07/sampo-2roto-768x512.jpg 768w, https://recarprofi.cz/wp-content/uploads/2023/07/sampo-2roto-1536x1024.jpg 1536w, https://recarprofi.cz/wp-content/uploads/2023/07/sampo-2roto-2048x1366.jpg 2048w, https://recarprofi.cz/wp-content/uploads/2023/07/sampo-2roto-90x60.jpg 90w, https://recarprofi.cz/wp-content/uploads/2023/07/sampo-2roto-600x400.jpg 600w" sizes="(max-width: 2560px) 100vw, 2560px" /></a></figure><div class="elementor-image-box-content"><h3 class="elementor-image-box-title"><a href="https://recarprofi.cz/uvod/zemedelska-technika/sklizeci-mlaticky/sampo/">Sampo</a></h3><p class="elementor-image-box-description">Výkon od 75 do 300 PS.</p></div></div>				</div>
				</div>
					</div>
		</div>
					</div>
		</section>
				<section class="elementor-section elementor-top-section elementor-element elementor-element-3cba69b elementor-section-boxed elementor-section-height-default elementor-section-height-default" data-id="3cba69b" data-element_type="section" data-e-type="section">
						<div class="elementor-container elementor-column-gap-default">
					<div class="elementor-column elementor-col-100 elementor-top-column elementor-element elementor-element-903d89c" data-id="903d89c" data-element_type="column" data-e-type="column">
			<div class="elementor-widget-wrap elementor-element-populated">
						<div class="elementor-element elementor-element-5f4ed8d elementor-position-left elementor-vertical-align-top elementor-widget elementor-widget-image-box" data-id="5f4ed8d" data-element_type="widget" data-e-type="widget" data-widget_type="image-box.default">
				<div class="elementor-widget-container">
					<div class="elementor-image-box-wrapper"><figure class="elementor-image-box-img"><a href="https://recarprofi.cz/uvod/zemedelska-technika/sklizeci-mlaticky/new-holland/" tabindex="-1"><img decoding="async" width="900" height="610" src="https://recarprofi.cz/wp-content/uploads/2023/07/new-holland-ch.png" class="attachment-full size-full wp-image-26430" alt="" srcset="https://recarprofi.cz/wp-content/uploads/2023/07/new-holland-ch.png 900w, https://recarprofi.cz/wp-content/uploads/2023/07/new-holland-ch-744x504.png 744w, https://recarprofi.cz/wp-content/uploads/2023/07/new-holland-ch-420x285.png 420w, https://recarprofi.cz/wp-content/uploads/2023/07/new-holland-ch-768x521.png 768w, https://recarprofi.cz/wp-content/uploads/2023/07/new-holland-ch-89x60.png 89w, https://recarprofi.cz/wp-content/uploads/2023/07/new-holland-ch-600x407.png 600w" sizes="(max-width: 900px) 100vw, 900px" /></a></figure><div class="elementor-image-box-content"><h3 class="elementor-image-box-title"><a href="https://recarprofi.cz/uvod/zemedelska-technika/sklizeci-mlaticky/new-holland/">New Holland</a></h3><p class="elementor-image-box-description">Výkon od 175 do 545 PS.</p></div></div>				</div>
				</div>
					</div>
		</div>
					</div>
		</section>
				</div>

<p>Sampo Výkon od 75 do 300 PS. New Holland Výkon od 175 do 545 PS.</p>
