{"id":26473,"date":"2023-07-20T12:56:25","date_gmt":"2023-07-20T10:56:25","guid":{"rendered":"https:\/\/recarprofi.cz\/uvod\/?page_id=26473"},"modified":"2026-01-08T12:37:11","modified_gmt":"2026-01-08T11:37:11","slug":"es-12-n03","status":"publish","type":"page","link":"https:\/\/recarprofi.cz\/uvod\/manipulacni-technika\/rucne-vedene-voziky-baoli\/es-12-n03\/","title":{"rendered":"Ru\u010dn\u011b veden\u00fd vysokozdvi\u017en\u00fd voz\u00edk Baoli ES 12-N03"},"content":{"rendered":"\t\t<div data-elementor-type=\"wp-page\" data-elementor-id=\"26473\" class=\"elementor elementor-26473\">\n\t\t\t\t\t\t<section class=\"elementor-section elementor-top-section elementor-element elementor-element-052c8ac elementor-section-boxed elementor-section-height-default elementor-section-height-default\" data-id=\"052c8ac\" data-element_type=\"section\" data-e-type=\"section\">\n\t\t\t\t\t\t<div class=\"elementor-container elementor-column-gap-default\">\n\t\t\t\t\t<div class=\"elementor-column elementor-col-100 elementor-top-column elementor-element elementor-element-dfa2aac\" data-id=\"dfa2aac\" data-element_type=\"column\" data-e-type=\"column\">\n\t\t\t<div class=\"elementor-widget-wrap elementor-element-populated\">\n\t\t\t\t\t\t<div class=\"elementor-element elementor-element-1f99ada elementor-widget elementor-widget-image\" data-id=\"1f99ada\" data-element_type=\"widget\" data-e-type=\"widget\" data-widget_type=\"image.default\">\n\t\t\t\t<div class=\"elementor-widget-container\">\n\t\t\t\t\t\t\t\t\t\t\t\t\t\t\t<img fetchpriority=\"high\" decoding=\"async\" width=\"600\" height=\"401\" src=\"https:\/\/recarprofi.cz\/wp-content\/uploads\/2023\/07\/baoli-es12.jpg\" class=\"attachment-large size-large wp-image-26474\" alt=\"\" srcset=\"https:\/\/recarprofi.cz\/wp-content\/uploads\/2023\/07\/baoli-es12.jpg 600w, https:\/\/recarprofi.cz\/wp-content\/uploads\/2023\/07\/baoli-es12-420x281.jpg 420w, https:\/\/recarprofi.cz\/wp-content\/uploads\/2023\/07\/baoli-es12-90x60.jpg 90w\" sizes=\"(max-width: 600px) 100vw, 600px\" \/>\t\t\t\t\t\t\t\t\t\t\t\t\t\t\t<\/div>\n\t\t\t\t<\/div>\n\t\t\t\t\t<\/div>\n\t\t<\/div>\n\t\t\t\t\t<\/div>\n\t\t<\/section>\n\t\t\t\t<section class=\"elementor-section elementor-top-section elementor-element elementor-element-c55134e elementor-section-boxed elementor-section-height-default elementor-section-height-default\" data-id=\"c55134e\" data-element_type=\"section\" data-e-type=\"section\">\n\t\t\t\t\t\t<div class=\"elementor-container elementor-column-gap-default\">\n\t\t\t\t\t<div class=\"elementor-column elementor-col-100 elementor-top-column elementor-element elementor-element-26975dd\" data-id=\"26975dd\" data-element_type=\"column\" data-e-type=\"column\">\n\t\t\t<div class=\"elementor-widget-wrap elementor-element-populated\">\n\t\t\t\t\t\t<div class=\"elementor-element elementor-element-0e4aa0c elementor-widget elementor-widget-button\" data-id=\"0e4aa0c\" data-element_type=\"widget\" data-e-type=\"widget\" data-widget_type=\"button.default\">\n\t\t\t\t<div class=\"elementor-widget-container\">\n\t\t\t\t\t\t\t\t\t<div class=\"elementor-button-wrapper\">\n\t\t\t\t\t<a class=\"elementor-button elementor-button-link elementor-size-sm\" href=\"https:\/\/recarprofi.cz\/uvod\/kategorie-produktu\/rucne-vedene-elektricke-voziky\/\">\n\t\t\t\t\t\t<span class=\"elementor-button-content-wrapper\">\n\t\t\t\t\t\t\t\t\t<span class=\"elementor-button-text\">Vstup do eshopu<\/span>\n\t\t\t\t\t<\/span>\n\t\t\t\t\t<\/a>\n\t\t\t\t<\/div>\n\t\t\t\t\t\t\t\t<\/div>\n\t\t\t\t<\/div>\n\t\t\t\t<div class=\"elementor-element elementor-element-edc357c elementor-widget elementor-widget-text-editor\" data-id=\"edc357c\" data-element_type=\"widget\" data-e-type=\"widget\" data-widget_type=\"text-editor.default\">\n\t\t\t\t<div class=\"elementor-widget-container\">\n\t\t\t\t\t\t\t\t\t<p><span>Paletov\u00e9 voz\u00edky Baoli ES 12-N03 jsou perfektn\u00ed pro p\u0159epravu a skladov\u00e1n\u00ed n\u00e1klad\u016f do 1200 kg.<\/span><\/p><p><span>ES 12-N03 je vybaven olov\u011bn\u00fdm akumul\u00e1torem 24 V \/ 180 Ah.\u00a0<\/span><\/p><p><span>D\u00edky citliv\u00e9mu ovl\u00e1d\u00e1n\u00ed a proporcion\u00e1ln\u00edmu ovl\u00e1d\u00e1n\u00ed zaji\u0161\u0165uj\u00ed tyto paletov\u00e9 zaklada\u010de vysokou efektivitu manipulace.<\/span><\/p><p><span>Dlouh\u00e1 oj zaji\u0161\u0165uje optim\u00e1ln\u00ed a vysoce ergonomick\u00e9 ovl\u00e1d\u00e1n\u00ed vozidla.\u00a0Vy\u017eaduje men\u0161\u00ed ovl\u00e1dac\u00ed s\u00edlu a umo\u017e\u0148uje \u0159idi\u010di v\u017edy udr\u017eovat optim\u00e1ln\u00ed vzd\u00e1lenost od vozidla.<\/span><\/p><p><span>Robustn\u00ed kvalita konstrukce a vysok\u00e9 technologick\u00e9 standardy d\u011blaj\u00ed z paletov\u00fdch voz\u00edk\u016f ES 12-N03 skute\u010dn\u00e9 m\u011b\u0159\u00edtko ve sv\u00e9m oboru. Tyto paletov\u00e9 zaklada\u010de p\u0159esv\u011bd\u010d\u00ed maxim\u00e1ln\u00ed efektivitou a sn\u00ed\u017een\u00fdmi n\u00e1klady na \u00fadr\u017ebu.<\/span><\/p>\t\t\t\t\t\t\t\t<\/div>\n\t\t\t\t<\/div>\n\t\t\t\t\t<\/div>\n\t\t<\/div>\n\t\t\t\t\t<\/div>\n\t\t<\/section>\n\t\t\t\t<section class=\"elementor-section elementor-top-section elementor-element elementor-element-1335cd5 elementor-section-boxed elementor-section-height-default elementor-section-height-default\" data-id=\"1335cd5\" data-element_type=\"section\" data-e-type=\"section\">\n\t\t\t\t\t\t<div class=\"elementor-container elementor-column-gap-default\">\n\t\t\t\t\t<div class=\"elementor-column elementor-col-100 elementor-top-column elementor-element elementor-element-39fa16f\" data-id=\"39fa16f\" data-element_type=\"column\" data-e-type=\"column\">\n\t\t\t<div class=\"elementor-widget-wrap elementor-element-populated\">\n\t\t\t\t\t\t<div class=\"elementor-element elementor-element-e072377 elementor-widget elementor-widget-text-editor\" data-id=\"e072377\" data-element_type=\"widget\" data-e-type=\"widget\" data-widget_type=\"text-editor.default\">\n\t\t\t\t<div class=\"elementor-widget-container\">\n\t\t\t\t\t\t\t\t\t<p><strong>Technologie a funkce:<\/strong><\/p><ul><li class=\"content-text-image__body-headline\">AC technologie<\/li><li class=\"content-text-image__body-headline\">Vysoce kvalitn\u00ed komponenty<\/li><li class=\"content-text-image__body-headline\">Elektronika chr\u00e1n\u011bn\u00e1 proti vod\u011b a ne\u010distot\u00e1m<\/li><li class=\"content-text-image__body-headline\">Perfektn\u00ed modulace j\u00edzdy<\/li><li class=\"content-text-image__body-headline\">Robustn\u00ed \u010dty\u0159bodov\u00fd podvozek<\/li><li class=\"content-text-image__body-headline\">K dispozici dvou a t\u0159\u00edstup\u0148ov\u00e9 sto\u017e\u00e1ry<\/li><li class=\"content-text-image__body-headline\">V\u00fd\u0161ka zdvihu a\u017e 4600 mm<\/li><li class=\"content-text-image__body-headline\">K dispozici jsou vidlice s celkovou \u0161\u00ed\u0159kou 570 nebo 685 mm<\/li><li class=\"content-text-image__body-headline\">N\u00edzko ulo\u017een\u00e1 oj pro men\u0161\u00ed n\u00e1mahu p\u0159i man\u00e9vrov\u00e1n\u00ed<\/li><li class=\"content-text-image__body-headline\">Automatick\u00e9 zpomalen\u00ed zdvihu v maxim\u00e1ln\u00ed v\u00fd\u0161ce<\/li><\/ul>\t\t\t\t\t\t\t\t<\/div>\n\t\t\t\t<\/div>\n\t\t\t\t\t<\/div>\n\t\t<\/div>\n\t\t\t\t\t<\/div>\n\t\t<\/section>\n\t\t\t\t<\/div>\n\t\t","protected":false},"excerpt":{"rendered":"<p>Vstup do eshopu Paletov\u00e9 voz\u00edky Baoli ES 12-N03 jsou perfektn\u00ed pro p\u0159epravu a skladov\u00e1n\u00ed n\u00e1klad\u016f do 1200 kg. ES 12-N03 je vybaven olov\u011bn\u00fdm akumul\u00e1torem 24 V \/ 180 Ah.\u00a0 D\u00edky citliv\u00e9mu ovl\u00e1d\u00e1n\u00ed a proporcion\u00e1ln\u00edmu ovl\u00e1d\u00e1n\u00ed&hellip;<\/p>\n","protected":false},"author":1,"featured_media":25043,"parent":25037,"menu_order":8,"comment_status":"closed","ping_status":"closed","template":"","meta":{"footnotes":""},"class_list":["post-26473","page","type-page","status-publish","has-post-thumbnail","hentry"],"_links":{"self":[{"href":"https:\/\/recarprofi.cz\/uvod\/wp-json\/wp\/v2\/pages\/26473","targetHints":{"allow":["GET"]}}],"collection":[{"href":"https:\/\/recarprofi.cz\/uvod\/wp-json\/wp\/v2\/pages"}],"about":[{"href":"https:\/\/recarprofi.cz\/uvod\/wp-json\/wp\/v2\/types\/page"}],"author":[{"embeddable":true,"href":"https:\/\/recarprofi.cz\/uvod\/wp-json\/wp\/v2\/users\/1"}],"replies":[{"embeddable":true,"href":"https:\/\/recarprofi.cz\/uvod\/wp-json\/wp\/v2\/comments?post=26473"}],"version-history":[{"count":11,"href":"https:\/\/recarprofi.cz\/uvod\/wp-json\/wp\/v2\/pages\/26473\/revisions"}],"predecessor-version":[{"id":32672,"href":"https:\/\/recarprofi.cz\/uvod\/wp-json\/wp\/v2\/pages\/26473\/revisions\/32672"}],"up":[{"embeddable":true,"href":"https:\/\/recarprofi.cz\/uvod\/wp-json\/wp\/v2\/pages\/25037"}],"wp:featuredmedia":[{"embeddable":true,"href":"https:\/\/recarprofi.cz\/uvod\/wp-json\/wp\/v2\/media\/25043"}],"wp:attachment":[{"href":"https:\/\/recarprofi.cz\/uvod\/wp-json\/wp\/v2\/media?parent=26473"}],"curies":[{"name":"wp","href":"https:\/\/api.w.org\/{rel}","templated":true}]}}

Ručně vedený vysokozdvižný vozík Baoli ES 12-N03

<div data-elementor-type="wp-page" data-elementor-id="26473" class="elementor elementor-26473">
						<section class="elementor-section elementor-top-section elementor-element elementor-element-052c8ac elementor-section-boxed elementor-section-height-default elementor-section-height-default" data-id="052c8ac" data-element_type="section" data-e-type="section">
						<div class="elementor-container elementor-column-gap-default">
					<div class="elementor-column elementor-col-100 elementor-top-column elementor-element elementor-element-dfa2aac" data-id="dfa2aac" data-element_type="column" data-e-type="column">
			<div class="elementor-widget-wrap elementor-element-populated">
						<div class="elementor-element elementor-element-1f99ada elementor-widget elementor-widget-image" data-id="1f99ada" data-element_type="widget" data-e-type="widget" data-widget_type="image.default">
				<div class="elementor-widget-container">
															<img fetchpriority="high" decoding="async" width="600" height="401" src="https://recarprofi.cz/wp-content/uploads/2023/07/baoli-es12.jpg" class="attachment-large size-large wp-image-26474" alt="" srcset="https://recarprofi.cz/wp-content/uploads/2023/07/baoli-es12.jpg 600w, https://recarprofi.cz/wp-content/uploads/2023/07/baoli-es12-420x281.jpg 420w, https://recarprofi.cz/wp-content/uploads/2023/07/baoli-es12-90x60.jpg 90w" sizes="(max-width: 600px) 100vw, 600px" />															</div>
				</div>
					</div>
		</div>
					</div>
		</section>
				<section class="elementor-section elementor-top-section elementor-element elementor-element-c55134e elementor-section-boxed elementor-section-height-default elementor-section-height-default" data-id="c55134e" data-element_type="section" data-e-type="section">
						<div class="elementor-container elementor-column-gap-default">
					<div class="elementor-column elementor-col-100 elementor-top-column elementor-element elementor-element-26975dd" data-id="26975dd" data-element_type="column" data-e-type="column">
			<div class="elementor-widget-wrap elementor-element-populated">
						<div class="elementor-element elementor-element-0e4aa0c elementor-widget elementor-widget-button" data-id="0e4aa0c" data-element_type="widget" data-e-type="widget" data-widget_type="button.default">
				<div class="elementor-widget-container">
									<div class="elementor-button-wrapper">
					<a class="elementor-button elementor-button-link elementor-size-sm" href="https://recarprofi.cz/uvod/kategorie-produktu/rucne-vedene-elektricke-voziky/">
						<span class="elementor-button-content-wrapper">
									<span class="elementor-button-text">Vstup do eshopu</span>
					</span>
					</a>
				</div>
								</div>
				</div>
				<div class="elementor-element elementor-element-edc357c elementor-widget elementor-widget-text-editor" data-id="edc357c" data-element_type="widget" data-e-type="widget" data-widget_type="text-editor.default">
				<div class="elementor-widget-container">
									<p><span>Paletové vozíky Baoli ES 12-N03 jsou perfektní pro přepravu a skladování nákladů do 1200 kg.</span></p><p><span>ES 12-N03 je vybaven olověným akumulátorem 24 V / 180 Ah. </span></p><p><span>Díky citlivému ovládání a proporcionálnímu ovládání zajišťují tyto paletové zakladače vysokou efektivitu manipulace.</span></p><p><span>Dlouhá oj zajišťuje optimální a vysoce ergonomické ovládání vozidla. Vyžaduje menší ovládací sílu a umožňuje řidiči vždy udržovat optimální vzdálenost od vozidla.</span></p><p><span>Robustní kvalita konstrukce a vysoké technologické standardy dělají z paletových vozíků ES 12-N03 skutečné měřítko ve svém oboru. Tyto paletové zakladače přesvědčí maximální efektivitou a sníženými náklady na údržbu.</span></p>								</div>
				</div>
					</div>
		</div>
					</div>
		</section>
				<section class="elementor-section elementor-top-section elementor-element elementor-element-1335cd5 elementor-section-boxed elementor-section-height-default elementor-section-height-default" data-id="1335cd5" data-element_type="section" data-e-type="section">
						<div class="elementor-container elementor-column-gap-default">
					<div class="elementor-column elementor-col-100 elementor-top-column elementor-element elementor-element-39fa16f" data-id="39fa16f" data-element_type="column" data-e-type="column">
			<div class="elementor-widget-wrap elementor-element-populated">
						<div class="elementor-element elementor-element-e072377 elementor-widget elementor-widget-text-editor" data-id="e072377" data-element_type="widget" data-e-type="widget" data-widget_type="text-editor.default">
				<div class="elementor-widget-container">
									<p><strong>Technologie a funkce:</strong></p><ul><li class="content-text-image__body-headline">AC technologie</li><li class="content-text-image__body-headline">Vysoce kvalitní komponenty</li><li class="content-text-image__body-headline">Elektronika chráněná proti vodě a nečistotám</li><li class="content-text-image__body-headline">Perfektní modulace jízdy</li><li class="content-text-image__body-headline">Robustní čtyřbodový podvozek</li><li class="content-text-image__body-headline">K dispozici dvou a třístupňové stožáry</li><li class="content-text-image__body-headline">Výška zdvihu až 4600 mm</li><li class="content-text-image__body-headline">K dispozici jsou vidlice s celkovou šířkou 570 nebo 685 mm</li><li class="content-text-image__body-headline">Nízko uložená oj pro menší námahu při manévrování</li><li class="content-text-image__body-headline">Automatické zpomalení zdvihu v maximální výšce</li></ul>								</div>
				</div>
					</div>
		</div>
					</div>
		</section>
				</div>

<p>Vstup do eshopu Paletové vozíky Baoli ES 12-N03 jsou perfektní pro přepravu a skladování nákladů do 1200 kg. ES 12-N03 je vybaven olověným akumulátorem 24 V / 180 Ah.  Díky citlivému ovládání a proporcionálnímu ovládání&hellip;</p>
