{"id":26502,"date":"2023-07-25T10:03:04","date_gmt":"2023-07-25T08:03:04","guid":{"rendered":"https:\/\/recarprofi.cz\/uvod\/?page_id=26502"},"modified":"2024-04-22T15:25:56","modified_gmt":"2024-04-22T13:25:56","slug":"new-holland-2","status":"publish","type":"page","link":"https:\/\/recarprofi.cz\/uvod\/zemedelska-technika\/traktory\/new-holland-2\/","title":{"rendered":"Traktory New Holland"},"content":{"rendered":"\t\t<div data-elementor-type=\"wp-page\" data-elementor-id=\"26502\" class=\"elementor elementor-26502\">\n\t\t\t\t\t\t<section class=\"elementor-section elementor-top-section elementor-element elementor-element-75670fc elementor-section-boxed elementor-section-height-default elementor-section-height-default\" data-id=\"75670fc\" data-element_type=\"section\" data-e-type=\"section\">\n\t\t\t\t\t\t<div class=\"elementor-container elementor-column-gap-default\">\n\t\t\t\t\t<div class=\"elementor-column elementor-col-100 elementor-top-column elementor-element elementor-element-400d5ec\" data-id=\"400d5ec\" data-element_type=\"column\" data-e-type=\"column\">\n\t\t\t<div class=\"elementor-widget-wrap elementor-element-populated\">\n\t\t\t\t\t\t<div class=\"elementor-element elementor-element-6d438f9 elementor-widget elementor-widget-image\" data-id=\"6d438f9\" data-element_type=\"widget\" data-e-type=\"widget\" data-widget_type=\"image.default\">\n\t\t\t\t<div class=\"elementor-widget-container\">\n\t\t\t\t\t\t\t\t\t\t\t\t\t\t\t<img fetchpriority=\"high\" decoding=\"async\" width=\"900\" height=\"610\" src=\"https:\/\/recarprofi.cz\/wp-content\/uploads\/2023\/07\/new-holland-t41.png\" class=\"attachment-full size-full wp-image-26504\" alt=\"\" srcset=\"https:\/\/recarprofi.cz\/wp-content\/uploads\/2023\/07\/new-holland-t41.png 900w, https:\/\/recarprofi.cz\/wp-content\/uploads\/2023\/07\/new-holland-t41-744x504.png 744w, https:\/\/recarprofi.cz\/wp-content\/uploads\/2023\/07\/new-holland-t41-420x285.png 420w, https:\/\/recarprofi.cz\/wp-content\/uploads\/2023\/07\/new-holland-t41-768x521.png 768w, https:\/\/recarprofi.cz\/wp-content\/uploads\/2023\/07\/new-holland-t41-89x60.png 89w, https:\/\/recarprofi.cz\/wp-content\/uploads\/2023\/07\/new-holland-t41-600x407.png 600w\" sizes=\"(max-width: 900px) 100vw, 900px\" \/>\t\t\t\t\t\t\t\t\t\t\t\t\t\t\t<\/div>\n\t\t\t\t<\/div>\n\t\t\t\t\t<\/div>\n\t\t<\/div>\n\t\t\t\t\t<\/div>\n\t\t<\/section>\n\t\t\t\t<section class=\"elementor-section elementor-top-section elementor-element elementor-element-89cb88c elementor-section-boxed elementor-section-height-default elementor-section-height-default\" data-id=\"89cb88c\" data-element_type=\"section\" data-e-type=\"section\">\n\t\t\t\t\t\t<div class=\"elementor-container elementor-column-gap-default\">\n\t\t\t\t\t<div class=\"elementor-column elementor-col-100 elementor-top-column elementor-element elementor-element-88c4261\" data-id=\"88c4261\" data-element_type=\"column\" data-e-type=\"column\">\n\t\t\t<div class=\"elementor-widget-wrap elementor-element-populated\">\n\t\t\t\t\t\t<div class=\"elementor-element elementor-element-0713c8b elementor-widget elementor-widget-text-editor\" data-id=\"0713c8b\" data-element_type=\"widget\" data-e-type=\"widget\" data-widget_type=\"text-editor.default\">\n\t\t\t\t<div class=\"elementor-widget-container\">\n\t\t\t\t\t\t\t\t\t<h3><strong>Traktory t\u0159idy T4 jsou men\u0161\u00ed zem\u011bd\u011blsk\u00e9 traktory, r\u016fzn\u00fdch modifikac\u00ed s v\u00fdkony od 55 do 120 kon\u00ed. Vina\u0159sk\u00e9 a sadov\u00e9 speci\u00e1ly, traktory se sn\u00ed\u017een\u00fdm t\u011b\u017ei\u0161t\u011bm, se zmen\u0161enou \u0161\u00ed\u0159kou a s mo\u017enost\u00ed r\u016fznorod\u00e9 v\u00fdbavy.\u00a0\u00a0<\/strong><\/h3>\t\t\t\t\t\t\t\t<\/div>\n\t\t\t\t<\/div>\n\t\t\t\t\t<\/div>\n\t\t<\/div>\n\t\t\t\t\t<\/div>\n\t\t<\/section>\n\t\t\t\t<section class=\"elementor-section elementor-top-section elementor-element elementor-element-bca51c0 elementor-section-boxed elementor-section-height-default elementor-section-height-default\" data-id=\"bca51c0\" data-element_type=\"section\" data-e-type=\"section\">\n\t\t\t\t\t\t<div class=\"elementor-container elementor-column-gap-default\">\n\t\t\t\t\t<div class=\"elementor-column elementor-col-100 elementor-top-column elementor-element elementor-element-300e5fe\" data-id=\"300e5fe\" data-element_type=\"column\" data-e-type=\"column\">\n\t\t\t<div class=\"elementor-widget-wrap elementor-element-populated\">\n\t\t\t\t\t\t<div class=\"elementor-element elementor-element-beece2c elementor-widget-divider--view-line elementor-widget elementor-widget-divider\" data-id=\"beece2c\" data-element_type=\"widget\" data-e-type=\"widget\" data-widget_type=\"divider.default\">\n\t\t\t\t<div class=\"elementor-widget-container\">\n\t\t\t\t\t\t\t<div class=\"elementor-divider\">\n\t\t\t<span class=\"elementor-divider-separator\">\n\t\t\t\t\t\t<\/span>\n\t\t<\/div>\n\t\t\t\t\t\t<\/div>\n\t\t\t\t<\/div>\n\t\t\t\t<div class=\"elementor-element elementor-element-8921256 elementor-widget elementor-widget-image\" data-id=\"8921256\" data-element_type=\"widget\" data-e-type=\"widget\" data-widget_type=\"image.default\">\n\t\t\t\t<div class=\"elementor-widget-container\">\n\t\t\t\t\t\t\t\t\t\t\t\t\t\t\t<img decoding=\"async\" width=\"847\" height=\"574\" src=\"https:\/\/recarprofi.cz\/wp-content\/uploads\/2023\/07\/new-holland-t51.png\" class=\"attachment-large size-large wp-image-26505\" alt=\"\" srcset=\"https:\/\/recarprofi.cz\/wp-content\/uploads\/2023\/07\/new-holland-t51.png 900w, https:\/\/recarprofi.cz\/wp-content\/uploads\/2023\/07\/new-holland-t51-744x504.png 744w, https:\/\/recarprofi.cz\/wp-content\/uploads\/2023\/07\/new-holland-t51-420x285.png 420w, https:\/\/recarprofi.cz\/wp-content\/uploads\/2023\/07\/new-holland-t51-768x521.png 768w, https:\/\/recarprofi.cz\/wp-content\/uploads\/2023\/07\/new-holland-t51-89x60.png 89w, https:\/\/recarprofi.cz\/wp-content\/uploads\/2023\/07\/new-holland-t51-600x407.png 600w\" sizes=\"(max-width: 847px) 100vw, 847px\" \/>\t\t\t\t\t\t\t\t\t\t\t\t\t\t\t<\/div>\n\t\t\t\t<\/div>\n\t\t\t\t\t<\/div>\n\t\t<\/div>\n\t\t\t\t\t<\/div>\n\t\t<\/section>\n\t\t\t\t<section class=\"elementor-section elementor-top-section elementor-element elementor-element-a206e2f elementor-section-boxed elementor-section-height-default elementor-section-height-default\" data-id=\"a206e2f\" data-element_type=\"section\" data-e-type=\"section\">\n\t\t\t\t\t\t<div class=\"elementor-container elementor-column-gap-default\">\n\t\t\t\t\t<div class=\"elementor-column elementor-col-100 elementor-top-column elementor-element elementor-element-bd7cd4a\" data-id=\"bd7cd4a\" data-element_type=\"column\" data-e-type=\"column\">\n\t\t\t<div class=\"elementor-widget-wrap elementor-element-populated\">\n\t\t\t\t\t\t<div class=\"elementor-element elementor-element-6c373c9 elementor-widget elementor-widget-text-editor\" data-id=\"6c373c9\" data-element_type=\"widget\" data-e-type=\"widget\" data-widget_type=\"text-editor.default\">\n\t\t\t\t<div class=\"elementor-widget-container\">\n\t\t\t\t\t\t\t\t\t<h3><strong>T\u0159ida T5 je v\u00fdkonov\u011b od 80 do 130 kon\u00ed. Jsou to traktory st\u0159edn\u00ed kategorie a maj\u00ed mo\u017enost r\u016fzn\u00fdch v\u00fdbav. Bud co nejvic\u00e9 mechaniky nebo naopak v\u00edce komfortu.<\/strong><\/h3>\t\t\t\t\t\t\t\t<\/div>\n\t\t\t\t<\/div>\n\t\t\t\t\t<\/div>\n\t\t<\/div>\n\t\t\t\t\t<\/div>\n\t\t<\/section>\n\t\t\t\t<section class=\"elementor-section elementor-top-section elementor-element elementor-element-0b2adff elementor-section-boxed elementor-section-height-default elementor-section-height-default\" data-id=\"0b2adff\" data-element_type=\"section\" data-e-type=\"section\">\n\t\t\t\t\t\t<div class=\"elementor-container elementor-column-gap-default\">\n\t\t\t\t\t<div class=\"elementor-column elementor-col-100 elementor-top-column elementor-element elementor-element-1d65eeb\" data-id=\"1d65eeb\" data-element_type=\"column\" data-e-type=\"column\">\n\t\t\t<div class=\"elementor-widget-wrap elementor-element-populated\">\n\t\t\t\t\t\t<div class=\"elementor-element elementor-element-4c95d63 elementor-widget-divider--view-line elementor-widget elementor-widget-divider\" data-id=\"4c95d63\" data-element_type=\"widget\" data-e-type=\"widget\" data-widget_type=\"divider.default\">\n\t\t\t\t<div class=\"elementor-widget-container\">\n\t\t\t\t\t\t\t<div class=\"elementor-divider\">\n\t\t\t<span class=\"elementor-divider-separator\">\n\t\t\t\t\t\t<\/span>\n\t\t<\/div>\n\t\t\t\t\t\t<\/div>\n\t\t\t\t<\/div>\n\t\t\t\t\t<\/div>\n\t\t<\/div>\n\t\t\t\t\t<\/div>\n\t\t<\/section>\n\t\t\t\t<section class=\"elementor-section elementor-top-section elementor-element elementor-element-804f185 elementor-section-boxed elementor-section-height-default elementor-section-height-default\" data-id=\"804f185\" data-element_type=\"section\" data-e-type=\"section\">\n\t\t\t\t\t\t<div class=\"elementor-container elementor-column-gap-default\">\n\t\t\t\t\t<div class=\"elementor-column elementor-col-100 elementor-top-column elementor-element elementor-element-784729c\" data-id=\"784729c\" data-element_type=\"column\" data-e-type=\"column\">\n\t\t\t<div class=\"elementor-widget-wrap elementor-element-populated\">\n\t\t\t\t\t\t<div class=\"elementor-element elementor-element-201e5f2 elementor-widget elementor-widget-image\" data-id=\"201e5f2\" data-element_type=\"widget\" data-e-type=\"widget\" data-widget_type=\"image.default\">\n\t\t\t\t<div class=\"elementor-widget-container\">\n\t\t\t\t\t\t\t\t\t\t\t\t\t\t\t<img decoding=\"async\" width=\"847\" height=\"574\" src=\"https:\/\/recarprofi.cz\/wp-content\/uploads\/2023\/07\/new-holland-t6.png\" class=\"attachment-large size-large wp-image-26506\" alt=\"\" srcset=\"https:\/\/recarprofi.cz\/wp-content\/uploads\/2023\/07\/new-holland-t6.png 900w, https:\/\/recarprofi.cz\/wp-content\/uploads\/2023\/07\/new-holland-t6-744x504.png 744w, https:\/\/recarprofi.cz\/wp-content\/uploads\/2023\/07\/new-holland-t6-420x285.png 420w, https:\/\/recarprofi.cz\/wp-content\/uploads\/2023\/07\/new-holland-t6-768x521.png 768w, https:\/\/recarprofi.cz\/wp-content\/uploads\/2023\/07\/new-holland-t6-89x60.png 89w, https:\/\/recarprofi.cz\/wp-content\/uploads\/2023\/07\/new-holland-t6-600x407.png 600w\" sizes=\"(max-width: 847px) 100vw, 847px\" \/>\t\t\t\t\t\t\t\t\t\t\t\t\t\t\t<\/div>\n\t\t\t\t<\/div>\n\t\t\t\t\t<\/div>\n\t\t<\/div>\n\t\t\t\t\t<\/div>\n\t\t<\/section>\n\t\t\t\t<section class=\"elementor-section elementor-top-section elementor-element elementor-element-f0ec9bf elementor-section-boxed elementor-section-height-default elementor-section-height-default\" data-id=\"f0ec9bf\" data-element_type=\"section\" data-e-type=\"section\">\n\t\t\t\t\t\t<div class=\"elementor-container elementor-column-gap-default\">\n\t\t\t\t\t<div class=\"elementor-column elementor-col-100 elementor-top-column elementor-element elementor-element-1080b5e\" data-id=\"1080b5e\" data-element_type=\"column\" data-e-type=\"column\">\n\t\t\t<div class=\"elementor-widget-wrap elementor-element-populated\">\n\t\t\t\t\t\t<div class=\"elementor-element elementor-element-20c3725 elementor-widget elementor-widget-text-editor\" data-id=\"20c3725\" data-element_type=\"widget\" data-e-type=\"widget\" data-widget_type=\"text-editor.default\">\n\t\t\t\t<div class=\"elementor-widget-container\">\n\t\t\t\t\t\t\t\t\t<h3><strong>Traktory s ozna\u010den\u00edm T6 maj\u00ed v\u00fdkon od 125 do 180 kon\u00ed. \u010cty\u0159 nebo \u0161est\u00ed v\u00e1lcov\u00e9 motory, t\u0159i typy p\u0159evodovek. Velk\u00e9 mo\u017enost\u00ed v\u00fdbav a v\u00fdkon\u016f.<\/strong><\/h3>\t\t\t\t\t\t\t\t<\/div>\n\t\t\t\t<\/div>\n\t\t\t\t\t<\/div>\n\t\t<\/div>\n\t\t\t\t\t<\/div>\n\t\t<\/section>\n\t\t\t\t<section class=\"elementor-section elementor-top-section elementor-element elementor-element-1d2110d elementor-section-boxed elementor-section-height-default elementor-section-height-default\" data-id=\"1d2110d\" data-element_type=\"section\" data-e-type=\"section\">\n\t\t\t\t\t\t<div class=\"elementor-container elementor-column-gap-default\">\n\t\t\t\t\t<div class=\"elementor-column elementor-col-100 elementor-top-column elementor-element elementor-element-9b04404\" data-id=\"9b04404\" data-element_type=\"column\" data-e-type=\"column\">\n\t\t\t<div class=\"elementor-widget-wrap elementor-element-populated\">\n\t\t\t\t\t\t<div class=\"elementor-element elementor-element-b515e83 elementor-widget-divider--view-line elementor-widget elementor-widget-divider\" data-id=\"b515e83\" data-element_type=\"widget\" data-e-type=\"widget\" data-widget_type=\"divider.default\">\n\t\t\t\t<div class=\"elementor-widget-container\">\n\t\t\t\t\t\t\t<div class=\"elementor-divider\">\n\t\t\t<span class=\"elementor-divider-separator\">\n\t\t\t\t\t\t<\/span>\n\t\t<\/div>\n\t\t\t\t\t\t<\/div>\n\t\t\t\t<\/div>\n\t\t\t\t\t<\/div>\n\t\t<\/div>\n\t\t\t\t\t<\/div>\n\t\t<\/section>\n\t\t\t\t<section class=\"elementor-section elementor-top-section elementor-element elementor-element-b93ea3c elementor-section-boxed elementor-section-height-default elementor-section-height-default\" data-id=\"b93ea3c\" data-element_type=\"section\" data-e-type=\"section\">\n\t\t\t\t\t\t<div class=\"elementor-container elementor-column-gap-default\">\n\t\t\t\t\t<div class=\"elementor-column elementor-col-100 elementor-top-column elementor-element elementor-element-23f2a32\" data-id=\"23f2a32\" data-element_type=\"column\" data-e-type=\"column\">\n\t\t\t<div class=\"elementor-widget-wrap elementor-element-populated\">\n\t\t\t\t\t\t<div class=\"elementor-element elementor-element-b4ab304 elementor-widget elementor-widget-image\" data-id=\"b4ab304\" data-element_type=\"widget\" data-e-type=\"widget\" data-widget_type=\"image.default\">\n\t\t\t\t<div class=\"elementor-widget-container\">\n\t\t\t\t\t\t\t\t\t\t\t\t\t\t\t<img loading=\"lazy\" decoding=\"async\" width=\"847\" height=\"574\" src=\"https:\/\/recarprofi.cz\/wp-content\/uploads\/2023\/07\/new-holland-t71.png\" class=\"attachment-large size-large wp-image-26507\" alt=\"\" srcset=\"https:\/\/recarprofi.cz\/wp-content\/uploads\/2023\/07\/new-holland-t71.png 900w, https:\/\/recarprofi.cz\/wp-content\/uploads\/2023\/07\/new-holland-t71-744x504.png 744w, https:\/\/recarprofi.cz\/wp-content\/uploads\/2023\/07\/new-holland-t71-420x285.png 420w, https:\/\/recarprofi.cz\/wp-content\/uploads\/2023\/07\/new-holland-t71-768x521.png 768w, https:\/\/recarprofi.cz\/wp-content\/uploads\/2023\/07\/new-holland-t71-89x60.png 89w, https:\/\/recarprofi.cz\/wp-content\/uploads\/2023\/07\/new-holland-t71-600x407.png 600w\" sizes=\"(max-width: 847px) 100vw, 847px\" \/>\t\t\t\t\t\t\t\t\t\t\t\t\t\t\t<\/div>\n\t\t\t\t<\/div>\n\t\t\t\t\t<\/div>\n\t\t<\/div>\n\t\t\t\t\t<\/div>\n\t\t<\/section>\n\t\t\t\t<section class=\"elementor-section elementor-top-section elementor-element elementor-element-b1dd93c elementor-section-boxed elementor-section-height-default elementor-section-height-default\" data-id=\"b1dd93c\" data-element_type=\"section\" data-e-type=\"section\">\n\t\t\t\t\t\t<div class=\"elementor-container elementor-column-gap-default\">\n\t\t\t\t\t<div class=\"elementor-column elementor-col-100 elementor-top-column elementor-element elementor-element-3a1a6cc\" data-id=\"3a1a6cc\" data-element_type=\"column\" data-e-type=\"column\">\n\t\t\t<div class=\"elementor-widget-wrap elementor-element-populated\">\n\t\t\t\t\t\t<div class=\"elementor-element elementor-element-705f845 elementor-widget elementor-widget-text-editor\" data-id=\"705f845\" data-element_type=\"widget\" data-e-type=\"widget\" data-widget_type=\"text-editor.default\">\n\t\t\t\t<div class=\"elementor-widget-container\">\n\t\t\t\t\t\t\t\t\t<h3><strong>T7 pat\u0159\u00ed k traktor\u016fm t\u011b\u017e\u0161\u00ed kategorie. V\u00fdkonov\u011b jsou od 170 do 300 kon\u00ed. Hodn\u011b mo\u017enost\u00ed v\u00fdbav a v\u00fdkon\u016f.\u00a0<\/strong><\/h3>\t\t\t\t\t\t\t\t<\/div>\n\t\t\t\t<\/div>\n\t\t\t\t\t<\/div>\n\t\t<\/div>\n\t\t\t\t\t<\/div>\n\t\t<\/section>\n\t\t\t\t<section class=\"elementor-section elementor-top-section elementor-element elementor-element-ea8988d elementor-section-boxed elementor-section-height-default elementor-section-height-default\" data-id=\"ea8988d\" data-element_type=\"section\" data-e-type=\"section\">\n\t\t\t\t\t\t<div class=\"elementor-container elementor-column-gap-default\">\n\t\t\t\t\t<div class=\"elementor-column elementor-col-100 elementor-top-column elementor-element elementor-element-8b93865\" data-id=\"8b93865\" data-element_type=\"column\" data-e-type=\"column\">\n\t\t\t<div class=\"elementor-widget-wrap elementor-element-populated\">\n\t\t\t\t\t\t<div class=\"elementor-element elementor-element-13f0f46 elementor-widget-divider--view-line elementor-widget elementor-widget-divider\" data-id=\"13f0f46\" data-element_type=\"widget\" data-e-type=\"widget\" data-widget_type=\"divider.default\">\n\t\t\t\t<div class=\"elementor-widget-container\">\n\t\t\t\t\t\t\t<div class=\"elementor-divider\">\n\t\t\t<span class=\"elementor-divider-separator\">\n\t\t\t\t\t\t<\/span>\n\t\t<\/div>\n\t\t\t\t\t\t<\/div>\n\t\t\t\t<\/div>\n\t\t\t\t\t<\/div>\n\t\t<\/div>\n\t\t\t\t\t<\/div>\n\t\t<\/section>\n\t\t\t\t<section class=\"elementor-section elementor-top-section elementor-element elementor-element-784a74e elementor-section-boxed elementor-section-height-default elementor-section-height-default\" data-id=\"784a74e\" data-element_type=\"section\" data-e-type=\"section\">\n\t\t\t\t\t\t<div class=\"elementor-container elementor-column-gap-default\">\n\t\t\t\t\t<div class=\"elementor-column elementor-col-100 elementor-top-column elementor-element elementor-element-71aff37\" data-id=\"71aff37\" data-element_type=\"column\" data-e-type=\"column\">\n\t\t\t<div class=\"elementor-widget-wrap elementor-element-populated\">\n\t\t\t\t\t\t<div class=\"elementor-element elementor-element-dc62189 elementor-widget elementor-widget-image\" data-id=\"dc62189\" data-element_type=\"widget\" data-e-type=\"widget\" data-widget_type=\"image.default\">\n\t\t\t\t<div class=\"elementor-widget-container\">\n\t\t\t\t\t\t\t\t\t\t\t\t\t\t\t<img loading=\"lazy\" decoding=\"async\" width=\"847\" height=\"574\" src=\"https:\/\/recarprofi.cz\/wp-content\/uploads\/2023\/07\/new-holland-t81.png\" class=\"attachment-large size-large wp-image-26508\" alt=\"\" srcset=\"https:\/\/recarprofi.cz\/wp-content\/uploads\/2023\/07\/new-holland-t81.png 900w, https:\/\/recarprofi.cz\/wp-content\/uploads\/2023\/07\/new-holland-t81-744x504.png 744w, https:\/\/recarprofi.cz\/wp-content\/uploads\/2023\/07\/new-holland-t81-420x285.png 420w, https:\/\/recarprofi.cz\/wp-content\/uploads\/2023\/07\/new-holland-t81-768x521.png 768w, https:\/\/recarprofi.cz\/wp-content\/uploads\/2023\/07\/new-holland-t81-89x60.png 89w, https:\/\/recarprofi.cz\/wp-content\/uploads\/2023\/07\/new-holland-t81-600x407.png 600w\" sizes=\"(max-width: 847px) 100vw, 847px\" \/>\t\t\t\t\t\t\t\t\t\t\t\t\t\t\t<\/div>\n\t\t\t\t<\/div>\n\t\t\t\t\t<\/div>\n\t\t<\/div>\n\t\t\t\t\t<\/div>\n\t\t<\/section>\n\t\t\t\t<section class=\"elementor-section elementor-top-section elementor-element elementor-element-ab9c60a elementor-section-boxed elementor-section-height-default elementor-section-height-default\" data-id=\"ab9c60a\" data-element_type=\"section\" data-e-type=\"section\">\n\t\t\t\t\t\t<div class=\"elementor-container elementor-column-gap-default\">\n\t\t\t\t\t<div class=\"elementor-column elementor-col-100 elementor-top-column elementor-element elementor-element-eaff208\" data-id=\"eaff208\" data-element_type=\"column\" data-e-type=\"column\">\n\t\t\t<div class=\"elementor-widget-wrap elementor-element-populated\">\n\t\t\t\t\t\t<div class=\"elementor-element elementor-element-b9156d0 elementor-widget elementor-widget-text-editor\" data-id=\"b9156d0\" data-element_type=\"widget\" data-e-type=\"widget\" data-widget_type=\"text-editor.default\">\n\t\t\t\t<div class=\"elementor-widget-container\">\n\t\t\t\t\t\t\t\t\t<h3><strong>Traktory t\u0159idy T8 jsou nejv\u00fdkonn\u011bj\u0161\u00ed traktory New Holland. V\u00fdkonov\u011b jsou od 320 do 425 kon\u00ed. \u0160pi\u010dkov\u00e1 v\u00fdbava a komfort.<\/strong><\/h3>\t\t\t\t\t\t\t\t<\/div>\n\t\t\t\t<\/div>\n\t\t\t\t\t<\/div>\n\t\t<\/div>\n\t\t\t\t\t<\/div>\n\t\t<\/section>\n\t\t\t\t<section class=\"elementor-section elementor-top-section elementor-element elementor-element-7d92479 elementor-section-boxed elementor-section-height-default elementor-section-height-default\" data-id=\"7d92479\" data-element_type=\"section\" data-e-type=\"section\">\n\t\t\t\t\t\t<div class=\"elementor-container elementor-column-gap-default\">\n\t\t\t\t\t<div class=\"elementor-column elementor-col-100 elementor-top-column elementor-element elementor-element-4b0b72c\" data-id=\"4b0b72c\" data-element_type=\"column\" data-e-type=\"column\">\n\t\t\t<div class=\"elementor-widget-wrap elementor-element-populated\">\n\t\t\t\t\t\t<div class=\"elementor-element elementor-element-97397a0 elementor-widget-divider--view-line elementor-widget elementor-widget-divider\" data-id=\"97397a0\" data-element_type=\"widget\" data-e-type=\"widget\" data-widget_type=\"divider.default\">\n\t\t\t\t<div class=\"elementor-widget-container\">\n\t\t\t\t\t\t\t<div class=\"elementor-divider\">\n\t\t\t<span class=\"elementor-divider-separator\">\n\t\t\t\t\t\t<\/span>\n\t\t<\/div>\n\t\t\t\t\t\t<\/div>\n\t\t\t\t<\/div>\n\t\t\t\t\t<\/div>\n\t\t<\/div>\n\t\t\t\t\t<\/div>\n\t\t<\/section>\n\t\t\t\t<section class=\"elementor-section elementor-top-section elementor-element elementor-element-978f280 elementor-section-boxed elementor-section-height-default elementor-section-height-default\" data-id=\"978f280\" data-element_type=\"section\" data-e-type=\"section\">\n\t\t\t\t\t\t<div class=\"elementor-container elementor-column-gap-default\">\n\t\t\t\t\t<div class=\"elementor-column elementor-col-100 elementor-top-column elementor-element elementor-element-35bca03\" data-id=\"35bca03\" data-element_type=\"column\" data-e-type=\"column\">\n\t\t\t<div class=\"elementor-widget-wrap elementor-element-populated\">\n\t\t\t\t\t\t<div class=\"elementor-element elementor-element-183d3cd elementor-widget elementor-widget-text-editor\" data-id=\"183d3cd\" data-element_type=\"widget\" data-e-type=\"widget\" data-widget_type=\"text-editor.default\">\n\t\t\t\t<div class=\"elementor-widget-container\">\n\t\t\t\t\t\t\t\t\t<p><strong>Popt\u00e1vka traktoru New Holland:<\/strong><\/p><p>\n<div class=\"wpcf7 no-js\" id=\"wpcf7-f26715-o1\" lang=\"cs-CZ\" dir=\"ltr\" data-wpcf7-id=\"26715\">\n<div class=\"screen-reader-response\"><p role=\"status\" aria-live=\"polite\" aria-atomic=\"true\"><\/p> <ul><\/ul><\/div>\n<form action=\"\/uvod\/wp-json\/wp\/v2\/pages\/26502#wpcf7-f26715-o1\" method=\"post\" class=\"wpcf7-form init\" aria-label=\"Kontaktn\u00ed formul\u00e1\u0159\" novalidate=\"novalidate\" data-status=\"init\">\n<fieldset class=\"hidden-fields-container\"><input type=\"hidden\" name=\"_wpcf7\" value=\"26715\" \/><input type=\"hidden\" name=\"_wpcf7_version\" value=\"6.1.5\" \/><input type=\"hidden\" name=\"_wpcf7_locale\" value=\"cs_CZ\" \/><input type=\"hidden\" name=\"_wpcf7_unit_tag\" value=\"wpcf7-f26715-o1\" \/><input type=\"hidden\" name=\"_wpcf7_container_post\" value=\"0\" \/><input type=\"hidden\" name=\"_wpcf7_posted_data_hash\" value=\"\" \/>\n<\/fieldset>\n<p><label> Va\u0161e jm\u00e9no<br \/>\n<span class=\"wpcf7-form-control-wrap\" data-name=\"your-name\"><input size=\"40\" maxlength=\"400\" class=\"wpcf7-form-control wpcf7-text wpcf7-validates-as-required\" autocomplete=\"name\" aria-required=\"true\" aria-invalid=\"false\" value=\"\" type=\"text\" name=\"your-name\" \/><\/span> <\/label>\n<\/p>\n<p><label> V\u00e1\u0161 e-mail<br \/>\n<span class=\"wpcf7-form-control-wrap\" data-name=\"your-email\"><input size=\"40\" maxlength=\"400\" class=\"wpcf7-form-control wpcf7-email wpcf7-validates-as-required wpcf7-text wpcf7-validates-as-email\" autocomplete=\"email\" aria-required=\"true\" aria-invalid=\"false\" value=\"\" type=\"email\" name=\"your-email\" \/><\/span> <\/label>\n<\/p>\n<p><label> Typ stroje<br \/>\n<span class=\"wpcf7-form-control-wrap\" data-name=\"your-subject\"><input size=\"40\" maxlength=\"400\" class=\"wpcf7-form-control wpcf7-text wpcf7-validates-as-required\" aria-required=\"true\" aria-invalid=\"false\" value=\"\" type=\"text\" name=\"your-subject\" \/><\/span> <\/label>\n<\/p>\n<p><label> Va\u0161e zpr\u00e1va (voliteln\u00fd)<br \/>\n<span class=\"wpcf7-form-control-wrap\" data-name=\"your-message\"><textarea cols=\"40\" rows=\"10\" maxlength=\"2000\" class=\"wpcf7-form-control wpcf7-textarea\" aria-invalid=\"false\" name=\"your-message\"><\/textarea><\/span> <\/label>\n<\/p>\n<p><input class=\"wpcf7-form-control wpcf7-submit has-spinner\" type=\"submit\" value=\"Odeslat\" \/>\n<\/p><p style=\"display: none !important;\" class=\"akismet-fields-container\" data-prefix=\"_wpcf7_ak_\"><label>&#916;<textarea name=\"_wpcf7_ak_hp_textarea\" cols=\"45\" rows=\"8\" maxlength=\"100\"><\/textarea><\/label><input type=\"hidden\" id=\"ak_js_1\" name=\"_wpcf7_ak_js\" value=\"75\"\/><script type=\"text\/javascript\">\n\/* <![CDATA[ *\/\ndocument.getElementById( \"ak_js_1\" ).setAttribute( \"value\", ( new Date() ).getTime() );\n\/* ]]> *\/\n<\/script>\n<\/p><div class=\"wpcf7-response-output\" aria-hidden=\"true\"><\/div>\n<\/form>\n<\/div>\n<\/p>\t\t\t\t\t\t\t\t<\/div>\n\t\t\t\t<\/div>\n\t\t\t\t\t<\/div>\n\t\t<\/div>\n\t\t\t\t\t<\/div>\n\t\t<\/section>\n\t\t\t\t<\/div>\n\t\t","protected":false},"excerpt":{"rendered":"<p>Traktory t\u0159idy T4 jsou men\u0161\u00ed zem\u011bd\u011blsk\u00e9 traktory, r\u016fzn\u00fdch modifikac\u00ed s v\u00fdkony od 55 do 120 kon\u00ed. Vina\u0159sk\u00e9 a sadov\u00e9 speci\u00e1ly, traktory se sn\u00ed\u017een\u00fdm t\u011b\u017ei\u0161t\u011bm, se zmen\u0161enou \u0161\u00ed\u0159kou a s mo\u017enost\u00ed r\u016fznorod\u00e9 v\u00fdbavy.\u00a0\u00a0 T\u0159ida T5 je&hellip;<\/p>\n","protected":false},"author":1,"featured_media":26504,"parent":104,"menu_order":2,"comment_status":"closed","ping_status":"closed","template":"","meta":{"footnotes":""},"class_list":["post-26502","page","type-page","status-publish","has-post-thumbnail","hentry"],"_links":{"self":[{"href":"https:\/\/recarprofi.cz\/uvod\/wp-json\/wp\/v2\/pages\/26502","targetHints":{"allow":["GET"]}}],"collection":[{"href":"https:\/\/recarprofi.cz\/uvod\/wp-json\/wp\/v2\/pages"}],"about":[{"href":"https:\/\/recarprofi.cz\/uvod\/wp-json\/wp\/v2\/types\/page"}],"author":[{"embeddable":true,"href":"https:\/\/recarprofi.cz\/uvod\/wp-json\/wp\/v2\/users\/1"}],"replies":[{"embeddable":true,"href":"https:\/\/recarprofi.cz\/uvod\/wp-json\/wp\/v2\/comments?post=26502"}],"version-history":[{"count":30,"href":"https:\/\/recarprofi.cz\/uvod\/wp-json\/wp\/v2\/pages\/26502\/revisions"}],"predecessor-version":[{"id":30327,"href":"https:\/\/recarprofi.cz\/uvod\/wp-json\/wp\/v2\/pages\/26502\/revisions\/30327"}],"up":[{"embeddable":true,"href":"https:\/\/recarprofi.cz\/uvod\/wp-json\/wp\/v2\/pages\/104"}],"wp:featuredmedia":[{"embeddable":true,"href":"https:\/\/recarprofi.cz\/uvod\/wp-json\/wp\/v2\/media\/26504"}],"wp:attachment":[{"href":"https:\/\/recarprofi.cz\/uvod\/wp-json\/wp\/v2\/media?parent=26502"}],"curies":[{"name":"wp","href":"https:\/\/api.w.org\/{rel}","templated":true}]}}