{"id":27572,"date":"2024-01-04T14:21:53","date_gmt":"2024-01-04T13:21:53","guid":{"rendered":"https:\/\/recarprofi.cz\/uvod\/?page_id=27572"},"modified":"2024-03-26T07:40:53","modified_gmt":"2024-03-26T06:40:53","slug":"traktory-kioti-cs-2220","status":"publish","type":"page","link":"https:\/\/recarprofi.cz\/uvod\/komunalni-technika\/traktory\/komunalni-traktory-kioti\/traktory-kioti-cs-2220\/","title":{"rendered":"Traktory Kioti CS 2220"},"content":{"rendered":"\t\t<div data-elementor-type=\"wp-page\" data-elementor-id=\"27572\" class=\"elementor elementor-27572\">\n\t\t\t\t\t\t<section class=\"elementor-section elementor-top-section elementor-element elementor-element-5823fa6 elementor-section-boxed elementor-section-height-default elementor-section-height-default\" data-id=\"5823fa6\" data-element_type=\"section\" data-e-type=\"section\">\n\t\t\t\t\t\t<div class=\"elementor-container elementor-column-gap-default\">\n\t\t\t\t\t<div class=\"elementor-column elementor-col-100 elementor-top-column elementor-element elementor-element-48323b9\" data-id=\"48323b9\" data-element_type=\"column\" data-e-type=\"column\">\n\t\t\t<div class=\"elementor-widget-wrap elementor-element-populated\">\n\t\t\t\t\t\t<div class=\"elementor-element elementor-element-cd27048 elementor-widget elementor-widget-video\" data-id=\"cd27048\" data-element_type=\"widget\" data-e-type=\"widget\" data-settings=\"{&quot;youtube_url&quot;:&quot;https:\\\/\\\/youtu.be\\\/IOSEW9SbTGE&quot;,&quot;video_type&quot;:&quot;youtube&quot;,&quot;controls&quot;:&quot;yes&quot;}\" data-widget_type=\"video.default\">\n\t\t\t\t<div class=\"elementor-widget-container\">\n\t\t\t\t\t\t\t<div class=\"elementor-wrapper elementor-open-inline\">\n\t\t\t<div class=\"elementor-video\"><\/div>\t\t<\/div>\n\t\t\t\t\t\t<\/div>\n\t\t\t\t<\/div>\n\t\t\t\t\t<\/div>\n\t\t<\/div>\n\t\t\t\t\t<\/div>\n\t\t<\/section>\n\t\t\t\t<section class=\"elementor-section elementor-top-section elementor-element elementor-element-55a03a3 elementor-section-boxed elementor-section-height-default elementor-section-height-default\" data-id=\"55a03a3\" data-element_type=\"section\" data-e-type=\"section\">\n\t\t\t\t\t\t<div class=\"elementor-container elementor-column-gap-default\">\n\t\t\t\t\t<div class=\"elementor-column elementor-col-100 elementor-top-column elementor-element elementor-element-d121100\" data-id=\"d121100\" data-element_type=\"column\" data-e-type=\"column\">\n\t\t\t<div class=\"elementor-widget-wrap elementor-element-populated\">\n\t\t\t\t\t\t<div class=\"elementor-element elementor-element-af3b496 elementor-widget elementor-widget-button\" data-id=\"af3b496\" data-element_type=\"widget\" data-e-type=\"widget\" data-widget_type=\"button.default\">\n\t\t\t\t<div class=\"elementor-widget-container\">\n\t\t\t\t\t\t\t\t\t<div class=\"elementor-button-wrapper\">\n\t\t\t\t\t<a class=\"elementor-button elementor-button-link elementor-size-sm\" href=\"https:\/\/recarprofi.cz\/uvod\/kategorie-produktu\/traktory-kioti\/\">\n\t\t\t\t\t\t<span class=\"elementor-button-content-wrapper\">\n\t\t\t\t\t\t\t\t\t<span class=\"elementor-button-text\">Vstup do eshopu<\/span>\n\t\t\t\t\t<\/span>\n\t\t\t\t\t<\/a>\n\t\t\t\t<\/div>\n\t\t\t\t\t\t\t\t<\/div>\n\t\t\t\t<\/div>\n\t\t\t\t<div class=\"elementor-element elementor-element-8082de2 elementor-widget elementor-widget-text-editor\" data-id=\"8082de2\" data-element_type=\"widget\" data-e-type=\"widget\" data-widget_type=\"text-editor.default\">\n\t\t\t\t<div class=\"elementor-widget-container\">\n\t\t\t\t\t\t\t\t\t<p>\u0158ada CS jsou mal\u00e9, obratn\u00e9 traktory na zahradu \u010di men\u0161\u00ed farmu s v\u00fdkonem od 21 do 25 HP.<\/p><div class=\"sortiment__text--text desktop\">Mal\u00fd kompaktn\u00ed traktor Kioti CS2220 nab\u00edz\u00ed \u0161irok\u00e9 uplatn\u011bn\u00ed! Ide\u00e1ln\u00ed na zahradu a men\u0161\u00ed pr\u00e1ce okolo domu \u010di farmy.<\/div><div class=\"sortiment__text--list\"><ul><li>Dieselov\u00fd motor Daedong o v\u00fdkonu 21 HP<\/li><li>Mechanick\u00e1\u00a0p\u0159evodovka<\/li><li>Pohon v\u0161ech kol<\/li><li>Sklopn\u00fd ochrann\u00fd r\u00e1m<\/li><li>Atraktivn\u00ed design<\/li><li>Posilova\u010d \u0159\u00edzen\u00ed<\/li><li>P\u0159ihl\u00e1\u0161en\u00ed na zna\u010dky<\/li><\/ul><\/div>\t\t\t\t\t\t\t\t<\/div>\n\t\t\t\t<\/div>\n\t\t\t\t\t<\/div>\n\t\t<\/div>\n\t\t\t\t\t<\/div>\n\t\t<\/section>\n\t\t\t\t<section class=\"elementor-section elementor-top-section elementor-element elementor-element-551d2b3 elementor-section-boxed elementor-section-height-default elementor-section-height-default\" data-id=\"551d2b3\" data-element_type=\"section\" data-e-type=\"section\">\n\t\t\t\t\t\t<div class=\"elementor-container elementor-column-gap-default\">\n\t\t\t\t\t<div class=\"elementor-column elementor-col-100 elementor-top-column elementor-element elementor-element-a076d97\" data-id=\"a076d97\" data-element_type=\"column\" data-e-type=\"column\">\n\t\t\t<div class=\"elementor-widget-wrap elementor-element-populated\">\n\t\t\t\t\t\t<div class=\"elementor-element elementor-element-a783e28 elementor-widget elementor-widget-image\" data-id=\"a783e28\" data-element_type=\"widget\" data-e-type=\"widget\" data-widget_type=\"image.default\">\n\t\t\t\t<div class=\"elementor-widget-container\">\n\t\t\t\t\t\t\t\t\t\t\t\t\t\t\t<img fetchpriority=\"high\" decoding=\"async\" width=\"817\" height=\"659\" src=\"https:\/\/recarprofi.cz\/wp-content\/uploads\/2024\/01\/kioti-cs-22202.jpg\" class=\"attachment-large size-large wp-image-27573\" alt=\"\" srcset=\"https:\/\/recarprofi.cz\/wp-content\/uploads\/2024\/01\/kioti-cs-22202.jpg 817w, https:\/\/recarprofi.cz\/wp-content\/uploads\/2024\/01\/kioti-cs-22202-744x600.jpg 744w, https:\/\/recarprofi.cz\/wp-content\/uploads\/2024\/01\/kioti-cs-22202-420x339.jpg 420w, https:\/\/recarprofi.cz\/wp-content\/uploads\/2024\/01\/kioti-cs-22202-768x619.jpg 768w, https:\/\/recarprofi.cz\/wp-content\/uploads\/2024\/01\/kioti-cs-22202-600x484.jpg 600w\" sizes=\"(max-width: 817px) 100vw, 817px\" \/>\t\t\t\t\t\t\t\t\t\t\t\t\t\t\t<\/div>\n\t\t\t\t<\/div>\n\t\t\t\t\t<\/div>\n\t\t<\/div>\n\t\t\t\t\t<\/div>\n\t\t<\/section>\n\t\t\t\t<section class=\"elementor-section elementor-top-section elementor-element elementor-element-38b2f25 elementor-section-boxed elementor-section-height-default elementor-section-height-default\" data-id=\"38b2f25\" data-element_type=\"section\" data-e-type=\"section\">\n\t\t\t\t\t\t<div class=\"elementor-container elementor-column-gap-default\">\n\t\t\t\t\t<div class=\"elementor-column elementor-col-100 elementor-top-column elementor-element elementor-element-eddc7c2\" data-id=\"eddc7c2\" data-element_type=\"column\" data-e-type=\"column\">\n\t\t\t<div class=\"elementor-widget-wrap elementor-element-populated\">\n\t\t\t\t\t\t<div class=\"elementor-element elementor-element-7929635 elementor-widget elementor-widget-text-editor\" data-id=\"7929635\" data-element_type=\"widget\" data-e-type=\"widget\" data-widget_type=\"text-editor.default\">\n\t\t\t\t<div class=\"elementor-widget-container\">\n\t\t\t\t\t\t\t\t\t<p>Diesel, 3 v\u00e1lec, zdvihov\u00fd obsah 1007 cm3, 21 HP<br \/>Jmenovit\u00e9 ot\u00e1\u010dky: 3200 ot\/min<br \/>Obsah n\u00e1dr\u017ee: 23,5 litru<br \/>Pneumatiky: Agrokola<br \/>P\u0159evodovka: 6 x 2 rychlosti<br \/>Max. rychlost: 19,32 km\/h<br \/>\u0158\u00edzen\u00ed: servo\u0159\u00edzen\u00ed, pohon v\u0161ech kol, uz\u00e1v\u011brka diferenci\u00e1lu<br \/>Hydraulika: \u010derpadlo s v\u00fdkonem 25,7 l\/min<br \/>Zdvihov\u00fd s\u00edla zadn\u00edch ramen 61 cm od ok \/ max : 318 \/ 715 kg<br \/>Standardn\u011b 1 hydraulick\u00fd okruh vzadu<br \/>V\u00fdvodov\u00e1 h\u0159\u00eddel &#8211; PTO &#8211; vzadu: 1 3\/8\u201c, 6 dr\u00e1\u017eek, 540 ot\/min, mezin\u00e1pravov\u00e1 ot\u00e1\u010dky 2200 ot\/min<br \/><br \/>Technick\u00e1 data:<br \/>D\u00e9lka:\u00a0 \u00a0 \u00a0 \u00a0 \u00a0 \u00a0 \u00a0 \u00a0 \u00a0 \u00a0 \u00a0 \u00a0 \u00a0 \u00a0 \u00a0 \u00a0 \u00a0 \u00a02623 mm<br \/>Rozvor:\u00a0 \u00a0 \u00a0 \u00a0 \u00a0 \u00a0 \u00a0 \u00a0 \u00a0 \u00a0 \u00a0 \u00a0 \u00a0 \u00a0 \u00a0 \u00a0 1400 mm<br \/>Minim\u00e1ln\u00ed sv\u011btl\u00e1 v\u00fd\u0161ka: \u00a0 \u00a0 \u00a0 \u00a0190 mm<br \/>Hmotnost:\u00a0 \u00a0 \u00a0 \u00a0 \u00a0 \u00a0 \u00a0 \u00a0 \u00a0 \u00a0 \u00a0 \u00a0 \u00a0 \u00a0 \u00a0s ROPS 705 kg<br \/>\u0160\u00ed\u0159ka:\u00a0 \u00a0 \u00a0 \u00a0 \u00a0 \u00a0 \u00a0 \u00a0 \u00a0 \u00a0 \u00a0 \u00a0 \u00a0 \u00a0 \u00a0 \u00a0 \u00a0 \u00a0 1070 mm na agro kolech<br \/>V\u00fd\u0161ka s r\u00e1mem:\u00a0 \u00a0 \u00a0 \u00a0 \u00a0 \u00a0 \u00a0 \u00a0 \u00a0 \u00a0 2280 mm<\/p>\t\t\t\t\t\t\t\t<\/div>\n\t\t\t\t<\/div>\n\t\t\t\t\t<\/div>\n\t\t<\/div>\n\t\t\t\t\t<\/div>\n\t\t<\/section>\n\t\t\t\t<section class=\"elementor-section elementor-top-section elementor-element elementor-element-4f3e887 elementor-section-boxed elementor-section-height-default elementor-section-height-default\" data-id=\"4f3e887\" data-element_type=\"section\" data-e-type=\"section\">\n\t\t\t\t\t\t<div class=\"elementor-container elementor-column-gap-default\">\n\t\t\t\t\t<div class=\"elementor-column elementor-col-100 elementor-top-column elementor-element elementor-element-9e08b9b\" data-id=\"9e08b9b\" data-element_type=\"column\" data-e-type=\"column\">\n\t\t\t<div class=\"elementor-widget-wrap elementor-element-populated\">\n\t\t\t\t\t\t<div class=\"elementor-element elementor-element-368d51f elementor-widget elementor-widget-image-gallery\" data-id=\"368d51f\" data-element_type=\"widget\" data-e-type=\"widget\" data-widget_type=\"image-gallery.default\">\n\t\t\t\t<div class=\"elementor-widget-container\">\n\t\t\t\t\t\t\t<div class=\"elementor-image-gallery\">\n\t\t\t\n\t\t<style type=\"text\/css\">\n\t\t\t#gallery-1 {\n\t\t\t\tmargin: auto;\n\t\t\t}\n\t\t\t#gallery-1 .gallery-item {\n\t\t\t\tfloat: left;\n\t\t\t\tmargin-top: 10px;\n\t\t\t\ttext-align: center;\n\t\t\t\twidth: 25%;\n\t\t\t}\n\t\t\t#gallery-1 img {\n\t\t\t\tborder: 2px solid #cfcfcf;\n\t\t\t}\n\t\t\t#gallery-1 .gallery-caption {\n\t\t\t\tmargin-left: 0;\n\t\t\t}\n\t\t\t\/* see gallery_shortcode() in wp-includes\/media.php *\/\n\t\t<\/style>\n\t\t<div id='gallery-1' class='gallery galleryid-27572 gallery-columns-4 gallery-size-thumbnail'><dl class='gallery-item'>\n\t\t\t<dt class='gallery-icon landscape'>\n\t\t\t\t<a data-elementor-open-lightbox=\"yes\" data-elementor-lightbox-slideshow=\"368d51f\" data-elementor-lightbox-title=\"kioti cs 22201\" data-e-action-hash=\"#elementor-action%3Aaction%3Dlightbox%26settings%3DeyJpZCI6Mjc1NzUsInVybCI6Imh0dHBzOlwvXC9yZWNhcnByb2ZpLmN6XC93cC1jb250ZW50XC91cGxvYWRzXC8yMDI0XC8wMVwva2lvdGktY3MtMjIyMDEuanBnIiwic2xpZGVzaG93IjoiMzY4ZDUxZiJ9\" href='https:\/\/recarprofi.cz\/wp-content\/uploads\/2024\/01\/kioti-cs-22201.jpg'><img decoding=\"async\" width=\"420\" height=\"236\" src=\"https:\/\/recarprofi.cz\/wp-content\/uploads\/2024\/01\/kioti-cs-22201-420x236.jpg\" class=\"attachment-thumbnail size-thumbnail\" alt=\"\" srcset=\"https:\/\/recarprofi.cz\/wp-content\/uploads\/2024\/01\/kioti-cs-22201-420x236.jpg 420w, https:\/\/recarprofi.cz\/wp-content\/uploads\/2024\/01\/kioti-cs-22201-744x419.jpg 744w, https:\/\/recarprofi.cz\/wp-content\/uploads\/2024\/01\/kioti-cs-22201-768x432.jpg 768w, https:\/\/recarprofi.cz\/wp-content\/uploads\/2024\/01\/kioti-cs-22201-1024x576.jpg 1024w, https:\/\/recarprofi.cz\/wp-content\/uploads\/2024\/01\/kioti-cs-22201-600x338.jpg 600w, https:\/\/recarprofi.cz\/wp-content\/uploads\/2024\/01\/kioti-cs-22201.jpg 1200w\" sizes=\"(max-width: 420px) 100vw, 420px\" \/><\/a>\n\t\t\t<\/dt><\/dl><dl class='gallery-item'>\n\t\t\t<dt class='gallery-icon landscape'>\n\t\t\t\t<a data-elementor-open-lightbox=\"yes\" data-elementor-lightbox-slideshow=\"368d51f\" data-elementor-lightbox-title=\"kioti cs 2220\" data-e-action-hash=\"#elementor-action%3Aaction%3Dlightbox%26settings%3DeyJpZCI6Mjc1NzQsInVybCI6Imh0dHBzOlwvXC9yZWNhcnByb2ZpLmN6XC93cC1jb250ZW50XC91cGxvYWRzXC8yMDI0XC8wMVwva2lvdGktY3MtMjIyMC5qcGciLCJzbGlkZXNob3ciOiIzNjhkNTFmIn0%3D\" href='https:\/\/recarprofi.cz\/wp-content\/uploads\/2024\/01\/kioti-cs-2220.jpg'><img decoding=\"async\" width=\"420\" height=\"236\" src=\"https:\/\/recarprofi.cz\/wp-content\/uploads\/2024\/01\/kioti-cs-2220-420x236.jpg\" class=\"attachment-thumbnail size-thumbnail\" alt=\"\" srcset=\"https:\/\/recarprofi.cz\/wp-content\/uploads\/2024\/01\/kioti-cs-2220-420x236.jpg 420w, https:\/\/recarprofi.cz\/wp-content\/uploads\/2024\/01\/kioti-cs-2220-744x419.jpg 744w, https:\/\/recarprofi.cz\/wp-content\/uploads\/2024\/01\/kioti-cs-2220-768x432.jpg 768w, https:\/\/recarprofi.cz\/wp-content\/uploads\/2024\/01\/kioti-cs-2220-1024x576.jpg 1024w, https:\/\/recarprofi.cz\/wp-content\/uploads\/2024\/01\/kioti-cs-2220-600x338.jpg 600w, https:\/\/recarprofi.cz\/wp-content\/uploads\/2024\/01\/kioti-cs-2220.jpg 1200w\" sizes=\"(max-width: 420px) 100vw, 420px\" \/><\/a>\n\t\t\t<\/dt><\/dl><dl class='gallery-item'>\n\t\t\t<dt class='gallery-icon landscape'>\n\t\t\t\t<a data-elementor-open-lightbox=\"yes\" data-elementor-lightbox-slideshow=\"368d51f\" data-elementor-lightbox-title=\"kioti cs 22202\" data-e-action-hash=\"#elementor-action%3Aaction%3Dlightbox%26settings%3DeyJpZCI6Mjc1NzMsInVybCI6Imh0dHBzOlwvXC9yZWNhcnByb2ZpLmN6XC93cC1jb250ZW50XC91cGxvYWRzXC8yMDI0XC8wMVwva2lvdGktY3MtMjIyMDIuanBnIiwic2xpZGVzaG93IjoiMzY4ZDUxZiJ9\" href='https:\/\/recarprofi.cz\/wp-content\/uploads\/2024\/01\/kioti-cs-22202.jpg'><img loading=\"lazy\" decoding=\"async\" width=\"420\" height=\"339\" src=\"https:\/\/recarprofi.cz\/wp-content\/uploads\/2024\/01\/kioti-cs-22202-420x339.jpg\" class=\"attachment-thumbnail size-thumbnail\" alt=\"\" srcset=\"https:\/\/recarprofi.cz\/wp-content\/uploads\/2024\/01\/kioti-cs-22202-420x339.jpg 420w, https:\/\/recarprofi.cz\/wp-content\/uploads\/2024\/01\/kioti-cs-22202-744x600.jpg 744w, https:\/\/recarprofi.cz\/wp-content\/uploads\/2024\/01\/kioti-cs-22202-768x619.jpg 768w, https:\/\/recarprofi.cz\/wp-content\/uploads\/2024\/01\/kioti-cs-22202-600x484.jpg 600w, https:\/\/recarprofi.cz\/wp-content\/uploads\/2024\/01\/kioti-cs-22202.jpg 817w\" sizes=\"(max-width: 420px) 100vw, 420px\" \/><\/a>\n\t\t\t<\/dt><\/dl><dl class='gallery-item'>\n\t\t\t<dt class='gallery-icon landscape'>\n\t\t\t\t<a data-elementor-open-lightbox=\"yes\" data-elementor-lightbox-slideshow=\"368d51f\" data-elementor-lightbox-title=\"kioti1\" data-e-action-hash=\"#elementor-action%3Aaction%3Dlightbox%26settings%3DeyJpZCI6Mjc1NzYsInVybCI6Imh0dHBzOlwvXC9yZWNhcnByb2ZpLmN6XC93cC1jb250ZW50XC91cGxvYWRzXC8yMDI0XC8wMVwva2lvdGkxLnBuZyIsInNsaWRlc2hvdyI6IjM2OGQ1MWYifQ%3D%3D\" href='https:\/\/recarprofi.cz\/wp-content\/uploads\/2024\/01\/kioti1.png'><img loading=\"lazy\" decoding=\"async\" width=\"420\" height=\"210\" src=\"https:\/\/recarprofi.cz\/wp-content\/uploads\/2024\/01\/kioti1-420x210.png\" class=\"attachment-thumbnail size-thumbnail\" alt=\"\" srcset=\"https:\/\/recarprofi.cz\/wp-content\/uploads\/2024\/01\/kioti1-420x210.png 420w, https:\/\/recarprofi.cz\/wp-content\/uploads\/2024\/01\/kioti1-744x372.png 744w, https:\/\/recarprofi.cz\/wp-content\/uploads\/2024\/01\/kioti1-768x384.png 768w, https:\/\/recarprofi.cz\/wp-content\/uploads\/2024\/01\/kioti1-600x300.png 600w, https:\/\/recarprofi.cz\/wp-content\/uploads\/2024\/01\/kioti1.png 1024w\" sizes=\"(max-width: 420px) 100vw, 420px\" \/><\/a>\n\t\t\t<\/dt><\/dl><br style=\"clear: both\" \/>\n\t\t<\/div>\n\t\t<\/div>\n\t\t\t\t\t\t<\/div>\n\t\t\t\t<\/div>\n\t\t\t\t\t<\/div>\n\t\t<\/div>\n\t\t\t\t\t<\/div>\n\t\t<\/section>\n\t\t\t\t<\/div>\n\t\t","protected":false},"excerpt":{"rendered":"<p>Vstup do eshopu \u0158ada CS jsou mal\u00e9, obratn\u00e9 traktory na zahradu \u010di men\u0161\u00ed farmu s v\u00fdkonem od 21 do 25 HP. Mal\u00fd kompaktn\u00ed traktor Kioti CS2220 nab\u00edz\u00ed \u0161irok\u00e9 uplatn\u011bn\u00ed! Ide\u00e1ln\u00ed na zahradu a men\u0161\u00ed pr\u00e1ce&hellip;<\/p>\n","protected":false},"author":1,"featured_media":27574,"parent":27582,"menu_order":1,"comment_status":"closed","ping_status":"closed","template":"","meta":{"footnotes":""},"class_list":["post-27572","page","type-page","status-publish","has-post-thumbnail","hentry"],"_links":{"self":[{"href":"https:\/\/recarprofi.cz\/uvod\/wp-json\/wp\/v2\/pages\/27572","targetHints":{"allow":["GET"]}}],"collection":[{"href":"https:\/\/recarprofi.cz\/uvod\/wp-json\/wp\/v2\/pages"}],"about":[{"href":"https:\/\/recarprofi.cz\/uvod\/wp-json\/wp\/v2\/types\/page"}],"author":[{"embeddable":true,"href":"https:\/\/recarprofi.cz\/uvod\/wp-json\/wp\/v2\/users\/1"}],"replies":[{"embeddable":true,"href":"https:\/\/recarprofi.cz\/uvod\/wp-json\/wp\/v2\/comments?post=27572"}],"version-history":[{"count":13,"href":"https:\/\/recarprofi.cz\/uvod\/wp-json\/wp\/v2\/pages\/27572\/revisions"}],"predecessor-version":[{"id":28927,"href":"https:\/\/recarprofi.cz\/uvod\/wp-json\/wp\/v2\/pages\/27572\/revisions\/28927"}],"up":[{"embeddable":true,"href":"https:\/\/recarprofi.cz\/uvod\/wp-json\/wp\/v2\/pages\/27582"}],"wp:featuredmedia":[{"embeddable":true,"href":"https:\/\/recarprofi.cz\/uvod\/wp-json\/wp\/v2\/media\/27574"}],"wp:attachment":[{"href":"https:\/\/recarprofi.cz\/uvod\/wp-json\/wp\/v2\/media?parent=27572"}],"curies":[{"name":"wp","href":"https:\/\/api.w.org\/{rel}","templated":true}]}}