{"id":28075,"date":"2024-01-25T08:13:14","date_gmt":"2024-01-25T07:13:14","guid":{"rendered":"https:\/\/recarprofi.cz\/uvod\/?page_id=28075"},"modified":"2024-04-22T15:12:20","modified_gmt":"2024-04-22T13:12:20","slug":"krone","status":"publish","type":"page","link":"https:\/\/recarprofi.cz\/uvod\/zemedelska-technika\/sklizeci-rezacky\/krone\/","title":{"rendered":"Skl\u00edzec\u00ed \u0159eza\u010dky Krone"},"content":{"rendered":"\t\t<div data-elementor-type=\"wp-page\" data-elementor-id=\"28075\" class=\"elementor elementor-28075\">\n\t\t\t\t\t\t<section class=\"elementor-section elementor-top-section elementor-element elementor-element-8ca61f6 elementor-section-boxed elementor-section-height-default elementor-section-height-default\" data-id=\"8ca61f6\" data-element_type=\"section\" data-e-type=\"section\">\n\t\t\t\t\t\t<div class=\"elementor-container elementor-column-gap-default\">\n\t\t\t\t\t<div class=\"elementor-column elementor-col-50 elementor-top-column elementor-element elementor-element-ec84be8\" data-id=\"ec84be8\" data-element_type=\"column\" data-e-type=\"column\">\n\t\t\t<div class=\"elementor-widget-wrap elementor-element-populated\">\n\t\t\t\t\t\t<div class=\"elementor-element elementor-element-85b7879 elementor-position-top elementor-widget elementor-widget-image-box\" data-id=\"85b7879\" data-element_type=\"widget\" data-e-type=\"widget\" data-widget_type=\"image-box.default\">\n\t\t\t\t<div class=\"elementor-widget-container\">\n\t\t\t\t\t<div class=\"elementor-image-box-wrapper\"><figure class=\"elementor-image-box-img\"><a href=\"https:\/\/recarprofi.cz\/uvod\/zemedelska-technika\/sklizeci-rezacky\/krone\/big-x480-630\/\" tabindex=\"-1\"><img fetchpriority=\"high\" decoding=\"async\" width=\"1000\" height=\"667\" src=\"https:\/\/recarprofi.cz\/wp-content\/uploads\/2024\/01\/krone-bix-480.jpg\" class=\"attachment-full size-full wp-image-28076\" alt=\"\" srcset=\"https:\/\/recarprofi.cz\/wp-content\/uploads\/2024\/01\/krone-bix-480.jpg 1000w, https:\/\/recarprofi.cz\/wp-content\/uploads\/2024\/01\/krone-bix-480-744x496.jpg 744w, https:\/\/recarprofi.cz\/wp-content\/uploads\/2024\/01\/krone-bix-480-420x280.jpg 420w, https:\/\/recarprofi.cz\/wp-content\/uploads\/2024\/01\/krone-bix-480-768x512.jpg 768w, https:\/\/recarprofi.cz\/wp-content\/uploads\/2024\/01\/krone-bix-480-600x400.jpg 600w\" sizes=\"(max-width: 1000px) 100vw, 1000px\" \/><\/a><\/figure><div class=\"elementor-image-box-content\"><h3 class=\"elementor-image-box-title\"><a href=\"https:\/\/recarprofi.cz\/uvod\/zemedelska-technika\/sklizeci-rezacky\/krone\/big-x480-630\/\">Krone BiG X480-530-580-630<\/a><\/h3><p class=\"elementor-image-box-description\">V\u00fdkon motoru od 490 do 626 HP.<\/p><\/div><\/div>\t\t\t\t<\/div>\n\t\t\t\t<\/div>\n\t\t\t\t\t<\/div>\n\t\t<\/div>\n\t\t\t\t<div class=\"elementor-column elementor-col-50 elementor-top-column elementor-element elementor-element-83447bf\" data-id=\"83447bf\" data-element_type=\"column\" data-e-type=\"column\">\n\t\t\t<div class=\"elementor-widget-wrap elementor-element-populated\">\n\t\t\t\t\t\t<div class=\"elementor-element elementor-element-d544b2d elementor-position-top elementor-widget elementor-widget-image-box\" data-id=\"d544b2d\" data-element_type=\"widget\" data-e-type=\"widget\" data-widget_type=\"image-box.default\">\n\t\t\t\t<div class=\"elementor-widget-container\">\n\t\t\t\t\t<div class=\"elementor-image-box-wrapper\"><figure class=\"elementor-image-box-img\"><a href=\"https:\/\/recarprofi.cz\/uvod\/zemedelska-technika\/sklizeci-rezacky\/krone\/big-x680-1180\/\" tabindex=\"-1\"><img fetchpriority=\"high\" decoding=\"async\" width=\"1000\" height=\"667\" src=\"https:\/\/recarprofi.cz\/wp-content\/uploads\/2024\/01\/krone-bix-480.jpg\" class=\"attachment-full size-full wp-image-28076\" alt=\"\" srcset=\"https:\/\/recarprofi.cz\/wp-content\/uploads\/2024\/01\/krone-bix-480.jpg 1000w, https:\/\/recarprofi.cz\/wp-content\/uploads\/2024\/01\/krone-bix-480-744x496.jpg 744w, https:\/\/recarprofi.cz\/wp-content\/uploads\/2024\/01\/krone-bix-480-420x280.jpg 420w, https:\/\/recarprofi.cz\/wp-content\/uploads\/2024\/01\/krone-bix-480-768x512.jpg 768w, https:\/\/recarprofi.cz\/wp-content\/uploads\/2024\/01\/krone-bix-480-600x400.jpg 600w\" sizes=\"(max-width: 1000px) 100vw, 1000px\" \/><\/a><\/figure><div class=\"elementor-image-box-content\"><h3 class=\"elementor-image-box-title\"><a href=\"https:\/\/recarprofi.cz\/uvod\/zemedelska-technika\/sklizeci-rezacky\/krone\/big-x680-1180\/\">Krone BiG X680-780-880-980-1080-1180<\/a><\/h3><p class=\"elementor-image-box-description\">V\u00fdkon motoru od 687 do 1156 HP.<\/p><\/div><\/div>\t\t\t\t<\/div>\n\t\t\t\t<\/div>\n\t\t\t\t\t<\/div>\n\t\t<\/div>\n\t\t\t\t\t<\/div>\n\t\t<\/section>\n\t\t\t\t<\/div>\n\t\t","protected":false},"excerpt":{"rendered":"<p>Krone BiG X480-530-580-630 V\u00fdkon motoru od 490 do 626 HP. Krone BiG X680-780-880-980-1080-1180 V\u00fdkon motoru od 687 do 1156 HP.<\/p>\n","protected":false},"author":1,"featured_media":28080,"parent":26440,"menu_order":1,"comment_status":"closed","ping_status":"closed","template":"","meta":{"footnotes":""},"class_list":["post-28075","page","type-page","status-publish","has-post-thumbnail","hentry"],"_links":{"self":[{"href":"https:\/\/recarprofi.cz\/uvod\/wp-json\/wp\/v2\/pages\/28075","targetHints":{"allow":["GET"]}}],"collection":[{"href":"https:\/\/recarprofi.cz\/uvod\/wp-json\/wp\/v2\/pages"}],"about":[{"href":"https:\/\/recarprofi.cz\/uvod\/wp-json\/wp\/v2\/types\/page"}],"author":[{"embeddable":true,"href":"https:\/\/recarprofi.cz\/uvod\/wp-json\/wp\/v2\/users\/1"}],"replies":[{"embeddable":true,"href":"https:\/\/recarprofi.cz\/uvod\/wp-json\/wp\/v2\/comments?post=28075"}],"version-history":[{"count":31,"href":"https:\/\/recarprofi.cz\/uvod\/wp-json\/wp\/v2\/pages\/28075\/revisions"}],"predecessor-version":[{"id":30486,"href":"https:\/\/recarprofi.cz\/uvod\/wp-json\/wp\/v2\/pages\/28075\/revisions\/30486"}],"up":[{"embeddable":true,"href":"https:\/\/recarprofi.cz\/uvod\/wp-json\/wp\/v2\/pages\/26440"}],"wp:featuredmedia":[{"embeddable":true,"href":"https:\/\/recarprofi.cz\/uvod\/wp-json\/wp\/v2\/media\/28080"}],"wp:attachment":[{"href":"https:\/\/recarprofi.cz\/uvod\/wp-json\/wp\/v2\/media?parent=28075"}],"curies":[{"name":"wp","href":"https:\/\/api.w.org\/{rel}","templated":true}]}}

Sklízecí řezačky Krone

<div data-elementor-type="wp-page" data-elementor-id="28075" class="elementor elementor-28075">
						<section class="elementor-section elementor-top-section elementor-element elementor-element-8ca61f6 elementor-section-boxed elementor-section-height-default elementor-section-height-default" data-id="8ca61f6" data-element_type="section" data-e-type="section">
						<div class="elementor-container elementor-column-gap-default">
					<div class="elementor-column elementor-col-50 elementor-top-column elementor-element elementor-element-ec84be8" data-id="ec84be8" data-element_type="column" data-e-type="column">
			<div class="elementor-widget-wrap elementor-element-populated">
						<div class="elementor-element elementor-element-85b7879 elementor-position-top elementor-widget elementor-widget-image-box" data-id="85b7879" data-element_type="widget" data-e-type="widget" data-widget_type="image-box.default">
				<div class="elementor-widget-container">
					<div class="elementor-image-box-wrapper"><figure class="elementor-image-box-img"><a href="https://recarprofi.cz/uvod/zemedelska-technika/sklizeci-rezacky/krone/big-x480-630/" tabindex="-1"><img fetchpriority="high" decoding="async" width="1000" height="667" src="https://recarprofi.cz/wp-content/uploads/2024/01/krone-bix-480.jpg" class="attachment-full size-full wp-image-28076" alt="" srcset="https://recarprofi.cz/wp-content/uploads/2024/01/krone-bix-480.jpg 1000w, https://recarprofi.cz/wp-content/uploads/2024/01/krone-bix-480-744x496.jpg 744w, https://recarprofi.cz/wp-content/uploads/2024/01/krone-bix-480-420x280.jpg 420w, https://recarprofi.cz/wp-content/uploads/2024/01/krone-bix-480-768x512.jpg 768w, https://recarprofi.cz/wp-content/uploads/2024/01/krone-bix-480-600x400.jpg 600w" sizes="(max-width: 1000px) 100vw, 1000px" /></a></figure><div class="elementor-image-box-content"><h3 class="elementor-image-box-title"><a href="https://recarprofi.cz/uvod/zemedelska-technika/sklizeci-rezacky/krone/big-x480-630/">Krone BiG X480-530-580-630</a></h3><p class="elementor-image-box-description">Výkon motoru od 490 do 626 HP.</p></div></div>				</div>
				</div>
					</div>
		</div>
				<div class="elementor-column elementor-col-50 elementor-top-column elementor-element elementor-element-83447bf" data-id="83447bf" data-element_type="column" data-e-type="column">
			<div class="elementor-widget-wrap elementor-element-populated">
						<div class="elementor-element elementor-element-d544b2d elementor-position-top elementor-widget elementor-widget-image-box" data-id="d544b2d" data-element_type="widget" data-e-type="widget" data-widget_type="image-box.default">
				<div class="elementor-widget-container">
					<div class="elementor-image-box-wrapper"><figure class="elementor-image-box-img"><a href="https://recarprofi.cz/uvod/zemedelska-technika/sklizeci-rezacky/krone/big-x680-1180/" tabindex="-1"><img fetchpriority="high" decoding="async" width="1000" height="667" src="https://recarprofi.cz/wp-content/uploads/2024/01/krone-bix-480.jpg" class="attachment-full size-full wp-image-28076" alt="" srcset="https://recarprofi.cz/wp-content/uploads/2024/01/krone-bix-480.jpg 1000w, https://recarprofi.cz/wp-content/uploads/2024/01/krone-bix-480-744x496.jpg 744w, https://recarprofi.cz/wp-content/uploads/2024/01/krone-bix-480-420x280.jpg 420w, https://recarprofi.cz/wp-content/uploads/2024/01/krone-bix-480-768x512.jpg 768w, https://recarprofi.cz/wp-content/uploads/2024/01/krone-bix-480-600x400.jpg 600w" sizes="(max-width: 1000px) 100vw, 1000px" /></a></figure><div class="elementor-image-box-content"><h3 class="elementor-image-box-title"><a href="https://recarprofi.cz/uvod/zemedelska-technika/sklizeci-rezacky/krone/big-x680-1180/">Krone BiG X680-780-880-980-1080-1180</a></h3><p class="elementor-image-box-description">Výkon motoru od 687 do 1156 HP.</p></div></div>				</div>
				</div>
					</div>
		</div>
					</div>
		</section>
				</div>

<p>Krone BiG X480-530-580-630 Výkon motoru od 490 do 626 HP. Krone BiG X680-780-880-980-1080-1180 Výkon motoru od 687 do 1156 HP.</p>
