{"id":28124,"date":"2024-01-25T10:26:28","date_gmt":"2024-01-25T09:26:28","guid":{"rendered":"https:\/\/recarprofi.cz\/uvod\/?page_id=28124"},"modified":"2024-04-22T14:56:59","modified_gmt":"2024-04-22T12:56:59","slug":"new-holland","status":"publish","type":"page","link":"https:\/\/recarprofi.cz\/uvod\/zemedelska-technika\/sklizeci-mlaticky\/new-holland\/","title":{"rendered":"Skl\u00edzec\u00ed ml\u00e1ti\u010dky New Holland"},"content":{"rendered":"\t\t<div data-elementor-type=\"wp-page\" data-elementor-id=\"28124\" class=\"elementor elementor-28124\">\n\t\t\t\t\t\t<section class=\"elementor-section elementor-top-section elementor-element elementor-element-d731ee5 elementor-section-boxed elementor-section-height-default elementor-section-height-default\" data-id=\"d731ee5\" data-element_type=\"section\" data-e-type=\"section\">\n\t\t\t\t\t\t<div class=\"elementor-container elementor-column-gap-default\">\n\t\t\t\t\t<div class=\"elementor-column elementor-col-50 elementor-top-column elementor-element elementor-element-f7f8f64\" data-id=\"f7f8f64\" data-element_type=\"column\" data-e-type=\"column\">\n\t\t\t<div class=\"elementor-widget-wrap elementor-element-populated\">\n\t\t\t\t\t\t<div class=\"elementor-element elementor-element-1880862 elementor-position-top elementor-widget elementor-widget-image-box\" data-id=\"1880862\" data-element_type=\"widget\" data-e-type=\"widget\" data-widget_type=\"image-box.default\">\n\t\t\t\t<div class=\"elementor-widget-container\">\n\t\t\t\t\t<div class=\"elementor-image-box-wrapper\"><figure class=\"elementor-image-box-img\"><a href=\"https:\/\/recarprofi.cz\/uvod\/zemedelska-technika\/sklizeci-mlaticky\/new-holland\/tc\/\" tabindex=\"-1\"><img fetchpriority=\"high\" decoding=\"async\" width=\"1004\" height=\"768\" src=\"https:\/\/recarprofi.cz\/wp-content\/uploads\/2024\/01\/new-holland-tc.webp\" class=\"attachment-full size-full wp-image-28125\" alt=\"\" srcset=\"https:\/\/recarprofi.cz\/wp-content\/uploads\/2024\/01\/new-holland-tc.webp 1004w, https:\/\/recarprofi.cz\/wp-content\/uploads\/2024\/01\/new-holland-tc-744x569.webp 744w, https:\/\/recarprofi.cz\/wp-content\/uploads\/2024\/01\/new-holland-tc-420x321.webp 420w, https:\/\/recarprofi.cz\/wp-content\/uploads\/2024\/01\/new-holland-tc-768x587.webp 768w, https:\/\/recarprofi.cz\/wp-content\/uploads\/2024\/01\/new-holland-tc-600x459.webp 600w\" sizes=\"(max-width: 1004px) 100vw, 1004px\" \/><\/a><\/figure><div class=\"elementor-image-box-content\"><h3 class=\"elementor-image-box-title\"><a href=\"https:\/\/recarprofi.cz\/uvod\/zemedelska-technika\/sklizeci-mlaticky\/new-holland\/tc\/\">New Holland TC<\/a><\/h3><p class=\"elementor-image-box-description\">V\u00fdkon motoru od 170 do 240 HP.<\/p><\/div><\/div>\t\t\t\t<\/div>\n\t\t\t\t<\/div>\n\t\t\t\t\t<\/div>\n\t\t<\/div>\n\t\t\t\t<div class=\"elementor-column elementor-col-50 elementor-top-column elementor-element elementor-element-e4cc946\" data-id=\"e4cc946\" data-element_type=\"column\" data-e-type=\"column\">\n\t\t\t<div class=\"elementor-widget-wrap elementor-element-populated\">\n\t\t\t\t\t\t<div class=\"elementor-element elementor-element-9d7093c elementor-position-top elementor-widget elementor-widget-image-box\" data-id=\"9d7093c\" data-element_type=\"widget\" data-e-type=\"widget\" data-widget_type=\"image-box.default\">\n\t\t\t\t<div class=\"elementor-widget-container\">\n\t\t\t\t\t<div class=\"elementor-image-box-wrapper\"><figure class=\"elementor-image-box-img\"><a href=\"https:\/\/recarprofi.cz\/uvod\/zemedelska-technika\/sklizeci-mlaticky\/new-holland\/cx\/\" tabindex=\"-1\"><img decoding=\"async\" width=\"1280\" height=\"854\" src=\"https:\/\/recarprofi.cz\/wp-content\/uploads\/2024\/01\/new-holland-cx1.jpg\" class=\"attachment-full size-full wp-image-28126\" alt=\"\" srcset=\"https:\/\/recarprofi.cz\/wp-content\/uploads\/2024\/01\/new-holland-cx1.jpg 1280w, https:\/\/recarprofi.cz\/wp-content\/uploads\/2024\/01\/new-holland-cx1-744x496.jpg 744w, https:\/\/recarprofi.cz\/wp-content\/uploads\/2024\/01\/new-holland-cx1-1200x801.jpg 1200w, https:\/\/recarprofi.cz\/wp-content\/uploads\/2024\/01\/new-holland-cx1-420x280.jpg 420w, https:\/\/recarprofi.cz\/wp-content\/uploads\/2024\/01\/new-holland-cx1-768x512.jpg 768w, https:\/\/recarprofi.cz\/wp-content\/uploads\/2024\/01\/new-holland-cx1-1024x683.jpg 1024w, https:\/\/recarprofi.cz\/wp-content\/uploads\/2024\/01\/new-holland-cx1-600x400.jpg 600w\" sizes=\"(max-width: 1280px) 100vw, 1280px\" \/><\/a><\/figure><div class=\"elementor-image-box-content\"><h3 class=\"elementor-image-box-title\"><a href=\"https:\/\/recarprofi.cz\/uvod\/zemedelska-technika\/sklizeci-mlaticky\/new-holland\/cx\/\">New Holland CX<\/a><\/h3><p class=\"elementor-image-box-description\">V\u00fdkon motoru od 240 do 420 HP.<\/p><\/div><\/div>\t\t\t\t<\/div>\n\t\t\t\t<\/div>\n\t\t\t\t\t<\/div>\n\t\t<\/div>\n\t\t\t\t\t<\/div>\n\t\t<\/section>\n\t\t\t\t<section class=\"elementor-section elementor-top-section elementor-element elementor-element-abe7f4a elementor-section-boxed elementor-section-height-default elementor-section-height-default\" data-id=\"abe7f4a\" data-element_type=\"section\" data-e-type=\"section\">\n\t\t\t\t\t\t<div class=\"elementor-container elementor-column-gap-default\">\n\t\t\t\t\t<div class=\"elementor-column elementor-col-50 elementor-top-column elementor-element elementor-element-9765e34\" data-id=\"9765e34\" data-element_type=\"column\" data-e-type=\"column\">\n\t\t\t<div class=\"elementor-widget-wrap elementor-element-populated\">\n\t\t\t\t\t\t<div class=\"elementor-element elementor-element-61e8eb8 elementor-position-top elementor-widget elementor-widget-image-box\" data-id=\"61e8eb8\" data-element_type=\"widget\" data-e-type=\"widget\" data-widget_type=\"image-box.default\">\n\t\t\t\t<div class=\"elementor-widget-container\">\n\t\t\t\t\t<div class=\"elementor-image-box-wrapper\"><figure class=\"elementor-image-box-img\"><a href=\"https:\/\/recarprofi.cz\/uvod\/zemedelska-technika\/sklizeci-mlaticky\/new-holland\/ch\/\" tabindex=\"-1\"><img decoding=\"async\" width=\"900\" height=\"610\" src=\"https:\/\/recarprofi.cz\/wp-content\/uploads\/2024\/01\/new-holland-ch.png\" class=\"attachment-full size-full wp-image-28127\" alt=\"\" srcset=\"https:\/\/recarprofi.cz\/wp-content\/uploads\/2024\/01\/new-holland-ch.png 900w, https:\/\/recarprofi.cz\/wp-content\/uploads\/2024\/01\/new-holland-ch-744x504.png 744w, https:\/\/recarprofi.cz\/wp-content\/uploads\/2024\/01\/new-holland-ch-420x285.png 420w, https:\/\/recarprofi.cz\/wp-content\/uploads\/2024\/01\/new-holland-ch-768x521.png 768w, https:\/\/recarprofi.cz\/wp-content\/uploads\/2024\/01\/new-holland-ch-600x407.png 600w\" sizes=\"(max-width: 900px) 100vw, 900px\" \/><\/a><\/figure><div class=\"elementor-image-box-content\"><h3 class=\"elementor-image-box-title\"><a href=\"https:\/\/recarprofi.cz\/uvod\/zemedelska-technika\/sklizeci-mlaticky\/new-holland\/ch\/\">New Holland CH <\/a><\/h3><p class=\"elementor-image-box-description\">V\u00fdkon motoru 340 HP.<\/p><\/div><\/div>\t\t\t\t<\/div>\n\t\t\t\t<\/div>\n\t\t\t\t\t<\/div>\n\t\t<\/div>\n\t\t\t\t<div class=\"elementor-column elementor-col-50 elementor-top-column elementor-element elementor-element-34d0862\" data-id=\"34d0862\" data-element_type=\"column\" data-e-type=\"column\">\n\t\t\t<div class=\"elementor-widget-wrap elementor-element-populated\">\n\t\t\t\t\t\t<div class=\"elementor-element elementor-element-c399f1b elementor-position-top elementor-widget elementor-widget-image-box\" data-id=\"c399f1b\" data-element_type=\"widget\" data-e-type=\"widget\" data-widget_type=\"image-box.default\">\n\t\t\t\t<div class=\"elementor-widget-container\">\n\t\t\t\t\t<div class=\"elementor-image-box-wrapper\"><figure class=\"elementor-image-box-img\"><a href=\"https:\/\/recarprofi.cz\/uvod\/zemedelska-technika\/sklizeci-mlaticky\/new-holland\/cr\/\" tabindex=\"-1\"><img loading=\"lazy\" decoding=\"async\" width=\"900\" height=\"610\" src=\"https:\/\/recarprofi.cz\/wp-content\/uploads\/2024\/01\/new-holland-cr.png\" class=\"attachment-full size-full wp-image-28128\" alt=\"\" srcset=\"https:\/\/recarprofi.cz\/wp-content\/uploads\/2024\/01\/new-holland-cr.png 900w, https:\/\/recarprofi.cz\/wp-content\/uploads\/2024\/01\/new-holland-cr-744x504.png 744w, https:\/\/recarprofi.cz\/wp-content\/uploads\/2024\/01\/new-holland-cr-420x285.png 420w, https:\/\/recarprofi.cz\/wp-content\/uploads\/2024\/01\/new-holland-cr-768x521.png 768w, https:\/\/recarprofi.cz\/wp-content\/uploads\/2024\/01\/new-holland-cr-600x407.png 600w\" sizes=\"(max-width: 900px) 100vw, 900px\" \/><\/a><\/figure><div class=\"elementor-image-box-content\"><h3 class=\"elementor-image-box-title\"><a href=\"https:\/\/recarprofi.cz\/uvod\/zemedelska-technika\/sklizeci-mlaticky\/new-holland\/cr\/\">New Holland CR <\/a><\/h3><p class=\"elementor-image-box-description\">V\u00fdkon motoru od 370 do 700 HP<\/p><\/div><\/div>\t\t\t\t<\/div>\n\t\t\t\t<\/div>\n\t\t\t\t\t<\/div>\n\t\t<\/div>\n\t\t\t\t\t<\/div>\n\t\t<\/section>\n\t\t\t\t<\/div>\n\t\t","protected":false},"excerpt":{"rendered":"<p>New Holland TC V\u00fdkon motoru od 170 do 240 HP. New Holland CX V\u00fdkon motoru od 240 do 420 HP. New Holland CH V\u00fdkon motoru 340 HP. New Holland CR V\u00fdkon motoru od 370 do&hellip;<\/p>\n","protected":false},"author":1,"featured_media":28132,"parent":26427,"menu_order":2,"comment_status":"closed","ping_status":"closed","template":"","meta":{"footnotes":""},"class_list":["post-28124","page","type-page","status-publish","has-post-thumbnail","hentry"],"_links":{"self":[{"href":"https:\/\/recarprofi.cz\/uvod\/wp-json\/wp\/v2\/pages\/28124","targetHints":{"allow":["GET"]}}],"collection":[{"href":"https:\/\/recarprofi.cz\/uvod\/wp-json\/wp\/v2\/pages"}],"about":[{"href":"https:\/\/recarprofi.cz\/uvod\/wp-json\/wp\/v2\/types\/page"}],"author":[{"embeddable":true,"href":"https:\/\/recarprofi.cz\/uvod\/wp-json\/wp\/v2\/users\/1"}],"replies":[{"embeddable":true,"href":"https:\/\/recarprofi.cz\/uvod\/wp-json\/wp\/v2\/comments?post=28124"}],"version-history":[{"count":55,"href":"https:\/\/recarprofi.cz\/uvod\/wp-json\/wp\/v2\/pages\/28124\/revisions"}],"predecessor-version":[{"id":30454,"href":"https:\/\/recarprofi.cz\/uvod\/wp-json\/wp\/v2\/pages\/28124\/revisions\/30454"}],"up":[{"embeddable":true,"href":"https:\/\/recarprofi.cz\/uvod\/wp-json\/wp\/v2\/pages\/26427"}],"wp:featuredmedia":[{"embeddable":true,"href":"https:\/\/recarprofi.cz\/uvod\/wp-json\/wp\/v2\/media\/28132"}],"wp:attachment":[{"href":"https:\/\/recarprofi.cz\/uvod\/wp-json\/wp\/v2\/media?parent=28124"}],"curies":[{"name":"wp","href":"https:\/\/api.w.org\/{rel}","templated":true}]}}

Sklízecí mlátičky New Holland

<div data-elementor-type="wp-page" data-elementor-id="28124" class="elementor elementor-28124">
						<section class="elementor-section elementor-top-section elementor-element elementor-element-d731ee5 elementor-section-boxed elementor-section-height-default elementor-section-height-default" data-id="d731ee5" data-element_type="section" data-e-type="section">
						<div class="elementor-container elementor-column-gap-default">
					<div class="elementor-column elementor-col-50 elementor-top-column elementor-element elementor-element-f7f8f64" data-id="f7f8f64" data-element_type="column" data-e-type="column">
			<div class="elementor-widget-wrap elementor-element-populated">
						<div class="elementor-element elementor-element-1880862 elementor-position-top elementor-widget elementor-widget-image-box" data-id="1880862" data-element_type="widget" data-e-type="widget" data-widget_type="image-box.default">
				<div class="elementor-widget-container">
					<div class="elementor-image-box-wrapper"><figure class="elementor-image-box-img"><a href="https://recarprofi.cz/uvod/zemedelska-technika/sklizeci-mlaticky/new-holland/tc/" tabindex="-1"><img fetchpriority="high" decoding="async" width="1004" height="768" src="https://recarprofi.cz/wp-content/uploads/2024/01/new-holland-tc.webp" class="attachment-full size-full wp-image-28125" alt="" srcset="https://recarprofi.cz/wp-content/uploads/2024/01/new-holland-tc.webp 1004w, https://recarprofi.cz/wp-content/uploads/2024/01/new-holland-tc-744x569.webp 744w, https://recarprofi.cz/wp-content/uploads/2024/01/new-holland-tc-420x321.webp 420w, https://recarprofi.cz/wp-content/uploads/2024/01/new-holland-tc-768x587.webp 768w, https://recarprofi.cz/wp-content/uploads/2024/01/new-holland-tc-600x459.webp 600w" sizes="(max-width: 1004px) 100vw, 1004px" /></a></figure><div class="elementor-image-box-content"><h3 class="elementor-image-box-title"><a href="https://recarprofi.cz/uvod/zemedelska-technika/sklizeci-mlaticky/new-holland/tc/">New Holland TC</a></h3><p class="elementor-image-box-description">Výkon motoru od 170 do 240 HP.</p></div></div>				</div>
				</div>
					</div>
		</div>
				<div class="elementor-column elementor-col-50 elementor-top-column elementor-element elementor-element-e4cc946" data-id="e4cc946" data-element_type="column" data-e-type="column">
			<div class="elementor-widget-wrap elementor-element-populated">
						<div class="elementor-element elementor-element-9d7093c elementor-position-top elementor-widget elementor-widget-image-box" data-id="9d7093c" data-element_type="widget" data-e-type="widget" data-widget_type="image-box.default">
				<div class="elementor-widget-container">
					<div class="elementor-image-box-wrapper"><figure class="elementor-image-box-img"><a href="https://recarprofi.cz/uvod/zemedelska-technika/sklizeci-mlaticky/new-holland/cx/" tabindex="-1"><img decoding="async" width="1280" height="854" src="https://recarprofi.cz/wp-content/uploads/2024/01/new-holland-cx1.jpg" class="attachment-full size-full wp-image-28126" alt="" srcset="https://recarprofi.cz/wp-content/uploads/2024/01/new-holland-cx1.jpg 1280w, https://recarprofi.cz/wp-content/uploads/2024/01/new-holland-cx1-744x496.jpg 744w, https://recarprofi.cz/wp-content/uploads/2024/01/new-holland-cx1-1200x801.jpg 1200w, https://recarprofi.cz/wp-content/uploads/2024/01/new-holland-cx1-420x280.jpg 420w, https://recarprofi.cz/wp-content/uploads/2024/01/new-holland-cx1-768x512.jpg 768w, https://recarprofi.cz/wp-content/uploads/2024/01/new-holland-cx1-1024x683.jpg 1024w, https://recarprofi.cz/wp-content/uploads/2024/01/new-holland-cx1-600x400.jpg 600w" sizes="(max-width: 1280px) 100vw, 1280px" /></a></figure><div class="elementor-image-box-content"><h3 class="elementor-image-box-title"><a href="https://recarprofi.cz/uvod/zemedelska-technika/sklizeci-mlaticky/new-holland/cx/">New Holland CX</a></h3><p class="elementor-image-box-description">Výkon motoru od 240 do 420 HP.</p></div></div>				</div>
				</div>
					</div>
		</div>
					</div>
		</section>
				<section class="elementor-section elementor-top-section elementor-element elementor-element-abe7f4a elementor-section-boxed elementor-section-height-default elementor-section-height-default" data-id="abe7f4a" data-element_type="section" data-e-type="section">
						<div class="elementor-container elementor-column-gap-default">
					<div class="elementor-column elementor-col-50 elementor-top-column elementor-element elementor-element-9765e34" data-id="9765e34" data-element_type="column" data-e-type="column">
			<div class="elementor-widget-wrap elementor-element-populated">
						<div class="elementor-element elementor-element-61e8eb8 elementor-position-top elementor-widget elementor-widget-image-box" data-id="61e8eb8" data-element_type="widget" data-e-type="widget" data-widget_type="image-box.default">
				<div class="elementor-widget-container">
					<div class="elementor-image-box-wrapper"><figure class="elementor-image-box-img"><a href="https://recarprofi.cz/uvod/zemedelska-technika/sklizeci-mlaticky/new-holland/ch/" tabindex="-1"><img decoding="async" width="900" height="610" src="https://recarprofi.cz/wp-content/uploads/2024/01/new-holland-ch.png" class="attachment-full size-full wp-image-28127" alt="" srcset="https://recarprofi.cz/wp-content/uploads/2024/01/new-holland-ch.png 900w, https://recarprofi.cz/wp-content/uploads/2024/01/new-holland-ch-744x504.png 744w, https://recarprofi.cz/wp-content/uploads/2024/01/new-holland-ch-420x285.png 420w, https://recarprofi.cz/wp-content/uploads/2024/01/new-holland-ch-768x521.png 768w, https://recarprofi.cz/wp-content/uploads/2024/01/new-holland-ch-600x407.png 600w" sizes="(max-width: 900px) 100vw, 900px" /></a></figure><div class="elementor-image-box-content"><h3 class="elementor-image-box-title"><a href="https://recarprofi.cz/uvod/zemedelska-technika/sklizeci-mlaticky/new-holland/ch/">New Holland CH </a></h3><p class="elementor-image-box-description">Výkon motoru 340 HP.</p></div></div>				</div>
				</div>
					</div>
		</div>
				<div class="elementor-column elementor-col-50 elementor-top-column elementor-element elementor-element-34d0862" data-id="34d0862" data-element_type="column" data-e-type="column">
			<div class="elementor-widget-wrap elementor-element-populated">
						<div class="elementor-element elementor-element-c399f1b elementor-position-top elementor-widget elementor-widget-image-box" data-id="c399f1b" data-element_type="widget" data-e-type="widget" data-widget_type="image-box.default">
				<div class="elementor-widget-container">
					<div class="elementor-image-box-wrapper"><figure class="elementor-image-box-img"><a href="https://recarprofi.cz/uvod/zemedelska-technika/sklizeci-mlaticky/new-holland/cr/" tabindex="-1"><img loading="lazy" decoding="async" width="900" height="610" src="https://recarprofi.cz/wp-content/uploads/2024/01/new-holland-cr.png" class="attachment-full size-full wp-image-28128" alt="" srcset="https://recarprofi.cz/wp-content/uploads/2024/01/new-holland-cr.png 900w, https://recarprofi.cz/wp-content/uploads/2024/01/new-holland-cr-744x504.png 744w, https://recarprofi.cz/wp-content/uploads/2024/01/new-holland-cr-420x285.png 420w, https://recarprofi.cz/wp-content/uploads/2024/01/new-holland-cr-768x521.png 768w, https://recarprofi.cz/wp-content/uploads/2024/01/new-holland-cr-600x407.png 600w" sizes="(max-width: 900px) 100vw, 900px" /></a></figure><div class="elementor-image-box-content"><h3 class="elementor-image-box-title"><a href="https://recarprofi.cz/uvod/zemedelska-technika/sklizeci-mlaticky/new-holland/cr/">New Holland CR </a></h3><p class="elementor-image-box-description">Výkon motoru od 370 do 700 HP</p></div></div>				</div>
				</div>
					</div>
		</div>
					</div>
		</section>
				</div>

<p>New Holland TC Výkon motoru od 170 do 240 HP. New Holland CX Výkon motoru od 240 do 420 HP. New Holland CH Výkon motoru 340 HP. New Holland CR Výkon motoru od 370 do&hellip;</p>
