{"id":28206,"date":"2024-01-30T14:40:51","date_gmt":"2024-01-30T13:40:51","guid":{"rendered":"https:\/\/recarprofi.cz\/uvod\/?page_id=28206"},"modified":"2024-04-22T14:51:25","modified_gmt":"2024-04-22T12:51:25","slug":"ch","status":"publish","type":"page","link":"https:\/\/recarprofi.cz\/uvod\/zemedelska-technika\/sklizeci-mlaticky\/new-holland\/ch\/","title":{"rendered":"Skl\u00edzec\u00ed ml\u00e1ti\u010dky New Holland CH"},"content":{"rendered":"\t\t<div data-elementor-type=\"wp-page\" data-elementor-id=\"28206\" class=\"elementor elementor-28206\">\n\t\t\t\t\t\t<section class=\"elementor-section elementor-top-section elementor-element elementor-element-a973a4a elementor-section-boxed elementor-section-height-default elementor-section-height-default\" data-id=\"a973a4a\" data-element_type=\"section\" data-e-type=\"section\">\n\t\t\t\t\t\t<div class=\"elementor-container elementor-column-gap-default\">\n\t\t\t\t\t<div class=\"elementor-column elementor-col-100 elementor-top-column elementor-element elementor-element-cacce13\" data-id=\"cacce13\" data-element_type=\"column\" data-e-type=\"column\">\n\t\t\t<div class=\"elementor-widget-wrap elementor-element-populated\">\n\t\t\t\t\t\t<div class=\"elementor-element elementor-element-fead9c1 elementor-widget elementor-widget-image\" data-id=\"fead9c1\" data-element_type=\"widget\" data-e-type=\"widget\" data-widget_type=\"image.default\">\n\t\t\t\t<div class=\"elementor-widget-container\">\n\t\t\t\t\t\t\t\t\t\t\t\t\t\t\t<img fetchpriority=\"high\" decoding=\"async\" width=\"900\" height=\"610\" src=\"https:\/\/recarprofi.cz\/wp-content\/uploads\/2024\/01\/new-holland-ch.png\" class=\"attachment-large size-large wp-image-28127\" alt=\"\" srcset=\"https:\/\/recarprofi.cz\/wp-content\/uploads\/2024\/01\/new-holland-ch.png 900w, https:\/\/recarprofi.cz\/wp-content\/uploads\/2024\/01\/new-holland-ch-744x504.png 744w, https:\/\/recarprofi.cz\/wp-content\/uploads\/2024\/01\/new-holland-ch-420x285.png 420w, https:\/\/recarprofi.cz\/wp-content\/uploads\/2024\/01\/new-holland-ch-768x521.png 768w, https:\/\/recarprofi.cz\/wp-content\/uploads\/2024\/01\/new-holland-ch-600x407.png 600w\" sizes=\"(max-width: 900px) 100vw, 900px\" \/>\t\t\t\t\t\t\t\t\t\t\t\t\t\t\t<\/div>\n\t\t\t\t<\/div>\n\t\t\t\t\t<\/div>\n\t\t<\/div>\n\t\t\t\t\t<\/div>\n\t\t<\/section>\n\t\t\t\t<section class=\"elementor-section elementor-top-section elementor-element elementor-element-d03ea19 elementor-section-boxed elementor-section-height-default elementor-section-height-default\" data-id=\"d03ea19\" data-element_type=\"section\" data-e-type=\"section\">\n\t\t\t\t\t\t<div class=\"elementor-container elementor-column-gap-default\">\n\t\t\t\t\t<div class=\"elementor-column elementor-col-100 elementor-top-column elementor-element elementor-element-9495174\" data-id=\"9495174\" data-element_type=\"column\" data-e-type=\"column\">\n\t\t\t<div class=\"elementor-widget-wrap elementor-element-populated\">\n\t\t\t\t\t\t<div class=\"elementor-element elementor-element-1249664 elementor-widget elementor-widget-text-editor\" data-id=\"1249664\" data-element_type=\"widget\" data-e-type=\"widget\" data-widget_type=\"text-editor.default\">\n\t\t\t\t<div class=\"elementor-widget-container\">\n\t\t\t\t\t\t\t\t\t<p><span>Firma <\/span><span>New Holland zkombinovala svou vynikaj\u00edc\u00ed separa\u010dn\u00ed technologii Twin Rotor\u2122 s \u00fa\u010dinn\u00fdm ml\u00e1tic\u00edm bubnem o velk\u00e9m pr\u016fm\u011bru sv\u00fdch konven\u010dn\u00edch skl\u00edzec\u00edch ml\u00e1ti\u010dek a uvedla na trh zcela nov\u00fd koncept Crossover Harvesting\u2122: CH. <\/span><span>Tento stroj byl navr\u017een pro profesion\u00e1ln\u00ed farm\u00e1\u0159e a dodavatele, kte\u0159\u00ed oce\u0148uj\u00ed v\u00fdkon a hodnotu, v\u010detn\u011b snadn\u00e9 \u00fadr\u017eby.\u00a0<\/span><span>CH vytv\u00e1\u0159\u00ed nov\u00fd segment mezi konven\u010dn\u00edmi a vlajkov\u00fdmi rota\u010dn\u00edmi modely st\u0159edn\u00ed t\u0159\u00eddy.<\/span><\/p>\t\t\t\t\t\t\t\t<\/div>\n\t\t\t\t<\/div>\n\t\t\t\t\t<\/div>\n\t\t<\/div>\n\t\t\t\t\t<\/div>\n\t\t<\/section>\n\t\t\t\t<section class=\"elementor-section elementor-top-section elementor-element elementor-element-21dc02f elementor-section-boxed elementor-section-height-default elementor-section-height-default\" data-id=\"21dc02f\" data-element_type=\"section\" data-e-type=\"section\">\n\t\t\t\t\t\t<div class=\"elementor-container elementor-column-gap-default\">\n\t\t\t\t\t<div class=\"elementor-column elementor-col-100 elementor-top-column elementor-element elementor-element-3b2290a\" data-id=\"3b2290a\" data-element_type=\"column\" data-e-type=\"column\">\n\t\t\t<div class=\"elementor-widget-wrap elementor-element-populated\">\n\t\t\t\t\t\t<div class=\"elementor-element elementor-element-ed73094 elementor-widget elementor-widget-image-gallery\" data-id=\"ed73094\" data-element_type=\"widget\" data-e-type=\"widget\" data-widget_type=\"image-gallery.default\">\n\t\t\t\t<div class=\"elementor-widget-container\">\n\t\t\t\t\t\t\t<div class=\"elementor-image-gallery\">\n\t\t\t\n\t\t<style type=\"text\/css\">\n\t\t\t#gallery-1 {\n\t\t\t\tmargin: auto;\n\t\t\t}\n\t\t\t#gallery-1 .gallery-item {\n\t\t\t\tfloat: left;\n\t\t\t\tmargin-top: 10px;\n\t\t\t\ttext-align: center;\n\t\t\t\twidth: 25%;\n\t\t\t}\n\t\t\t#gallery-1 img {\n\t\t\t\tborder: 2px solid #cfcfcf;\n\t\t\t}\n\t\t\t#gallery-1 .gallery-caption {\n\t\t\t\tmargin-left: 0;\n\t\t\t}\n\t\t\t\/* see gallery_shortcode() in wp-includes\/media.php *\/\n\t\t<\/style>\n\t\t<div id='gallery-1' class='gallery galleryid-28206 gallery-columns-4 gallery-size-thumbnail'><dl class='gallery-item'>\n\t\t\t<dt class='gallery-icon landscape'>\n\t\t\t\t<a data-elementor-open-lightbox=\"yes\" data-elementor-lightbox-slideshow=\"ed73094\" data-elementor-lightbox-title=\"new holland ch2\" data-e-action-hash=\"#elementor-action%3Aaction%3Dlightbox%26settings%3DeyJpZCI6MjgyMDcsInVybCI6Imh0dHBzOlwvXC9yZWNhcnByb2ZpLmN6XC93cC1jb250ZW50XC91cGxvYWRzXC8yMDI0XC8wMVwvbmV3LWhvbGxhbmQtY2gyLmpwZyIsInNsaWRlc2hvdyI6ImVkNzMwOTQifQ%3D%3D\" href='https:\/\/recarprofi.cz\/wp-content\/uploads\/2024\/01\/new-holland-ch2.jpg'><img decoding=\"async\" width=\"420\" height=\"267\" src=\"https:\/\/recarprofi.cz\/wp-content\/uploads\/2024\/01\/new-holland-ch2-420x267.jpg\" class=\"attachment-thumbnail size-thumbnail\" alt=\"\" srcset=\"https:\/\/recarprofi.cz\/wp-content\/uploads\/2024\/01\/new-holland-ch2-420x267.jpg 420w, https:\/\/recarprofi.cz\/wp-content\/uploads\/2024\/01\/new-holland-ch2-744x472.jpg 744w, https:\/\/recarprofi.cz\/wp-content\/uploads\/2024\/01\/new-holland-ch2-1200x762.jpg 1200w, https:\/\/recarprofi.cz\/wp-content\/uploads\/2024\/01\/new-holland-ch2-768x488.jpg 768w, https:\/\/recarprofi.cz\/wp-content\/uploads\/2024\/01\/new-holland-ch2-1536x975.jpg 1536w, https:\/\/recarprofi.cz\/wp-content\/uploads\/2024\/01\/new-holland-ch2-1024x650.jpg 1024w, https:\/\/recarprofi.cz\/wp-content\/uploads\/2024\/01\/new-holland-ch2-600x381.jpg 600w, https:\/\/recarprofi.cz\/wp-content\/uploads\/2024\/01\/new-holland-ch2.jpg 1600w\" sizes=\"(max-width: 420px) 100vw, 420px\" \/><\/a>\n\t\t\t<\/dt><\/dl><dl class='gallery-item'>\n\t\t\t<dt class='gallery-icon landscape'>\n\t\t\t\t<a data-elementor-open-lightbox=\"yes\" data-elementor-lightbox-slideshow=\"ed73094\" data-elementor-lightbox-title=\"new holland ch5\" data-e-action-hash=\"#elementor-action%3Aaction%3Dlightbox%26settings%3DeyJpZCI6MjgyMDgsInVybCI6Imh0dHBzOlwvXC9yZWNhcnByb2ZpLmN6XC93cC1jb250ZW50XC91cGxvYWRzXC8yMDI0XC8wMVwvbmV3LWhvbGxhbmQtY2g1LmpwZyIsInNsaWRlc2hvdyI6ImVkNzMwOTQifQ%3D%3D\" href='https:\/\/recarprofi.cz\/wp-content\/uploads\/2024\/01\/new-holland-ch5.jpg'><img decoding=\"async\" width=\"420\" height=\"280\" src=\"https:\/\/recarprofi.cz\/wp-content\/uploads\/2024\/01\/new-holland-ch5-420x280.jpg\" class=\"attachment-thumbnail size-thumbnail\" alt=\"\" srcset=\"https:\/\/recarprofi.cz\/wp-content\/uploads\/2024\/01\/new-holland-ch5-420x280.jpg 420w, https:\/\/recarprofi.cz\/wp-content\/uploads\/2024\/01\/new-holland-ch5-744x496.jpg 744w, https:\/\/recarprofi.cz\/wp-content\/uploads\/2024\/01\/new-holland-ch5-768x512.jpg 768w, https:\/\/recarprofi.cz\/wp-content\/uploads\/2024\/01\/new-holland-ch5-600x400.jpg 600w, https:\/\/recarprofi.cz\/wp-content\/uploads\/2024\/01\/new-holland-ch5.jpg 900w\" sizes=\"(max-width: 420px) 100vw, 420px\" \/><\/a>\n\t\t\t<\/dt><\/dl><dl class='gallery-item'>\n\t\t\t<dt class='gallery-icon landscape'>\n\t\t\t\t<a data-elementor-open-lightbox=\"yes\" data-elementor-lightbox-slideshow=\"ed73094\" data-elementor-lightbox-title=\"new holland ch4\" data-e-action-hash=\"#elementor-action%3Aaction%3Dlightbox%26settings%3DeyJpZCI6MjgyMDksInVybCI6Imh0dHBzOlwvXC9yZWNhcnByb2ZpLmN6XC93cC1jb250ZW50XC91cGxvYWRzXC8yMDI0XC8wMVwvbmV3LWhvbGxhbmQtY2g0LmpwZyIsInNsaWRlc2hvdyI6ImVkNzMwOTQifQ%3D%3D\" href='https:\/\/recarprofi.cz\/wp-content\/uploads\/2024\/01\/new-holland-ch4.jpg'><img loading=\"lazy\" decoding=\"async\" width=\"420\" height=\"280\" src=\"https:\/\/recarprofi.cz\/wp-content\/uploads\/2024\/01\/new-holland-ch4-420x280.jpg\" class=\"attachment-thumbnail size-thumbnail\" alt=\"\" srcset=\"https:\/\/recarprofi.cz\/wp-content\/uploads\/2024\/01\/new-holland-ch4-420x280.jpg 420w, https:\/\/recarprofi.cz\/wp-content\/uploads\/2024\/01\/new-holland-ch4-744x497.jpg 744w, https:\/\/recarprofi.cz\/wp-content\/uploads\/2024\/01\/new-holland-ch4-1200x801.jpg 1200w, https:\/\/recarprofi.cz\/wp-content\/uploads\/2024\/01\/new-holland-ch4-768x513.jpg 768w, https:\/\/recarprofi.cz\/wp-content\/uploads\/2024\/01\/new-holland-ch4-1536x1025.jpg 1536w, https:\/\/recarprofi.cz\/wp-content\/uploads\/2024\/01\/new-holland-ch4-1024x684.jpg 1024w, https:\/\/recarprofi.cz\/wp-content\/uploads\/2024\/01\/new-holland-ch4-600x401.jpg 600w, https:\/\/recarprofi.cz\/wp-content\/uploads\/2024\/01\/new-holland-ch4.jpg 1600w\" sizes=\"(max-width: 420px) 100vw, 420px\" \/><\/a>\n\t\t\t<\/dt><\/dl><dl class='gallery-item'>\n\t\t\t<dt class='gallery-icon landscape'>\n\t\t\t\t<a data-elementor-open-lightbox=\"yes\" data-elementor-lightbox-slideshow=\"ed73094\" data-elementor-lightbox-title=\"new holland ch3\" data-e-action-hash=\"#elementor-action%3Aaction%3Dlightbox%26settings%3DeyJpZCI6MjgyMTAsInVybCI6Imh0dHBzOlwvXC9yZWNhcnByb2ZpLmN6XC93cC1jb250ZW50XC91cGxvYWRzXC8yMDI0XC8wMVwvbmV3LWhvbGxhbmQtY2gzLmpwZyIsInNsaWRlc2hvdyI6ImVkNzMwOTQifQ%3D%3D\" href='https:\/\/recarprofi.cz\/wp-content\/uploads\/2024\/01\/new-holland-ch3.jpg'><img loading=\"lazy\" decoding=\"async\" width=\"420\" height=\"282\" src=\"https:\/\/recarprofi.cz\/wp-content\/uploads\/2024\/01\/new-holland-ch3-420x282.jpg\" class=\"attachment-thumbnail size-thumbnail\" alt=\"\" srcset=\"https:\/\/recarprofi.cz\/wp-content\/uploads\/2024\/01\/new-holland-ch3-420x282.jpg 420w, https:\/\/recarprofi.cz\/wp-content\/uploads\/2024\/01\/new-holland-ch3-744x499.jpg 744w, https:\/\/recarprofi.cz\/wp-content\/uploads\/2024\/01\/new-holland-ch3-768x515.jpg 768w, https:\/\/recarprofi.cz\/wp-content\/uploads\/2024\/01\/new-holland-ch3-600x403.jpg 600w, https:\/\/recarprofi.cz\/wp-content\/uploads\/2024\/01\/new-holland-ch3.jpg 894w\" sizes=\"(max-width: 420px) 100vw, 420px\" \/><\/a>\n\t\t\t<\/dt><\/dl><br style=\"clear: both\" \/>\n\t\t<\/div>\n\t\t<\/div>\n\t\t\t\t\t\t<\/div>\n\t\t\t\t<\/div>\n\t\t\t\t\t<\/div>\n\t\t<\/div>\n\t\t\t\t\t<\/div>\n\t\t<\/section>\n\t\t\t\t<section class=\"elementor-section elementor-top-section elementor-element elementor-element-02d1b74 elementor-section-boxed elementor-section-height-default elementor-section-height-default\" data-id=\"02d1b74\" data-element_type=\"section\" data-e-type=\"section\">\n\t\t\t\t\t\t<div class=\"elementor-container elementor-column-gap-default\">\n\t\t\t\t\t<div class=\"elementor-column elementor-col-100 elementor-top-column elementor-element elementor-element-7398513\" data-id=\"7398513\" data-element_type=\"column\" data-e-type=\"column\">\n\t\t\t<div class=\"elementor-widget-wrap elementor-element-populated\">\n\t\t\t\t\t\t<div class=\"elementor-element elementor-element-01e0a1c elementor-widget elementor-widget-text-editor\" data-id=\"01e0a1c\" data-element_type=\"widget\" data-e-type=\"widget\" data-widget_type=\"text-editor.default\">\n\t\t\t\t<div class=\"elementor-widget-container\">\n\t\t\t\t\t\t\t\t\t<p><strong>Model\u00a0 \u00a0 \u00a0 \u00a0 \u00a0 \u00a0 \u00a0 \u00a0 \u00a0 \u00a0 \u00a0 \u00a0 \u00a0 \u00a0 \u00a0 \u00a0 \u00a0 \u00a0 \u00a0 \u00a0 \u00a0 \u00a0 \u00a0 \u00a0 \u00a0 \u00a0 \u00a0 \u00a0 \u00a0 \u00a0 \u00a0 \u00a0 \u00a0 \u00a0 \u00a0 \u00a0 \u00a0 \u00a0 \u00a0 \u00a0 \u00a0 \u00a0 \u00a0 \u00a0 \u00a0 \u00a0 \u00a0 \u00a0 \u00a0 \u00a0 \u00a0 \u00a0 \u00a0 \u00a0 \u00a0 \u00a0 \u00a0 \u00a0 \u00a0 \u00a0 \u00a0 \u00a0 \u00a0 \u00a0 \u00a0 \u00a0 \u00a0 \u00a0 \u00a0 \u00a0 \u00a0 \u00a0 \u00a0 \u00a0 \u00a0 \u00a0 \u00a0 \u00a0 \u00a0 \u00a0 \u00a0 \u00a0 \u00a0 \u00a0 \u00a0 \u00a0 \u00a0 \u00a0 \u00a0 \u00a0 \u00a0 \u00a0 \u00a0 \u00a0 \u00a0 \u00a0 \u00a0CH 7,70\u00a0 \u00a0 \u00a0 \u00a0 \u00a0<\/strong><\/p><table class=\"model-detail-specification-table__table-tag\" cellspacing=\"0\" cellpadding=\"0\"><tbody><tr><td class=\"model-detail-specification-table__left-most-cell \"><div class=\" model-detail-specification-table__left-side-accordion-spec-title model-detail-specification-table__cell-animation \">Motor<\/div><\/td><td class=\" model-detail-specification-table__table-cell model-detail-specification-table__table-cell--even \"><div class=\" model-detail-specification-table__spec rich-text model-detail-specification-table__cell-animation \">(8,7 l)<\/div><\/td><td class=\" model-detail-specification-table__table-cell model-detail-specification-table__table-cell--odd \">\u00a0<\/td><td class=\" model-detail-specification-table__table-cell model-detail-specification-table__table-cell--even \">\u00a0<\/td><td class=\" model-detail-specification-table__table-cell model-detail-specification-table__table-cell--odd \"><div class=\" model-detail-specification-table__spec rich-text model-detail-specification-table__cell-animation \">\u00a0<\/div><\/td><\/tr><tr><td class=\"model-detail-specification-table__left-most-cell \"><div class=\" model-detail-specification-table__left-side-accordion-spec-title model-detail-specification-table__cell-animation \">Emisn\u00ed norma<\/div><\/td><td class=\" model-detail-specification-table__table-cell model-detail-specification-table__table-cell--even \"><div class=\" model-detail-specification-table__spec rich-text model-detail-specification-table__cell-animation \">Stage V<\/div><\/td><td class=\" model-detail-specification-table__table-cell model-detail-specification-table__table-cell--odd \">\u00a0<\/td><td class=\" model-detail-specification-table__table-cell model-detail-specification-table__table-cell--even \">\u00a0<\/td><td class=\" model-detail-specification-table__table-cell model-detail-specification-table__table-cell--odd \"><div class=\" model-detail-specification-table__spec rich-text model-detail-specification-table__cell-animation \">\u00a0<\/div><\/td><\/tr><tr><td class=\"model-detail-specification-table__left-most-cell \"><div class=\" model-detail-specification-table__left-side-accordion-spec-title model-detail-specification-table__cell-animation \">Syst\u00e9m ECOBlue\u2122 HI-eSCR 2 (selektivn\u00ed katalytick\u00e1 redukce)<\/div><\/td><td class=\" model-detail-specification-table__table-cell model-detail-specification-table__table-cell--even \"><div class=\" model-detail-specification-table__spec rich-text model-detail-specification-table__cell-animation \">Standard<\/div><\/td><td class=\" model-detail-specification-table__table-cell model-detail-specification-table__table-cell--odd \">\u00a0<\/td><td class=\" model-detail-specification-table__table-cell model-detail-specification-table__table-cell--even \">\u00a0<\/td><td class=\" model-detail-specification-table__table-cell model-detail-specification-table__table-cell--odd \"><div class=\" model-detail-specification-table__spec rich-text model-detail-specification-table__cell-animation \">\u00a0<\/div><\/td><\/tr><tr><td class=\"model-detail-specification-table__left-most-cell \"><div class=\" model-detail-specification-table__left-side-accordion-spec-title model-detail-specification-table__cell-animation \">Emisn\u00ed norma<\/div><\/td><td class=\" model-detail-specification-table__table-cell model-detail-specification-table__table-cell--even \"><div class=\" model-detail-specification-table__spec rich-text model-detail-specification-table__cell-animation \">Common Rail<\/div><\/td><td class=\" model-detail-specification-table__table-cell model-detail-specification-table__table-cell--odd \">\u00a0<\/td><td class=\" model-detail-specification-table__table-cell model-detail-specification-table__table-cell--even \">\u00a0<\/td><td class=\" model-detail-specification-table__table-cell model-detail-specification-table__table-cell--odd \"><div class=\" model-detail-specification-table__spec rich-text model-detail-specification-table__cell-animation \">\u00a0<\/div><\/td><\/tr><tr><td class=\"model-detail-specification-table__left-most-cell \"><div class=\" model-detail-specification-table__left-side-accordion-spec-title model-detail-specification-table__cell-animation \">Nomin\u00e1ln\u00ed v\u00fdkon motoru p\u0159i 2100 ot.\/min \u2013 ISO 14396 \u2013 ECE R120 [kW\/hp(CV)]<\/div><\/td><td class=\" model-detail-specification-table__table-cell model-detail-specification-table__table-cell--even \"><div class=\" model-detail-specification-table__spec rich-text model-detail-specification-table__cell-animation \">245\/333<\/div><\/td><td class=\" model-detail-specification-table__table-cell model-detail-specification-table__table-cell--odd \">\u00a0<\/td><td class=\" model-detail-specification-table__table-cell model-detail-specification-table__table-cell--even \">\u00a0<\/td><td class=\" model-detail-specification-table__table-cell model-detail-specification-table__table-cell--odd \"><div class=\" model-detail-specification-table__spec rich-text model-detail-specification-table__cell-animation \">\u00a0<\/div><\/td><\/tr><tr><td class=\"model-detail-specification-table__left-most-cell \"><div class=\" model-detail-specification-table__left-side-accordion-spec-title model-detail-specification-table__cell-animation \">Maxim\u00e1ln\u00ed v\u00fdkon motoru p\u0159i 2000 ot.\/min \u2013 ISO 14396 \u2013 ECE R120 [kW\/hp(CV)]<\/div><\/td><td class=\" model-detail-specification-table__table-cell model-detail-specification-table__table-cell--even \"><div class=\" model-detail-specification-table__spec rich-text model-detail-specification-table__cell-animation \">275\/374<\/div><\/td><td class=\" model-detail-specification-table__table-cell model-detail-specification-table__table-cell--odd \"><div class=\" model-detail-specification-table__spec rich-text model-detail-specification-table__cell-animation \">\u00a0<\/div><\/td><td class=\" model-detail-specification-table__table-cell model-detail-specification-table__table-cell--even \">\u00a0<\/td><td class=\" model-detail-specification-table__table-cell model-detail-specification-table__table-cell--odd \">\u00a0<\/td><\/tr><tr><td class=\"model-detail-specification-table__left-most-cell \"><div class=\" model-detail-specification-table__left-side-accordion-spec-title model-detail-specification-table__cell-animation \">\u00a0<\/div><\/td><td class=\" model-detail-specification-table__table-cell model-detail-specification-table__table-cell--even \"><div class=\" model-detail-specification-table__spec rich-text model-detail-specification-table__cell-animation \">\u00a0<\/div><\/td><td class=\" model-detail-specification-table__table-cell model-detail-specification-table__table-cell--odd \">\u00a0<\/td><td class=\" model-detail-specification-table__table-cell model-detail-specification-table__table-cell--even \">\u00a0<\/td><td class=\" model-detail-specification-table__table-cell model-detail-specification-table__table-cell--odd \">\u00a0<\/td><\/tr><tr><td class=\"model-detail-specification-table__left-most-cell \"><div class=\" model-detail-specification-table__left-side-accordion-spec-title model-detail-specification-table__cell-animation \">Typ \u0159\u00edzen\u00ed<\/div><\/td><td class=\" model-detail-specification-table__table-cell model-detail-specification-table__table-cell--even \"><div class=\" model-detail-specification-table__spec rich-text model-detail-specification-table__cell-animation \">elektronick\u00fd<\/div><\/td><td class=\" model-detail-specification-table__table-cell model-detail-specification-table__table-cell--odd \"><div class=\" model-detail-specification-table__spec rich-text model-detail-specification-table__cell-animation \">\u00a0<\/div><\/td><td class=\" model-detail-specification-table__table-cell model-detail-specification-table__table-cell--even \">\u00a0<\/td><td class=\" model-detail-specification-table__table-cell model-detail-specification-table__table-cell--odd \">\u00a0<\/td><\/tr><tr><td class=\"model-detail-specification-table__left-most-cell \"><div class=\" model-detail-specification-table__left-side-accordion-spec-title model-detail-specification-table__cell-animation \">Vzduchov\u00fd kompresor a vzduchov\u00e1 pistole<\/div><\/td><td class=\" model-detail-specification-table__table-cell model-detail-specification-table__table-cell--even \"><div class=\" model-detail-specification-table__spec rich-text model-detail-specification-table__cell-animation \">Voliteln\u00fd<\/div><\/td><td class=\" model-detail-specification-table__table-cell model-detail-specification-table__table-cell--odd \"><div class=\" model-detail-specification-table__spec rich-text model-detail-specification-table__cell-animation \">\u00a0<\/div><\/td><td class=\" model-detail-specification-table__table-cell model-detail-specification-table__table-cell--even \">\u00a0<\/td><td class=\" model-detail-specification-table__table-cell model-detail-specification-table__table-cell--odd \">\u00a0<\/td><\/tr><tr><td class=\"model-detail-specification-table__left-most-cell model-detail-specification-table__left-most-cell--border-hidden \"><div class=\" model-detail-specification-table__left-side-accordion-spec-title model-detail-specification-table__left-side-accordion-spec-title--border-hidden model-detail-specification-table__cell-animation \">Reverz ventil\u00e1toru<\/div><\/td><td class=\" model-detail-specification-table__table-cell model-detail-specification-table__table-cell--even model-detail-specification-table__table-cell--border-hidden \"><div class=\" model-detail-specification-table__spec rich-text model-detail-specification-table__cell-animation \">Voliteln\u00fd<\/div><\/td><td class=\" model-detail-specification-table__table-cell model-detail-specification-table__table-cell--odd model-detail-specification-table__table-cell--border-hidden \">\u00a0<\/td><td class=\" model-detail-specification-table__table-cell model-detail-specification-table__table-cell--even model-detail-specification-table__table-cell--border-hidden \">\u00a0<\/td><td class=\" model-detail-specification-table__table-cell model-detail-specification-table__table-cell--odd model-detail-specification-table__table-cell--border-hidden \"><div class=\" model-detail-specification-table__spec rich-text model-detail-specification-table__cell-animation \">\u00a0<\/div><\/td><\/tr><\/tbody><\/table>\t\t\t\t\t\t\t\t<\/div>\n\t\t\t\t<\/div>\n\t\t\t\t\t<\/div>\n\t\t<\/div>\n\t\t\t\t\t<\/div>\n\t\t<\/section>\n\t\t\t\t<\/div>\n\t\t","protected":false},"excerpt":{"rendered":"<p>Firma New Holland zkombinovala svou vynikaj\u00edc\u00ed separa\u010dn\u00ed technologii Twin Rotor&#x2122; s \u00fa\u010dinn\u00fdm ml\u00e1tic\u00edm bubnem o velk\u00e9m pr\u016fm\u011bru sv\u00fdch konven\u010dn\u00edch skl\u00edzec\u00edch ml\u00e1ti\u010dek a uvedla na trh zcela nov\u00fd koncept Crossover Harvesting&#x2122;: CH. Tento stroj byl navr\u017een&hellip;<\/p>\n","protected":false},"author":1,"featured_media":28208,"parent":28124,"menu_order":3,"comment_status":"closed","ping_status":"closed","template":"","meta":{"footnotes":""},"class_list":["post-28206","page","type-page","status-publish","has-post-thumbnail","hentry"],"_links":{"self":[{"href":"https:\/\/recarprofi.cz\/uvod\/wp-json\/wp\/v2\/pages\/28206","targetHints":{"allow":["GET"]}}],"collection":[{"href":"https:\/\/recarprofi.cz\/uvod\/wp-json\/wp\/v2\/pages"}],"about":[{"href":"https:\/\/recarprofi.cz\/uvod\/wp-json\/wp\/v2\/types\/page"}],"author":[{"embeddable":true,"href":"https:\/\/recarprofi.cz\/uvod\/wp-json\/wp\/v2\/users\/1"}],"replies":[{"embeddable":true,"href":"https:\/\/recarprofi.cz\/uvod\/wp-json\/wp\/v2\/comments?post=28206"}],"version-history":[{"count":5,"href":"https:\/\/recarprofi.cz\/uvod\/wp-json\/wp\/v2\/pages\/28206\/revisions"}],"predecessor-version":[{"id":30440,"href":"https:\/\/recarprofi.cz\/uvod\/wp-json\/wp\/v2\/pages\/28206\/revisions\/30440"}],"up":[{"embeddable":true,"href":"https:\/\/recarprofi.cz\/uvod\/wp-json\/wp\/v2\/pages\/28124"}],"wp:featuredmedia":[{"embeddable":true,"href":"https:\/\/recarprofi.cz\/uvod\/wp-json\/wp\/v2\/media\/28208"}],"wp:attachment":[{"href":"https:\/\/recarprofi.cz\/uvod\/wp-json\/wp\/v2\/media?parent=28206"}],"curies":[{"name":"wp","href":"https:\/\/api.w.org\/{rel}","templated":true}]}}