{"id":28851,"date":"2024-03-22T14:13:36","date_gmt":"2024-03-22T13:13:36","guid":{"rendered":"https:\/\/recarprofi.cz\/uvod\/?page_id=28851"},"modified":"2024-04-17T15:12:44","modified_gmt":"2024-04-17T13:12:44","slug":"kbsm-12","status":"publish","type":"page","link":"https:\/\/recarprofi.cz\/uvod\/manipulacni-technika\/rucne-vedene-voziky-baoli\/kbsm-12\/","title":{"rendered":"Ru\u010dn\u011b veden\u00fd vysokozdvi\u017en\u00fd voz\u00edk Baoli KBSM-12"},"content":{"rendered":"\t\t<div data-elementor-type=\"wp-page\" data-elementor-id=\"28851\" class=\"elementor elementor-28851\">\n\t\t\t\t\t\t<section class=\"elementor-section elementor-top-section elementor-element elementor-element-205bf37 elementor-section-boxed elementor-section-height-default elementor-section-height-default\" data-id=\"205bf37\" data-element_type=\"section\" data-e-type=\"section\">\n\t\t\t\t\t\t<div class=\"elementor-container elementor-column-gap-default\">\n\t\t\t\t\t<div class=\"elementor-column elementor-col-100 elementor-top-column elementor-element elementor-element-f17e71e\" data-id=\"f17e71e\" data-element_type=\"column\" data-e-type=\"column\">\n\t\t\t<div class=\"elementor-widget-wrap elementor-element-populated\">\n\t\t\t\t\t\t<div class=\"elementor-element elementor-element-fad15a1 elementor-widget elementor-widget-image\" data-id=\"fad15a1\" data-element_type=\"widget\" data-e-type=\"widget\" data-widget_type=\"image.default\">\n\t\t\t\t<div class=\"elementor-widget-container\">\n\t\t\t\t\t\t\t\t\t\t\t\t\t\t\t<img fetchpriority=\"high\" decoding=\"async\" width=\"864\" height=\"1536\" src=\"https:\/\/recarprofi.cz\/wp-content\/uploads\/2024\/03\/baoli-kbsm-864x1536.jpg\" class=\"attachment-1536x1536 size-1536x1536 wp-image-28790\" alt=\"\" srcset=\"https:\/\/recarprofi.cz\/wp-content\/uploads\/2024\/03\/baoli-kbsm-864x1536.jpg 864w, https:\/\/recarprofi.cz\/wp-content\/uploads\/2024\/03\/baoli-kbsm-744x1323.jpg 744w, https:\/\/recarprofi.cz\/wp-content\/uploads\/2024\/03\/baoli-kbsm-1200x2134.jpg 1200w, https:\/\/recarprofi.cz\/wp-content\/uploads\/2024\/03\/baoli-kbsm-420x747.jpg 420w, https:\/\/recarprofi.cz\/wp-content\/uploads\/2024\/03\/baoli-kbsm-768x1366.jpg 768w, https:\/\/recarprofi.cz\/wp-content\/uploads\/2024\/03\/baoli-kbsm-1152x2048.jpg 1152w, https:\/\/recarprofi.cz\/wp-content\/uploads\/2024\/03\/baoli-kbsm-1024x1821.jpg 1024w, https:\/\/recarprofi.cz\/wp-content\/uploads\/2024\/03\/baoli-kbsm-607x1080.jpg 607w, https:\/\/recarprofi.cz\/wp-content\/uploads\/2024\/03\/baoli-kbsm-600x1067.jpg 600w, https:\/\/recarprofi.cz\/wp-content\/uploads\/2024\/03\/baoli-kbsm-scaled.jpg 1439w\" sizes=\"(max-width: 864px) 100vw, 864px\" \/>\t\t\t\t\t\t\t\t\t\t\t\t\t\t\t<\/div>\n\t\t\t\t<\/div>\n\t\t\t\t\t<\/div>\n\t\t<\/div>\n\t\t\t\t\t<\/div>\n\t\t<\/section>\n\t\t\t\t<section class=\"elementor-section elementor-top-section elementor-element elementor-element-0125e28 elementor-section-boxed elementor-section-height-default elementor-section-height-default\" data-id=\"0125e28\" data-element_type=\"section\" data-e-type=\"section\">\n\t\t\t\t\t\t<div class=\"elementor-container elementor-column-gap-default\">\n\t\t\t\t\t<div class=\"elementor-column elementor-col-100 elementor-top-column elementor-element elementor-element-4e4280d\" data-id=\"4e4280d\" data-element_type=\"column\" data-e-type=\"column\">\n\t\t\t<div class=\"elementor-widget-wrap elementor-element-populated\">\n\t\t\t\t\t\t<div class=\"elementor-element elementor-element-31fe548 elementor-widget elementor-widget-button\" data-id=\"31fe548\" data-element_type=\"widget\" data-e-type=\"widget\" data-widget_type=\"button.default\">\n\t\t\t\t<div class=\"elementor-widget-container\">\n\t\t\t\t\t\t\t\t\t<div class=\"elementor-button-wrapper\">\n\t\t\t\t\t<a class=\"elementor-button elementor-button-link elementor-size-sm\" href=\"https:\/\/recarprofi.cz\/uvod\/kategorie-produktu\/rucne-vedene-elektricke-voziky\/\">\n\t\t\t\t\t\t<span class=\"elementor-button-content-wrapper\">\n\t\t\t\t\t\t\t\t\t<span class=\"elementor-button-text\">Vstup do eshopu<\/span>\n\t\t\t\t\t<\/span>\n\t\t\t\t\t<\/a>\n\t\t\t\t<\/div>\n\t\t\t\t\t\t\t\t<\/div>\n\t\t\t\t<\/div>\n\t\t\t\t<div class=\"elementor-element elementor-element-c595dc9 elementor-widget elementor-widget-text-editor\" data-id=\"c595dc9\" data-element_type=\"widget\" data-e-type=\"widget\" data-widget_type=\"text-editor.default\">\n\t\t\t\t<div class=\"elementor-widget-container\">\n\t\t\t\t\t\t\t\t\t<p><span>Voz\u00edk s nosnost\u00ed 1,2 tuny a sloupov\u00fdm zvedac\u00edm za\u0159\u00edzen\u00edm se zdvihem 1.914 mm. Vidlice jsou k dispozici s celkovou \u0161\u00ed\u0159kou 570 nebo 685 mm pro r\u016fzn\u00e9 standardy n\u00e1kladov\u00fdch jednotek.\u00a0Stabilitu zaru\u010duje \u010dty\u0159kolov\u00fd podvozek.<\/span><\/p><p><span>KBSM 12 je perfektn\u00ed volbou pro nen\u00e1ro\u010dn\u00e9 aplikace v mal\u00fdch a st\u0159edn\u011b velk\u00fdch skladech.<\/span><\/p><p><span>D\u00edky sv\u00fdm kompaktn\u00edm rozm\u011br\u016fm pracuje KBSM i v neju\u017e\u0161\u00edch pracovn\u00edch prostorech a \u00fazk\u00fdch uli\u010dk\u00e1ch; krom\u011b toho m\u016f\u017ee \u0159idi\u010d snadno man\u00e9vrovat s voz\u00edkem ve st\u00edsn\u011bn\u00fdch oblastech se zvednutou oj\u00ed ve svisl\u00e9 poloze.<\/span><\/p><p><span>Lithium-iontov\u00e1 baterie a vestav\u011bn\u00e1 nab\u00edje\u010dka umo\u017e\u0148uj\u00ed snadn\u00e9 mezinab\u00edjen\u00ed a zaji\u0161\u0165uj\u00ed vysokou dostupnost a flexibilitu;\u00a0Baterii lze dob\u00edjet v jak\u00e9koli 230V z\u00e1suvce.<\/span><\/p><p><span>Funkce pojezdu a zved\u00e1n\u00ed se ovl\u00e1daj\u00ed pomoc\u00ed ergonomick\u00e9 rukojeti oje, kter\u00e1 se snadno ovl\u00e1d\u00e1 ob\u011bma rukama.<\/span><\/p><p><span>Multifunk\u010dn\u00ed displej na oji zobrazuje po\u010d\u00edtadlo motohodin, stav nabit\u00ed baterie a servisn\u00ed informace.\u00a0P\u0159\u00edstup pomoc\u00ed PIN k\u00f3du zaji\u0161\u0165uje ochranu p\u0159ed neopr\u00e1vn\u011bn\u00fdm pou\u017eit\u00edm a p\u0159edch\u00e1z\u00ed probl\u00e9mu ztr\u00e1ty kl\u00ed\u010d\u016f.<\/span><\/p><p><span>Dlouh\u00e9 oj zaji\u0161\u0165uje ergonomick\u00e9 ovl\u00e1d\u00e1n\u00ed voz\u00edku;\u00a0k \u0159\u00edzen\u00ed voz\u00edku je pot\u0159eba men\u0161\u00ed s\u00edly a \u0159idi\u010d je v bezpe\u010dn\u00e9 vzd\u00e1lenosti od vozidla.<\/span><\/p><p><span>St\u0159edov\u00e1 oj a profil sto\u017e\u00e1ru zaji\u0161\u0165uj\u00ed vynikaj\u00edc\u00ed v\u00fdhled na vidlice a n\u00e1klad.<\/span><\/p><p><span>Panel p\u0159ed sto\u017e\u00e1rem zabra\u0148uje zran\u011bn\u00ed \u0159idi\u010de.<\/span><\/p>\t\t\t\t\t\t\t\t<\/div>\n\t\t\t\t<\/div>\n\t\t\t\t\t<\/div>\n\t\t<\/div>\n\t\t\t\t\t<\/div>\n\t\t<\/section>\n\t\t\t\t<section class=\"elementor-section elementor-top-section elementor-element elementor-element-5e4b57a elementor-section-boxed elementor-section-height-default elementor-section-height-default\" data-id=\"5e4b57a\" data-element_type=\"section\" data-e-type=\"section\">\n\t\t\t\t\t\t<div class=\"elementor-container elementor-column-gap-default\">\n\t\t\t\t\t<div class=\"elementor-column elementor-col-100 elementor-top-column elementor-element elementor-element-974ca5d\" data-id=\"974ca5d\" data-element_type=\"column\" data-e-type=\"column\">\n\t\t\t<div class=\"elementor-widget-wrap elementor-element-populated\">\n\t\t\t\t\t\t<div class=\"elementor-element elementor-element-d57d48d elementor-widget elementor-widget-video\" data-id=\"d57d48d\" data-element_type=\"widget\" data-e-type=\"widget\" data-settings=\"{&quot;youtube_url&quot;:&quot;https:\\\/\\\/youtu.be\\\/av94c2XKhcg&quot;,&quot;video_type&quot;:&quot;youtube&quot;,&quot;controls&quot;:&quot;yes&quot;}\" data-widget_type=\"video.default\">\n\t\t\t\t<div class=\"elementor-widget-container\">\n\t\t\t\t\t\t\t<div class=\"elementor-wrapper elementor-open-inline\">\n\t\t\t<div class=\"elementor-video\"><\/div>\t\t<\/div>\n\t\t\t\t\t\t<\/div>\n\t\t\t\t<\/div>\n\t\t\t\t\t<\/div>\n\t\t<\/div>\n\t\t\t\t\t<\/div>\n\t\t<\/section>\n\t\t\t\t<section class=\"elementor-section elementor-top-section elementor-element elementor-element-33b8cba elementor-section-boxed elementor-section-height-default elementor-section-height-default\" data-id=\"33b8cba\" data-element_type=\"section\" data-e-type=\"section\">\n\t\t\t\t\t\t<div class=\"elementor-container elementor-column-gap-default\">\n\t\t\t\t\t<div class=\"elementor-column elementor-col-100 elementor-top-column elementor-element elementor-element-11f0267\" data-id=\"11f0267\" data-element_type=\"column\" data-e-type=\"column\">\n\t\t\t<div class=\"elementor-widget-wrap elementor-element-populated\">\n\t\t\t\t\t\t<div class=\"elementor-element elementor-element-f7fc481 elementor-widget elementor-widget-image\" data-id=\"f7fc481\" data-element_type=\"widget\" data-e-type=\"widget\" data-widget_type=\"image.default\">\n\t\t\t\t<div class=\"elementor-widget-container\">\n\t\t\t\t\t\t\t\t\t\t\t\t\t\t\t<img decoding=\"async\" width=\"847\" height=\"1312\" src=\"https:\/\/recarprofi.cz\/wp-content\/uploads\/2024\/04\/baoli-kbs1-1200x1859.jpg\" class=\"attachment-large size-large wp-image-30094\" alt=\"\" srcset=\"https:\/\/recarprofi.cz\/wp-content\/uploads\/2024\/04\/baoli-kbs1-1200x1859.jpg 1200w, https:\/\/recarprofi.cz\/wp-content\/uploads\/2024\/04\/baoli-kbs1-744x1153.jpg 744w, https:\/\/recarprofi.cz\/wp-content\/uploads\/2024\/04\/baoli-kbs1-420x651.jpg 420w, https:\/\/recarprofi.cz\/wp-content\/uploads\/2024\/04\/baoli-kbs1-768x1190.jpg 768w, https:\/\/recarprofi.cz\/wp-content\/uploads\/2024\/04\/baoli-kbs1-992x1536.jpg 992w, https:\/\/recarprofi.cz\/wp-content\/uploads\/2024\/04\/baoli-kbs1-1322x2048.jpg 1322w, https:\/\/recarprofi.cz\/wp-content\/uploads\/2024\/04\/baoli-kbs1-1024x1586.jpg 1024w, https:\/\/recarprofi.cz\/wp-content\/uploads\/2024\/04\/baoli-kbs1-697x1080.jpg 697w, https:\/\/recarprofi.cz\/wp-content\/uploads\/2024\/04\/baoli-kbs1-600x930.jpg 600w, https:\/\/recarprofi.cz\/wp-content\/uploads\/2024\/04\/baoli-kbs1-scaled.jpg 1653w\" sizes=\"(max-width: 847px) 100vw, 847px\" \/>\t\t\t\t\t\t\t\t\t\t\t\t\t\t\t<\/div>\n\t\t\t\t<\/div>\n\t\t\t\t\t<\/div>\n\t\t<\/div>\n\t\t\t\t\t<\/div>\n\t\t<\/section>\n\t\t\t\t<\/div>\n\t\t","protected":false},"excerpt":{"rendered":"<p>Vstup do eshopu Voz\u00edk s nosnost\u00ed 1,2 tuny a sloupov\u00fdm zvedac\u00edm za\u0159\u00edzen\u00edm se zdvihem 1.914 mm. Vidlice jsou k dispozici s celkovou \u0161\u00ed\u0159kou 570 nebo 685 mm pro r\u016fzn\u00e9 standardy n\u00e1kladov\u00fdch jednotek.\u00a0Stabilitu zaru\u010duje \u010dty\u0159kolov\u00fd podvozek.&hellip;<\/p>\n","protected":false},"author":1,"featured_media":0,"parent":25037,"menu_order":10,"comment_status":"closed","ping_status":"closed","template":"","meta":{"footnotes":""},"class_list":["post-28851","page","type-page","status-publish","hentry"],"_links":{"self":[{"href":"https:\/\/recarprofi.cz\/uvod\/wp-json\/wp\/v2\/pages\/28851","targetHints":{"allow":["GET"]}}],"collection":[{"href":"https:\/\/recarprofi.cz\/uvod\/wp-json\/wp\/v2\/pages"}],"about":[{"href":"https:\/\/recarprofi.cz\/uvod\/wp-json\/wp\/v2\/types\/page"}],"author":[{"embeddable":true,"href":"https:\/\/recarprofi.cz\/uvod\/wp-json\/wp\/v2\/users\/1"}],"replies":[{"embeddable":true,"href":"https:\/\/recarprofi.cz\/uvod\/wp-json\/wp\/v2\/comments?post=28851"}],"version-history":[{"count":8,"href":"https:\/\/recarprofi.cz\/uvod\/wp-json\/wp\/v2\/pages\/28851\/revisions"}],"predecessor-version":[{"id":30106,"href":"https:\/\/recarprofi.cz\/uvod\/wp-json\/wp\/v2\/pages\/28851\/revisions\/30106"}],"up":[{"embeddable":true,"href":"https:\/\/recarprofi.cz\/uvod\/wp-json\/wp\/v2\/pages\/25037"}],"wp:attachment":[{"href":"https:\/\/recarprofi.cz\/uvod\/wp-json\/wp\/v2\/media?parent=28851"}],"curies":[{"name":"wp","href":"https:\/\/api.w.org\/{rel}","templated":true}]}}

Ručně vedený vysokozdvižný vozík Baoli KBSM-12

<div data-elementor-type="wp-page" data-elementor-id="28851" class="elementor elementor-28851">
						<section class="elementor-section elementor-top-section elementor-element elementor-element-205bf37 elementor-section-boxed elementor-section-height-default elementor-section-height-default" data-id="205bf37" data-element_type="section" data-e-type="section">
						<div class="elementor-container elementor-column-gap-default">
					<div class="elementor-column elementor-col-100 elementor-top-column elementor-element elementor-element-f17e71e" data-id="f17e71e" data-element_type="column" data-e-type="column">
			<div class="elementor-widget-wrap elementor-element-populated">
						<div class="elementor-element elementor-element-fad15a1 elementor-widget elementor-widget-image" data-id="fad15a1" data-element_type="widget" data-e-type="widget" data-widget_type="image.default">
				<div class="elementor-widget-container">
															<img fetchpriority="high" decoding="async" width="864" height="1536" src="https://recarprofi.cz/wp-content/uploads/2024/03/baoli-kbsm-864x1536.jpg" class="attachment-1536x1536 size-1536x1536 wp-image-28790" alt="" srcset="https://recarprofi.cz/wp-content/uploads/2024/03/baoli-kbsm-864x1536.jpg 864w, https://recarprofi.cz/wp-content/uploads/2024/03/baoli-kbsm-744x1323.jpg 744w, https://recarprofi.cz/wp-content/uploads/2024/03/baoli-kbsm-1200x2134.jpg 1200w, https://recarprofi.cz/wp-content/uploads/2024/03/baoli-kbsm-420x747.jpg 420w, https://recarprofi.cz/wp-content/uploads/2024/03/baoli-kbsm-768x1366.jpg 768w, https://recarprofi.cz/wp-content/uploads/2024/03/baoli-kbsm-1152x2048.jpg 1152w, https://recarprofi.cz/wp-content/uploads/2024/03/baoli-kbsm-1024x1821.jpg 1024w, https://recarprofi.cz/wp-content/uploads/2024/03/baoli-kbsm-607x1080.jpg 607w, https://recarprofi.cz/wp-content/uploads/2024/03/baoli-kbsm-600x1067.jpg 600w, https://recarprofi.cz/wp-content/uploads/2024/03/baoli-kbsm-scaled.jpg 1439w" sizes="(max-width: 864px) 100vw, 864px" />															</div>
				</div>
					</div>
		</div>
					</div>
		</section>
				<section class="elementor-section elementor-top-section elementor-element elementor-element-0125e28 elementor-section-boxed elementor-section-height-default elementor-section-height-default" data-id="0125e28" data-element_type="section" data-e-type="section">
						<div class="elementor-container elementor-column-gap-default">
					<div class="elementor-column elementor-col-100 elementor-top-column elementor-element elementor-element-4e4280d" data-id="4e4280d" data-element_type="column" data-e-type="column">
			<div class="elementor-widget-wrap elementor-element-populated">
						<div class="elementor-element elementor-element-31fe548 elementor-widget elementor-widget-button" data-id="31fe548" data-element_type="widget" data-e-type="widget" data-widget_type="button.default">
				<div class="elementor-widget-container">
									<div class="elementor-button-wrapper">
					<a class="elementor-button elementor-button-link elementor-size-sm" href="https://recarprofi.cz/uvod/kategorie-produktu/rucne-vedene-elektricke-voziky/">
						<span class="elementor-button-content-wrapper">
									<span class="elementor-button-text">Vstup do eshopu</span>
					</span>
					</a>
				</div>
								</div>
				</div>
				<div class="elementor-element elementor-element-c595dc9 elementor-widget elementor-widget-text-editor" data-id="c595dc9" data-element_type="widget" data-e-type="widget" data-widget_type="text-editor.default">
				<div class="elementor-widget-container">
									<p><span>Vozík s nosností 1,2 tuny a sloupovým zvedacím zařízením se zdvihem 1.914 mm. Vidlice jsou k dispozici s celkovou šířkou 570 nebo 685 mm pro různé standardy nákladových jednotek. Stabilitu zaručuje čtyřkolový podvozek.</span></p><p><span>KBSM 12 je perfektní volbou pro nenáročné aplikace v malých a středně velkých skladech.</span></p><p><span>Díky svým kompaktním rozměrům pracuje KBSM i v nejužších pracovních prostorech a úzkých uličkách; kromě toho může řidič snadno manévrovat s vozíkem ve stísněných oblastech se zvednutou ojí ve svislé poloze.</span></p><p><span>Lithium-iontová baterie a vestavěná nabíječka umožňují snadné mezinabíjení a zajišťují vysokou dostupnost a flexibilitu; Baterii lze dobíjet v jakékoli 230V zásuvce.</span></p><p><span>Funkce pojezdu a zvedání se ovládají pomocí ergonomické rukojeti oje, která se snadno ovládá oběma rukama.</span></p><p><span>Multifunkční displej na oji zobrazuje počítadlo motohodin, stav nabití baterie a servisní informace. Přístup pomocí PIN kódu zajišťuje ochranu před neoprávněným použitím a předchází problému ztráty klíčů.</span></p><p><span>Dlouhé oj zajišťuje ergonomické ovládání vozíku; k řízení vozíku je potřeba menší síly a řidič je v bezpečné vzdálenosti od vozidla.</span></p><p><span>Středová oj a profil stožáru zajišťují vynikající výhled na vidlice a náklad.</span></p><p><span>Panel před stožárem zabraňuje zranění řidiče.</span></p>								</div>
				</div>
					</div>
		</div>
					</div>
		</section>
				<section class="elementor-section elementor-top-section elementor-element elementor-element-5e4b57a elementor-section-boxed elementor-section-height-default elementor-section-height-default" data-id="5e4b57a" data-element_type="section" data-e-type="section">
						<div class="elementor-container elementor-column-gap-default">
					<div class="elementor-column elementor-col-100 elementor-top-column elementor-element elementor-element-974ca5d" data-id="974ca5d" data-element_type="column" data-e-type="column">
			<div class="elementor-widget-wrap elementor-element-populated">
						<div class="elementor-element elementor-element-d57d48d elementor-widget elementor-widget-video" data-id="d57d48d" data-element_type="widget" data-e-type="widget" data-settings="{&quot;youtube_url&quot;:&quot;https:\/\/youtu.be\/av94c2XKhcg&quot;,&quot;video_type&quot;:&quot;youtube&quot;,&quot;controls&quot;:&quot;yes&quot;}" data-widget_type="video.default">
				<div class="elementor-widget-container">
							<div class="elementor-wrapper elementor-open-inline">
			<div class="elementor-video"></div>		</div>
						</div>
				</div>
					</div>
		</div>
					</div>
		</section>
				<section class="elementor-section elementor-top-section elementor-element elementor-element-33b8cba elementor-section-boxed elementor-section-height-default elementor-section-height-default" data-id="33b8cba" data-element_type="section" data-e-type="section">
						<div class="elementor-container elementor-column-gap-default">
					<div class="elementor-column elementor-col-100 elementor-top-column elementor-element elementor-element-11f0267" data-id="11f0267" data-element_type="column" data-e-type="column">
			<div class="elementor-widget-wrap elementor-element-populated">
						<div class="elementor-element elementor-element-f7fc481 elementor-widget elementor-widget-image" data-id="f7fc481" data-element_type="widget" data-e-type="widget" data-widget_type="image.default">
				<div class="elementor-widget-container">
															<img decoding="async" width="847" height="1312" src="https://recarprofi.cz/wp-content/uploads/2024/04/baoli-kbs1-1200x1859.jpg" class="attachment-large size-large wp-image-30094" alt="" srcset="https://recarprofi.cz/wp-content/uploads/2024/04/baoli-kbs1-1200x1859.jpg 1200w, https://recarprofi.cz/wp-content/uploads/2024/04/baoli-kbs1-744x1153.jpg 744w, https://recarprofi.cz/wp-content/uploads/2024/04/baoli-kbs1-420x651.jpg 420w, https://recarprofi.cz/wp-content/uploads/2024/04/baoli-kbs1-768x1190.jpg 768w, https://recarprofi.cz/wp-content/uploads/2024/04/baoli-kbs1-992x1536.jpg 992w, https://recarprofi.cz/wp-content/uploads/2024/04/baoli-kbs1-1322x2048.jpg 1322w, https://recarprofi.cz/wp-content/uploads/2024/04/baoli-kbs1-1024x1586.jpg 1024w, https://recarprofi.cz/wp-content/uploads/2024/04/baoli-kbs1-697x1080.jpg 697w, https://recarprofi.cz/wp-content/uploads/2024/04/baoli-kbs1-600x930.jpg 600w, https://recarprofi.cz/wp-content/uploads/2024/04/baoli-kbs1-scaled.jpg 1653w" sizes="(max-width: 847px) 100vw, 847px" />															</div>
				</div>
					</div>
		</div>
					</div>
		</section>
				</div>

<p>Vstup do eshopu Vozík s nosností 1,2 tuny a sloupovým zvedacím zařízením se zdvihem 1.914 mm. Vidlice jsou k dispozici s celkovou šířkou 570 nebo 685 mm pro různé standardy nákladových jednotek. Stabilitu zaručuje čtyřkolový podvozek.&hellip;</p>
