{"id":2956,"date":"2013-02-27T14:18:16","date_gmt":"2013-02-27T13:18:16","guid":{"rendered":"http:\/\/recarprofi.cz\/?page_id=2956"},"modified":"2024-04-26T14:59:43","modified_gmt":"2024-04-26T12:59:43","slug":"lisy","status":"publish","type":"page","link":"https:\/\/recarprofi.cz\/uvod\/zemedelska-technika\/picniny\/lisy\/","title":{"rendered":"lisy"},"content":{"rendered":"\t\t<div data-elementor-type=\"wp-page\" data-elementor-id=\"2956\" class=\"elementor elementor-2956\">\n\t\t\t\t\t\t<section class=\"elementor-section elementor-top-section elementor-element elementor-element-4d0cdcd elementor-section-boxed elementor-section-height-default elementor-section-height-default\" data-id=\"4d0cdcd\" data-element_type=\"section\" data-e-type=\"section\">\n\t\t\t\t\t\t<div class=\"elementor-container elementor-column-gap-default\">\n\t\t\t\t\t<div class=\"elementor-column elementor-col-100 elementor-top-column elementor-element elementor-element-e0d93d0\" data-id=\"e0d93d0\" data-element_type=\"column\" data-e-type=\"column\">\n\t\t\t<div class=\"elementor-widget-wrap elementor-element-populated\">\n\t\t\t\t\t\t<div class=\"elementor-element elementor-element-f8b6c4a elementor-position-left elementor-vertical-align-top elementor-widget elementor-widget-image-box\" data-id=\"f8b6c4a\" data-element_type=\"widget\" data-e-type=\"widget\" data-widget_type=\"image-box.default\">\n\t\t\t\t<div class=\"elementor-widget-container\">\n\t\t\t\t\t<div class=\"elementor-image-box-wrapper\"><figure class=\"elementor-image-box-img\"><a href=\"https:\/\/recarprofi.cz\/uvod\/zemedelska-technika\/picniny\/lisy\/hranate-unia\/\" tabindex=\"-1\"><img fetchpriority=\"high\" decoding=\"async\" width=\"284\" height=\"177\" src=\"https:\/\/recarprofi.cz\/wp-content\/uploads\/2018\/07\/unia-kostka-z711.jpg\" class=\"attachment-full size-full wp-image-10674\" alt=\"\" \/><\/a><\/figure><div class=\"elementor-image-box-content\"><h3 class=\"elementor-image-box-title\"><a href=\"https:\/\/recarprofi.cz\/uvod\/zemedelska-technika\/picniny\/lisy\/hranate-unia\/\">Lis na mal\u00e9 hranat\u00e9 bal\u00edky Unia<\/a><\/h3><\/div><\/div>\t\t\t\t<\/div>\n\t\t\t\t<\/div>\n\t\t\t\t\t<\/div>\n\t\t<\/div>\n\t\t\t\t\t<\/div>\n\t\t<\/section>\n\t\t\t\t<section class=\"elementor-section elementor-top-section elementor-element elementor-element-14205df elementor-section-boxed elementor-section-height-default elementor-section-height-default\" data-id=\"14205df\" data-element_type=\"section\" data-e-type=\"section\">\n\t\t\t\t\t\t<div class=\"elementor-container elementor-column-gap-default\">\n\t\t\t\t\t<div class=\"elementor-column elementor-col-100 elementor-top-column elementor-element elementor-element-9eaa13a\" data-id=\"9eaa13a\" data-element_type=\"column\" data-e-type=\"column\">\n\t\t\t<div class=\"elementor-widget-wrap elementor-element-populated\">\n\t\t\t\t\t\t<div class=\"elementor-element elementor-element-6b4fdbc elementor-position-left elementor-vertical-align-top elementor-widget elementor-widget-image-box\" data-id=\"6b4fdbc\" data-element_type=\"widget\" data-e-type=\"widget\" data-widget_type=\"image-box.default\">\n\t\t\t\t<div class=\"elementor-widget-container\">\n\t\t\t\t\t<div class=\"elementor-image-box-wrapper\"><figure class=\"elementor-image-box-img\"><a href=\"https:\/\/recarprofi.cz\/uvod\/zemedelska-technika\/picniny\/lisy\/kulate-ursus\/\" tabindex=\"-1\"><img decoding=\"async\" width=\"850\" height=\"700\" src=\"https:\/\/recarprofi.cz\/wp-content\/uploads\/2018\/01\/ursus-z-5432.jpg\" class=\"attachment-full size-full wp-image-9949\" alt=\"\" srcset=\"https:\/\/recarprofi.cz\/wp-content\/uploads\/2018\/01\/ursus-z-5432.jpg 850w, https:\/\/recarprofi.cz\/wp-content\/uploads\/2018\/01\/ursus-z-5432-600x494.jpg 600w, https:\/\/recarprofi.cz\/wp-content\/uploads\/2018\/01\/ursus-z-5432-420x346.jpg 420w, https:\/\/recarprofi.cz\/wp-content\/uploads\/2018\/01\/ursus-z-5432-744x613.jpg 744w, https:\/\/recarprofi.cz\/wp-content\/uploads\/2018\/01\/ursus-z-5432-768x632.jpg 768w\" sizes=\"(max-width: 850px) 100vw, 850px\" \/><\/a><\/figure><div class=\"elementor-image-box-content\"><h3 class=\"elementor-image-box-title\"><a href=\"https:\/\/recarprofi.cz\/uvod\/zemedelska-technika\/picniny\/lisy\/kulate-ursus\/\">Lisy na kulat\u00e9 bal\u00edky s pevnou \u0159et\u011bzovou komorou Ursus<\/a><\/h3><\/div><\/div>\t\t\t\t<\/div>\n\t\t\t\t<\/div>\n\t\t\t\t\t<\/div>\n\t\t<\/div>\n\t\t\t\t\t<\/div>\n\t\t<\/section>\n\t\t\t\t<section class=\"elementor-section elementor-top-section elementor-element elementor-element-9e5aa77 elementor-section-boxed elementor-section-height-default elementor-section-height-default\" data-id=\"9e5aa77\" data-element_type=\"section\" data-e-type=\"section\">\n\t\t\t\t\t\t<div class=\"elementor-container elementor-column-gap-default\">\n\t\t\t\t\t<div class=\"elementor-column elementor-col-100 elementor-top-column elementor-element elementor-element-505e4b1\" data-id=\"505e4b1\" data-element_type=\"column\" data-e-type=\"column\">\n\t\t\t<div class=\"elementor-widget-wrap elementor-element-populated\">\n\t\t\t\t\t\t<div class=\"elementor-element elementor-element-fc4292c elementor-position-left elementor-vertical-align-top elementor-widget elementor-widget-image-box\" data-id=\"fc4292c\" data-element_type=\"widget\" data-e-type=\"widget\" data-widget_type=\"image-box.default\">\n\t\t\t\t<div class=\"elementor-widget-container\">\n\t\t\t\t\t<div class=\"elementor-image-box-wrapper\"><figure class=\"elementor-image-box-img\"><a href=\"https:\/\/recarprofi.cz\/uvod\/zemedelska-technika\/picniny\/lisy\/retezo-valcova-unia\/\" tabindex=\"-1\"><img decoding=\"async\" width=\"400\" height=\"400\" src=\"https:\/\/recarprofi.cz\/wp-content\/uploads\/2019\/10\/unia-df18v-eco-1.jpg\" class=\"attachment-full size-full wp-image-15267\" alt=\"\" srcset=\"https:\/\/recarprofi.cz\/wp-content\/uploads\/2019\/10\/unia-df18v-eco-1.jpg 400w, https:\/\/recarprofi.cz\/wp-content\/uploads\/2019\/10\/unia-df18v-eco-1-100x100.jpg 100w\" sizes=\"(max-width: 400px) 100vw, 400px\" \/><\/a><\/figure><div class=\"elementor-image-box-content\"><h3 class=\"elementor-image-box-title\"><a href=\"https:\/\/recarprofi.cz\/uvod\/zemedelska-technika\/picniny\/lisy\/retezo-valcova-unia\/\">Lisy na kulat\u00e9 bal\u00edky s pevnou \u0159et\u011bzo-v\u00e1lcovou komorou Unia<\/a><\/h3><\/div><\/div>\t\t\t\t<\/div>\n\t\t\t\t<\/div>\n\t\t\t\t\t<\/div>\n\t\t<\/div>\n\t\t\t\t\t<\/div>\n\t\t<\/section>\n\t\t\t\t<section class=\"elementor-section elementor-top-section elementor-element elementor-element-e8f3539 elementor-section-boxed elementor-section-height-default elementor-section-height-default\" data-id=\"e8f3539\" data-element_type=\"section\" data-e-type=\"section\">\n\t\t\t\t\t\t<div class=\"elementor-container elementor-column-gap-default\">\n\t\t\t\t\t<div class=\"elementor-column elementor-col-100 elementor-top-column elementor-element elementor-element-902e8ee\" data-id=\"902e8ee\" data-element_type=\"column\" data-e-type=\"column\">\n\t\t\t<div class=\"elementor-widget-wrap elementor-element-populated\">\n\t\t\t\t\t\t<div class=\"elementor-element elementor-element-7aee0a0 elementor-position-left elementor-vertical-align-top elementor-widget elementor-widget-image-box\" data-id=\"7aee0a0\" data-element_type=\"widget\" data-e-type=\"widget\" data-widget_type=\"image-box.default\">\n\t\t\t\t<div class=\"elementor-widget-container\">\n\t\t\t\t\t<div class=\"elementor-image-box-wrapper\"><figure class=\"elementor-image-box-img\"><a href=\"https:\/\/recarprofi.cz\/uvod\/zemedelska-technika\/picniny\/lisy\/valcovou-unia\/\" tabindex=\"-1\"><img loading=\"lazy\" decoding=\"async\" width=\"400\" height=\"400\" src=\"https:\/\/recarprofi.cz\/wp-content\/uploads\/2019\/10\/unia-df18v-eco-2.jpg\" class=\"attachment-full size-full wp-image-15292\" alt=\"\" srcset=\"https:\/\/recarprofi.cz\/wp-content\/uploads\/2019\/10\/unia-df18v-eco-2.jpg 400w, https:\/\/recarprofi.cz\/wp-content\/uploads\/2019\/10\/unia-df18v-eco-2-100x100.jpg 100w\" sizes=\"(max-width: 400px) 100vw, 400px\" \/><\/a><\/figure><div class=\"elementor-image-box-content\"><h3 class=\"elementor-image-box-title\"><a href=\"https:\/\/recarprofi.cz\/uvod\/zemedelska-technika\/picniny\/lisy\/valcovou-unia\/\">Lisy na kulat\u00e9 bal\u00edky s pevnou v\u00e1lcovou komorou Unia<\/a><\/h3><\/div><\/div>\t\t\t\t<\/div>\n\t\t\t\t<\/div>\n\t\t\t\t\t<\/div>\n\t\t<\/div>\n\t\t\t\t\t<\/div>\n\t\t<\/section>\n\t\t\t\t<section class=\"elementor-section elementor-top-section elementor-element elementor-element-567013d elementor-section-boxed elementor-section-height-default elementor-section-height-default\" data-id=\"567013d\" data-element_type=\"section\" data-e-type=\"section\">\n\t\t\t\t\t\t<div class=\"elementor-container elementor-column-gap-default\">\n\t\t\t\t\t<div class=\"elementor-column elementor-col-100 elementor-top-column elementor-element elementor-element-7aa82e1\" data-id=\"7aa82e1\" data-element_type=\"column\" data-e-type=\"column\">\n\t\t\t<div class=\"elementor-widget-wrap elementor-element-populated\">\n\t\t\t\t\t\t<div class=\"elementor-element elementor-element-f53c63b elementor-position-left elementor-vertical-align-top elementor-widget elementor-widget-image-box\" data-id=\"f53c63b\" data-element_type=\"widget\" data-e-type=\"widget\" data-widget_type=\"image-box.default\">\n\t\t\t\t<div class=\"elementor-widget-container\">\n\t\t\t\t\t<div class=\"elementor-image-box-wrapper\"><figure class=\"elementor-image-box-img\"><a href=\"https:\/\/recarprofi.cz\/uvod\/zemedelska-technika\/picniny\/lisy\/variabilni-unia\/\" tabindex=\"-1\"><img loading=\"lazy\" decoding=\"async\" width=\"500\" height=\"500\" src=\"https:\/\/recarprofi.cz\/wp-content\/uploads\/2018\/07\/unia-df19zd.png\" class=\"attachment-full size-full wp-image-10721\" alt=\"\" srcset=\"https:\/\/recarprofi.cz\/wp-content\/uploads\/2018\/07\/unia-df19zd.png 500w, https:\/\/recarprofi.cz\/wp-content\/uploads\/2018\/07\/unia-df19zd-100x100.png 100w, https:\/\/recarprofi.cz\/wp-content\/uploads\/2018\/07\/unia-df19zd-416x416.png 416w\" sizes=\"(max-width: 500px) 100vw, 500px\" \/><\/a><\/figure><div class=\"elementor-image-box-content\"><h3 class=\"elementor-image-box-title\"><a href=\"https:\/\/recarprofi.cz\/uvod\/zemedelska-technika\/picniny\/lisy\/variabilni-unia\/\">Lisy na kulat\u00e9 bal\u00edky s variabiln\u00ed komorou Unia<\/a><\/h3><\/div><\/div>\t\t\t\t<\/div>\n\t\t\t\t<\/div>\n\t\t\t\t\t<\/div>\n\t\t<\/div>\n\t\t\t\t\t<\/div>\n\t\t<\/section>\n\t\t\t\t<\/div>\n\t\t","protected":false},"excerpt":{"rendered":"<p>Lis na mal\u00e9 hranat\u00e9 bal\u00edky Unia Lisy na kulat\u00e9 bal\u00edky s pevnou \u0159et\u011bzovou komorou Ursus Lisy na kulat\u00e9 bal\u00edky s pevnou \u0159et\u011bzo-v\u00e1lcovou komorou Unia Lisy na kulat\u00e9 bal\u00edky s pevnou v\u00e1lcovou komorou Unia Lisy na&hellip;<\/p>\n","protected":false},"author":1,"featured_media":0,"parent":134,"menu_order":4,"comment_status":"closed","ping_status":"closed","template":"","meta":{"footnotes":""},"class_list":["post-2956","page","type-page","status-publish","hentry"],"_links":{"self":[{"href":"https:\/\/recarprofi.cz\/uvod\/wp-json\/wp\/v2\/pages\/2956","targetHints":{"allow":["GET"]}}],"collection":[{"href":"https:\/\/recarprofi.cz\/uvod\/wp-json\/wp\/v2\/pages"}],"about":[{"href":"https:\/\/recarprofi.cz\/uvod\/wp-json\/wp\/v2\/types\/page"}],"author":[{"embeddable":true,"href":"https:\/\/recarprofi.cz\/uvod\/wp-json\/wp\/v2\/users\/1"}],"replies":[{"embeddable":true,"href":"https:\/\/recarprofi.cz\/uvod\/wp-json\/wp\/v2\/comments?post=2956"}],"version-history":[{"count":55,"href":"https:\/\/recarprofi.cz\/uvod\/wp-json\/wp\/v2\/pages\/2956\/revisions"}],"predecessor-version":[{"id":31410,"href":"https:\/\/recarprofi.cz\/uvod\/wp-json\/wp\/v2\/pages\/2956\/revisions\/31410"}],"up":[{"embeddable":true,"href":"https:\/\/recarprofi.cz\/uvod\/wp-json\/wp\/v2\/pages\/134"}],"wp:attachment":[{"href":"https:\/\/recarprofi.cz\/uvod\/wp-json\/wp\/v2\/media?parent=2956"}],"curies":[{"name":"wp","href":"https:\/\/api.w.org\/{rel}","templated":true}]}}