{"id":3005,"date":"2013-03-11T10:08:15","date_gmt":"2013-03-11T09:08:15","guid":{"rendered":"http:\/\/recarprofi.cz\/?page_id=3005"},"modified":"2026-01-13T08:14:41","modified_gmt":"2026-01-13T07:14:41","slug":"obracece","status":"publish","type":"page","link":"https:\/\/recarprofi.cz\/uvod\/zemedelska-technika\/picniny\/obracece\/","title":{"rendered":"Obrace\u010de p\u00edce"},"content":{"rendered":"\t\t<div data-elementor-type=\"wp-page\" data-elementor-id=\"3005\" class=\"elementor elementor-3005\">\n\t\t\t\t\t\t<section class=\"elementor-section elementor-top-section elementor-element elementor-element-216256a elementor-section-boxed elementor-section-height-default elementor-section-height-default\" data-id=\"216256a\" data-element_type=\"section\" data-e-type=\"section\">\n\t\t\t\t\t\t<div class=\"elementor-container elementor-column-gap-default\">\n\t\t\t\t\t<div class=\"elementor-column elementor-col-100 elementor-top-column elementor-element elementor-element-00c4c2b\" data-id=\"00c4c2b\" data-element_type=\"column\" data-e-type=\"column\">\n\t\t\t<div class=\"elementor-widget-wrap elementor-element-populated\">\n\t\t\t\t\t\t<div class=\"elementor-element elementor-element-8357394 elementor-position-left elementor-vertical-align-top elementor-widget elementor-widget-image-box\" data-id=\"8357394\" data-element_type=\"widget\" data-e-type=\"widget\" data-widget_type=\"image-box.default\">\n\t\t\t\t<div class=\"elementor-widget-container\">\n\t\t\t\t\t<div class=\"elementor-image-box-wrapper\"><figure class=\"elementor-image-box-img\"><a href=\"https:\/\/recarprofi.cz\/uvod\/zemedelska-technika\/picniny\/obracece\/unia\/\" tabindex=\"-1\"><img fetchpriority=\"high\" decoding=\"async\" width=\"1250\" height=\"557\" src=\"https:\/\/recarprofi.cz\/wp-content\/uploads\/2018\/07\/unia-spajder.png\" class=\"attachment-full size-full wp-image-10796\" alt=\"\" srcset=\"https:\/\/recarprofi.cz\/wp-content\/uploads\/2018\/07\/unia-spajder.png 1250w, https:\/\/recarprofi.cz\/wp-content\/uploads\/2018\/07\/unia-spajder-600x267.png 600w, https:\/\/recarprofi.cz\/wp-content\/uploads\/2018\/07\/unia-spajder-420x187.png 420w, https:\/\/recarprofi.cz\/wp-content\/uploads\/2018\/07\/unia-spajder-744x332.png 744w, https:\/\/recarprofi.cz\/wp-content\/uploads\/2018\/07\/unia-spajder-768x342.png 768w, https:\/\/recarprofi.cz\/wp-content\/uploads\/2018\/07\/unia-spajder-1200x535.png 1200w\" sizes=\"(max-width: 1250px) 100vw, 1250px\" \/><\/a><\/figure><div class=\"elementor-image-box-content\"><h3 class=\"elementor-image-box-title\"><a href=\"https:\/\/recarprofi.cz\/uvod\/zemedelska-technika\/picniny\/obracece\/unia\/\">Obrace\u010de Unia<\/a><\/h3><p class=\"elementor-image-box-description\">Pracovn\u00ed z\u00e1b\u011br 5,5m.<\/p><\/div><\/div>\t\t\t\t<\/div>\n\t\t\t\t<\/div>\n\t\t\t\t\t<\/div>\n\t\t<\/div>\n\t\t\t\t\t<\/div>\n\t\t<\/section>\n\t\t\t\t<\/div>\n\t\t","protected":false},"excerpt":{"rendered":"<p>Obrace\u010de Unia Pracovn\u00ed z\u00e1b\u011br 5,5m.<\/p>\n","protected":false},"author":1,"featured_media":0,"parent":134,"menu_order":2,"comment_status":"closed","ping_status":"closed","template":"","meta":{"footnotes":""},"class_list":["post-3005","page","type-page","status-publish","hentry"],"_links":{"self":[{"href":"https:\/\/recarprofi.cz\/uvod\/wp-json\/wp\/v2\/pages\/3005","targetHints":{"allow":["GET"]}}],"collection":[{"href":"https:\/\/recarprofi.cz\/uvod\/wp-json\/wp\/v2\/pages"}],"about":[{"href":"https:\/\/recarprofi.cz\/uvod\/wp-json\/wp\/v2\/types\/page"}],"author":[{"embeddable":true,"href":"https:\/\/recarprofi.cz\/uvod\/wp-json\/wp\/v2\/users\/1"}],"replies":[{"embeddable":true,"href":"https:\/\/recarprofi.cz\/uvod\/wp-json\/wp\/v2\/comments?post=3005"}],"version-history":[{"count":33,"href":"https:\/\/recarprofi.cz\/uvod\/wp-json\/wp\/v2\/pages\/3005\/revisions"}],"predecessor-version":[{"id":32744,"href":"https:\/\/recarprofi.cz\/uvod\/wp-json\/wp\/v2\/pages\/3005\/revisions\/32744"}],"up":[{"embeddable":true,"href":"https:\/\/recarprofi.cz\/uvod\/wp-json\/wp\/v2\/pages\/134"}],"wp:attachment":[{"href":"https:\/\/recarprofi.cz\/uvod\/wp-json\/wp\/v2\/media?parent=3005"}],"curies":[{"name":"wp","href":"https:\/\/api.w.org\/{rel}","templated":true}]}}

Obraceče píce

<div data-elementor-type="wp-page" data-elementor-id="3005" class="elementor elementor-3005">
						<section class="elementor-section elementor-top-section elementor-element elementor-element-216256a elementor-section-boxed elementor-section-height-default elementor-section-height-default" data-id="216256a" data-element_type="section" data-e-type="section">
						<div class="elementor-container elementor-column-gap-default">
					<div class="elementor-column elementor-col-100 elementor-top-column elementor-element elementor-element-00c4c2b" data-id="00c4c2b" data-element_type="column" data-e-type="column">
			<div class="elementor-widget-wrap elementor-element-populated">
						<div class="elementor-element elementor-element-8357394 elementor-position-left elementor-vertical-align-top elementor-widget elementor-widget-image-box" data-id="8357394" data-element_type="widget" data-e-type="widget" data-widget_type="image-box.default">
				<div class="elementor-widget-container">
					<div class="elementor-image-box-wrapper"><figure class="elementor-image-box-img"><a href="https://recarprofi.cz/uvod/zemedelska-technika/picniny/obracece/unia/" tabindex="-1"><img fetchpriority="high" decoding="async" width="1250" height="557" src="https://recarprofi.cz/wp-content/uploads/2018/07/unia-spajder.png" class="attachment-full size-full wp-image-10796" alt="" srcset="https://recarprofi.cz/wp-content/uploads/2018/07/unia-spajder.png 1250w, https://recarprofi.cz/wp-content/uploads/2018/07/unia-spajder-600x267.png 600w, https://recarprofi.cz/wp-content/uploads/2018/07/unia-spajder-420x187.png 420w, https://recarprofi.cz/wp-content/uploads/2018/07/unia-spajder-744x332.png 744w, https://recarprofi.cz/wp-content/uploads/2018/07/unia-spajder-768x342.png 768w, https://recarprofi.cz/wp-content/uploads/2018/07/unia-spajder-1200x535.png 1200w" sizes="(max-width: 1250px) 100vw, 1250px" /></a></figure><div class="elementor-image-box-content"><h3 class="elementor-image-box-title"><a href="https://recarprofi.cz/uvod/zemedelska-technika/picniny/obracece/unia/">Obraceče Unia</a></h3><p class="elementor-image-box-description">Pracovní záběr 5,5m.</p></div></div>				</div>
				</div>
					</div>
		</div>
					</div>
		</section>
				</div>

<p>Obraceče Unia Pracovní záběr 5,5m.</p>
