{"id":3083,"date":"2013-03-11T15:52:39","date_gmt":"2013-03-11T14:52:39","guid":{"rendered":"http:\/\/recarprofi.cz\/?page_id=3083"},"modified":"2024-04-26T15:07:45","modified_gmt":"2024-04-26T13:07:45","slug":"dvourotorovy-unia","status":"publish","type":"page","link":"https:\/\/recarprofi.cz\/uvod\/zemedelska-technika\/picniny\/shrnovace\/dvourotorovy-unia\/","title":{"rendered":"Dvourotorov\u00fd shrnova\u010d Unia"},"content":{"rendered":"\t\t<div data-elementor-type=\"wp-page\" data-elementor-id=\"3083\" class=\"elementor elementor-3083\">\n\t\t\t\t\t\t<section class=\"elementor-section elementor-top-section elementor-element elementor-element-469d8144 elementor-section-boxed elementor-section-height-default elementor-section-height-default\" data-id=\"469d8144\" data-element_type=\"section\" data-e-type=\"section\">\n\t\t\t\t\t\t<div class=\"elementor-container elementor-column-gap-default\">\n\t\t\t\t\t<div class=\"elementor-column elementor-col-100 elementor-top-column elementor-element elementor-element-1095a25a\" data-id=\"1095a25a\" data-element_type=\"column\" data-e-type=\"column\">\n\t\t\t<div class=\"elementor-widget-wrap elementor-element-populated\">\n\t\t\t\t\t\t<div class=\"elementor-element elementor-element-6cb4ac72 elementor-widget elementor-widget-text-editor\" data-id=\"6cb4ac72\" data-element_type=\"widget\" data-e-type=\"widget\" data-widget_type=\"text-editor.default\">\n\t\t\t\t<div class=\"elementor-widget-container\">\n\t\t\t\t\t\t\t\t\t<p><a href=\"https:\/\/recarprofi.cz\/wp-content\/uploads\/2018\/07\/unia-rak2.jpg\"><img fetchpriority=\"high\" decoding=\"async\" class=\"aligncenter wp-image-10809 size-full\" src=\"https:\/\/recarprofi.cz\/wp-content\/uploads\/2018\/07\/unia-rak2.jpg\" alt=\"\" width=\"1000\" height=\"421\" srcset=\"https:\/\/recarprofi.cz\/wp-content\/uploads\/2018\/07\/unia-rak2.jpg 1000w, https:\/\/recarprofi.cz\/wp-content\/uploads\/2018\/07\/unia-rak2-600x253.jpg 600w, https:\/\/recarprofi.cz\/wp-content\/uploads\/2018\/07\/unia-rak2-420x177.jpg 420w, https:\/\/recarprofi.cz\/wp-content\/uploads\/2018\/07\/unia-rak2-744x313.jpg 744w, https:\/\/recarprofi.cz\/wp-content\/uploads\/2018\/07\/unia-rak2-768x323.jpg 768w\" sizes=\"(max-width: 1000px) 100vw, 1000px\" \/><\/a><\/p><p><strong>RAK 2<\/strong> je dvourotorov\u00fd shrnova\u010d p\u00edce hydraulicky skl\u00e1dan\u00fd na podvozku. Do standardn\u00ed v\u00fdbavy pat\u0159\u00ed:<\/p><ul><li>regulace v\u00fd\u0161ky shrnov\u00e1n\u00ed<\/li><li>hydraulicky staviteln\u00fd z\u00e1b\u011br shrnov\u00e1n\u00ed<\/li><li>hydraulick\u00e9 skl\u00e1p\u011bn\u00ed rotor\u016f<\/li><li>kop\u00edrovac\u00ed syst\u00e9m rotor\u016f<\/li><li>mechanick\u00e1 blok\u00e1da<\/li><li>\u0159iditeln\u00e1 op\u011brn\u00e1 kola<\/li><li>bez\u00fadr\u017ebov\u00e1 p\u0159evodovka<\/li><li>kardan s volnob\u011b\u017enou spojkou<\/li><li>pracovn\u00ed z\u00e1b\u011br \u00a06,4 &#8211; 7,4 m<\/li><li>\u0161\u00ed\u0159ka shrnut\u00e9ho \u0159\u00e1dku 0,7 &#8211; 1,7 m<\/li><li>po\u010det rotor\u016f \u00a02<\/li><li>pr\u016fm\u011br rotoru 3,1 m<\/li><li>po\u010det ramen rotoru \u00a022<\/li><li>v\u00fdkonnost \u00a08,5 ha\/hod<\/li><li>ta\u017en\u00fd prost\u0159edek \u00a070 Hp<\/li><li>hmotnost \u00a01870 kg<\/li><\/ul><p><a href=\"http:\/\/recarprofi.cz\/wp-content\/uploads\/2018\/07\/unia-rak24.jpg\"><img decoding=\"async\" class=\"aligncenter wp-image-10818 size-full\" src=\"http:\/\/recarprofi.cz\/wp-content\/uploads\/2018\/07\/unia-rak24.jpg\" alt=\"\" width=\"500\" height=\"609\" srcset=\"https:\/\/recarprofi.cz\/wp-content\/uploads\/2018\/07\/unia-rak24.jpg 500w, https:\/\/recarprofi.cz\/wp-content\/uploads\/2018\/07\/unia-rak24-416x507.jpg 416w, https:\/\/recarprofi.cz\/wp-content\/uploads\/2018\/07\/unia-rak24-420x512.jpg 420w\" sizes=\"(max-width: 500px) 100vw, 500px\" \/><\/a><a href=\"http:\/\/recarprofi.cz\/wp-content\/uploads\/2018\/07\/unia-rak23.jpg\"><img decoding=\"async\" class=\"aligncenter wp-image-10819 size-full\" src=\"http:\/\/recarprofi.cz\/wp-content\/uploads\/2018\/07\/unia-rak23.jpg\" alt=\"\" width=\"500\" height=\"333\" srcset=\"https:\/\/recarprofi.cz\/wp-content\/uploads\/2018\/07\/unia-rak23.jpg 500w, https:\/\/recarprofi.cz\/wp-content\/uploads\/2018\/07\/unia-rak23-416x277.jpg 416w, https:\/\/recarprofi.cz\/wp-content\/uploads\/2018\/07\/unia-rak23-420x280.jpg 420w\" sizes=\"(max-width: 500px) 100vw, 500px\" \/><\/a><\/p><p><a href=\"http:\/\/recarprofi.cz\/wp-content\/uploads\/2018\/07\/unia-rak21.jpg\"><img loading=\"lazy\" decoding=\"async\" class=\"aligncenter wp-image-10817 size-full\" src=\"http:\/\/recarprofi.cz\/wp-content\/uploads\/2018\/07\/unia-rak21.jpg\" alt=\"\" width=\"1000\" height=\"368\" srcset=\"https:\/\/recarprofi.cz\/wp-content\/uploads\/2018\/07\/unia-rak21.jpg 1000w, https:\/\/recarprofi.cz\/wp-content\/uploads\/2018\/07\/unia-rak21-600x221.jpg 600w, https:\/\/recarprofi.cz\/wp-content\/uploads\/2018\/07\/unia-rak21-420x155.jpg 420w, https:\/\/recarprofi.cz\/wp-content\/uploads\/2018\/07\/unia-rak21-744x274.jpg 744w, https:\/\/recarprofi.cz\/wp-content\/uploads\/2018\/07\/unia-rak21-768x283.jpg 768w\" sizes=\"(max-width: 1000px) 100vw, 1000px\" \/><\/a><\/p>\t\t\t\t\t\t\t\t<\/div>\n\t\t\t\t<\/div>\n\t\t\t\t\t<\/div>\n\t\t<\/div>\n\t\t\t\t\t<\/div>\n\t\t<\/section>\n\t\t\t\t<\/div>\n\t\t","protected":false},"excerpt":{"rendered":"<p>RAK 2 je dvourotorov\u00fd shrnova\u010d p\u00edce hydraulicky skl\u00e1dan\u00fd na podvozku. Do standardn\u00ed v\u00fdbavy pat\u0159\u00ed: regulace v\u00fd\u0161ky shrnov\u00e1n\u00ed hydraulicky staviteln\u00fd z\u00e1b\u011br shrnov\u00e1n\u00ed hydraulick\u00e9 skl\u00e1p\u011bn\u00ed rotor\u016f kop\u00edrovac\u00ed syst\u00e9m rotor\u016f mechanick\u00e1 blok\u00e1da \u0159iditeln\u00e1 op\u011brn\u00e1 kola bez\u00fadr\u017ebov\u00e1 p\u0159evodovka kardan&hellip;<\/p>\n","protected":false},"author":1,"featured_media":0,"parent":3072,"menu_order":2,"comment_status":"closed","ping_status":"closed","template":"","meta":{"footnotes":""},"class_list":["post-3083","page","type-page","status-publish","hentry"],"_links":{"self":[{"href":"https:\/\/recarprofi.cz\/uvod\/wp-json\/wp\/v2\/pages\/3083","targetHints":{"allow":["GET"]}}],"collection":[{"href":"https:\/\/recarprofi.cz\/uvod\/wp-json\/wp\/v2\/pages"}],"about":[{"href":"https:\/\/recarprofi.cz\/uvod\/wp-json\/wp\/v2\/types\/page"}],"author":[{"embeddable":true,"href":"https:\/\/recarprofi.cz\/uvod\/wp-json\/wp\/v2\/users\/1"}],"replies":[{"embeddable":true,"href":"https:\/\/recarprofi.cz\/uvod\/wp-json\/wp\/v2\/comments?post=3083"}],"version-history":[{"count":24,"href":"https:\/\/recarprofi.cz\/uvod\/wp-json\/wp\/v2\/pages\/3083\/revisions"}],"predecessor-version":[{"id":21364,"href":"https:\/\/recarprofi.cz\/uvod\/wp-json\/wp\/v2\/pages\/3083\/revisions\/21364"}],"up":[{"embeddable":true,"href":"https:\/\/recarprofi.cz\/uvod\/wp-json\/wp\/v2\/pages\/3072"}],"wp:attachment":[{"href":"https:\/\/recarprofi.cz\/uvod\/wp-json\/wp\/v2\/media?parent=3083"}],"curies":[{"name":"wp","href":"https:\/\/api.w.org\/{rel}","templated":true}]}}