{"id":31881,"date":"2024-08-19T13:54:40","date_gmt":"2024-08-19T11:54:40","guid":{"rendered":"https:\/\/recarprofi.cz\/uvod\/?page_id=31881"},"modified":"2024-08-20T14:32:28","modified_gmt":"2024-08-20T12:32:28","slug":"vozidla-boki","status":"publish","type":"page","link":"https:\/\/recarprofi.cz\/uvod\/komunalni-technika\/vozidla-boki\/","title":{"rendered":"Vozidla Boki"},"content":{"rendered":"\t\t<div data-elementor-type=\"wp-page\" data-elementor-id=\"31881\" class=\"elementor elementor-31881\">\n\t\t\t\t\t\t<section class=\"elementor-section elementor-top-section elementor-element elementor-element-4ea8f43 elementor-section-boxed elementor-section-height-default elementor-section-height-default\" data-id=\"4ea8f43\" data-element_type=\"section\" data-e-type=\"section\">\n\t\t\t\t\t\t<div class=\"elementor-container elementor-column-gap-default\">\n\t\t\t\t\t<div class=\"elementor-column elementor-col-100 elementor-top-column elementor-element elementor-element-ddad3e7\" data-id=\"ddad3e7\" data-element_type=\"column\" data-e-type=\"column\">\n\t\t\t<div class=\"elementor-widget-wrap elementor-element-populated\">\n\t\t\t\t\t\t<div class=\"elementor-element elementor-element-9fd58cb elementor-position-left elementor-vertical-align-top elementor-widget elementor-widget-image-box\" data-id=\"9fd58cb\" data-element_type=\"widget\" data-e-type=\"widget\" data-widget_type=\"image-box.default\">\n\t\t\t\t<div class=\"elementor-widget-container\">\n\t\t\t\t\t<div class=\"elementor-image-box-wrapper\"><figure class=\"elementor-image-box-img\"><a href=\"https:\/\/recarprofi.cz\/uvod\/komunalni-technika\/vozidla-boki\/boki-1152-b\/\" tabindex=\"-1\"><img fetchpriority=\"high\" decoding=\"async\" width=\"2560\" height=\"1707\" src=\"https:\/\/recarprofi.cz\/wp-content\/uploads\/2024\/08\/boki-1-scaled.jpg\" class=\"attachment-full size-full wp-image-31883\" alt=\"\" srcset=\"https:\/\/recarprofi.cz\/wp-content\/uploads\/2024\/08\/boki-1-scaled.jpg 2560w, https:\/\/recarprofi.cz\/wp-content\/uploads\/2024\/08\/boki-1-744x496.jpg 744w, https:\/\/recarprofi.cz\/wp-content\/uploads\/2024\/08\/boki-1-1200x800.jpg 1200w, https:\/\/recarprofi.cz\/wp-content\/uploads\/2024\/08\/boki-1-420x280.jpg 420w, https:\/\/recarprofi.cz\/wp-content\/uploads\/2024\/08\/boki-1-768x512.jpg 768w, https:\/\/recarprofi.cz\/wp-content\/uploads\/2024\/08\/boki-1-1536x1024.jpg 1536w, https:\/\/recarprofi.cz\/wp-content\/uploads\/2024\/08\/boki-1-2048x1366.jpg 2048w, https:\/\/recarprofi.cz\/wp-content\/uploads\/2024\/08\/boki-1-1024x683.jpg 1024w, https:\/\/recarprofi.cz\/wp-content\/uploads\/2024\/08\/boki-1-1619x1080.jpg 1619w, https:\/\/recarprofi.cz\/wp-content\/uploads\/2024\/08\/boki-1-600x400.jpg 600w\" sizes=\"(max-width: 2560px) 100vw, 2560px\" \/><\/a><\/figure><div class=\"elementor-image-box-content\"><h3 class=\"elementor-image-box-title\"><a href=\"https:\/\/recarprofi.cz\/uvod\/komunalni-technika\/vozidla-boki\/boki-1152-b\/\">Boki 1152<\/a><\/h3><p class=\"elementor-image-box-description\">V\u00fdkon motoru 84 nebo 110 kW. \n\u0160\u00ed\u0159ka od 1.400 mm<\/p><\/div><\/div>\t\t\t\t<\/div>\n\t\t\t\t<\/div>\n\t\t\t\t\t<\/div>\n\t\t<\/div>\n\t\t\t\t\t<\/div>\n\t\t<\/section>\n\t\t\t\t<section class=\"elementor-section elementor-top-section elementor-element elementor-element-3192e61 elementor-section-boxed elementor-section-height-default elementor-section-height-default\" data-id=\"3192e61\" data-element_type=\"section\" data-e-type=\"section\">\n\t\t\t\t\t\t<div class=\"elementor-container elementor-column-gap-default\">\n\t\t\t\t\t<div class=\"elementor-column elementor-col-100 elementor-top-column elementor-element elementor-element-3e3fafd\" data-id=\"3e3fafd\" data-element_type=\"column\" data-e-type=\"column\">\n\t\t\t<div class=\"elementor-widget-wrap elementor-element-populated\">\n\t\t\t\t\t\t<div class=\"elementor-element elementor-element-b1c8311 elementor-position-right elementor-vertical-align-top elementor-widget elementor-widget-image-box\" data-id=\"b1c8311\" data-element_type=\"widget\" data-e-type=\"widget\" data-widget_type=\"image-box.default\">\n\t\t\t\t<div class=\"elementor-widget-container\">\n\t\t\t\t\t<div class=\"elementor-image-box-wrapper\"><figure class=\"elementor-image-box-img\"><a href=\"https:\/\/recarprofi.cz\/uvod\/komunalni-technika\/vozidla-boki\/boki-1252-b\/\" tabindex=\"-1\"><img decoding=\"async\" width=\"2560\" height=\"1920\" src=\"https:\/\/recarprofi.cz\/wp-content\/uploads\/2024\/08\/boki-2-scaled.jpg\" class=\"attachment-full size-full wp-image-31884\" alt=\"\" srcset=\"https:\/\/recarprofi.cz\/wp-content\/uploads\/2024\/08\/boki-2-scaled.jpg 2560w, https:\/\/recarprofi.cz\/wp-content\/uploads\/2024\/08\/boki-2-744x558.jpg 744w, https:\/\/recarprofi.cz\/wp-content\/uploads\/2024\/08\/boki-2-1200x900.jpg 1200w, https:\/\/recarprofi.cz\/wp-content\/uploads\/2024\/08\/boki-2-420x315.jpg 420w, https:\/\/recarprofi.cz\/wp-content\/uploads\/2024\/08\/boki-2-768x576.jpg 768w, https:\/\/recarprofi.cz\/wp-content\/uploads\/2024\/08\/boki-2-1536x1152.jpg 1536w, https:\/\/recarprofi.cz\/wp-content\/uploads\/2024\/08\/boki-2-2048x1536.jpg 2048w, https:\/\/recarprofi.cz\/wp-content\/uploads\/2024\/08\/boki-2-1024x768.jpg 1024w, https:\/\/recarprofi.cz\/wp-content\/uploads\/2024\/08\/boki-2-1440x1080.jpg 1440w, https:\/\/recarprofi.cz\/wp-content\/uploads\/2024\/08\/boki-2-600x450.jpg 600w\" sizes=\"(max-width: 2560px) 100vw, 2560px\" \/><\/a><\/figure><div class=\"elementor-image-box-content\"><h3 class=\"elementor-image-box-title\"><a href=\"https:\/\/recarprofi.cz\/uvod\/komunalni-technika\/vozidla-boki\/boki-1252-b\/\">Boki 1252<\/a><\/h3><p class=\"elementor-image-box-description\">V\u00fdkon motoru 84 kW. \u0160\u00ed\u0159ka od 1.300 mm<\/p><\/div><\/div>\t\t\t\t<\/div>\n\t\t\t\t<\/div>\n\t\t\t\t\t<\/div>\n\t\t<\/div>\n\t\t\t\t\t<\/div>\n\t\t<\/section>\n\t\t\t\t<section class=\"elementor-section elementor-top-section elementor-element elementor-element-a8fabf1 elementor-section-boxed elementor-section-height-default elementor-section-height-default\" data-id=\"a8fabf1\" data-element_type=\"section\" data-e-type=\"section\">\n\t\t\t\t\t\t<div class=\"elementor-container elementor-column-gap-default\">\n\t\t\t\t\t<div class=\"elementor-column elementor-col-100 elementor-top-column elementor-element elementor-element-6a76327\" data-id=\"6a76327\" data-element_type=\"column\" data-e-type=\"column\">\n\t\t\t<div class=\"elementor-widget-wrap elementor-element-populated\">\n\t\t\t\t\t\t<div class=\"elementor-element elementor-element-2354d08 elementor-position-left elementor-vertical-align-top elementor-widget elementor-widget-image-box\" data-id=\"2354d08\" data-element_type=\"widget\" data-e-type=\"widget\" data-widget_type=\"image-box.default\">\n\t\t\t\t<div class=\"elementor-widget-container\">\n\t\t\t\t\t<div class=\"elementor-image-box-wrapper\"><figure class=\"elementor-image-box-img\"><a href=\"https:\/\/recarprofi.cz\/uvod\/komunalni-technika\/vozidla-boki\/boki-hy-1352-b\/\" tabindex=\"-1\"><img decoding=\"async\" src=\"https:\/\/recarprofi.cz\/wp-content\/uploads\/2024\/08\/boki.jpg\" title=\"\" alt=\"\" loading=\"lazy\" \/><\/a><\/figure><div class=\"elementor-image-box-content\"><h3 class=\"elementor-image-box-title\"><a href=\"https:\/\/recarprofi.cz\/uvod\/komunalni-technika\/vozidla-boki\/boki-hy-1352-b\/\">Boki 1352<\/a><\/h3><p class=\"elementor-image-box-description\">V\u00fdkon motoru 110 kW. \u0160\u00ed\u0159ka od 1.400 mm<\/p><\/div><\/div>\t\t\t\t<\/div>\n\t\t\t\t<\/div>\n\t\t\t\t\t<\/div>\n\t\t<\/div>\n\t\t\t\t\t<\/div>\n\t\t<\/section>\n\t\t\t\t<section class=\"elementor-section elementor-top-section elementor-element elementor-element-047a1e0 elementor-section-boxed elementor-section-height-default elementor-section-height-default\" data-id=\"047a1e0\" data-element_type=\"section\" data-e-type=\"section\">\n\t\t\t\t\t\t<div class=\"elementor-container elementor-column-gap-default\">\n\t\t\t\t\t<div class=\"elementor-column elementor-col-100 elementor-top-column elementor-element elementor-element-026c725\" data-id=\"026c725\" data-element_type=\"column\" data-e-type=\"column\">\n\t\t\t<div class=\"elementor-widget-wrap elementor-element-populated\">\n\t\t\t\t\t\t<div class=\"elementor-element elementor-element-11e56f6 elementor-position-right elementor-vertical-align-top elementor-widget elementor-widget-image-box\" data-id=\"11e56f6\" data-element_type=\"widget\" data-e-type=\"widget\" data-widget_type=\"image-box.default\">\n\t\t\t\t<div class=\"elementor-widget-container\">\n\t\t\t\t\t<div class=\"elementor-image-box-wrapper\"><figure class=\"elementor-image-box-img\"><img decoding=\"async\" width=\"2560\" height=\"1440\" src=\"https:\/\/recarprofi.cz\/wp-content\/uploads\/2024\/08\/boki-8-scaled.jpg\" class=\"attachment-full size-full wp-image-31886\" alt=\"\" srcset=\"https:\/\/recarprofi.cz\/wp-content\/uploads\/2024\/08\/boki-8-scaled.jpg 2560w, https:\/\/recarprofi.cz\/wp-content\/uploads\/2024\/08\/boki-8-744x419.jpg 744w, https:\/\/recarprofi.cz\/wp-content\/uploads\/2024\/08\/boki-8-1200x675.jpg 1200w, https:\/\/recarprofi.cz\/wp-content\/uploads\/2024\/08\/boki-8-420x236.jpg 420w, https:\/\/recarprofi.cz\/wp-content\/uploads\/2024\/08\/boki-8-768x432.jpg 768w, https:\/\/recarprofi.cz\/wp-content\/uploads\/2024\/08\/boki-8-1536x864.jpg 1536w, https:\/\/recarprofi.cz\/wp-content\/uploads\/2024\/08\/boki-8-2048x1152.jpg 2048w, https:\/\/recarprofi.cz\/wp-content\/uploads\/2024\/08\/boki-8-1024x576.jpg 1024w, https:\/\/recarprofi.cz\/wp-content\/uploads\/2024\/08\/boki-8-1920x1080.jpg 1920w, https:\/\/recarprofi.cz\/wp-content\/uploads\/2024\/08\/boki-8-600x338.jpg 600w\" sizes=\"(max-width: 2560px) 100vw, 2560px\" \/><\/figure><div class=\"elementor-image-box-content\"><h3 class=\"elementor-image-box-title\">Boki 1152 T<\/h3><p class=\"elementor-image-box-description\">V\u00fdkon motoru 110 kW. \u0160\u00ed\u0159ka 1.700 mm<\/p><\/div><\/div>\t\t\t\t<\/div>\n\t\t\t\t<\/div>\n\t\t\t\t\t<\/div>\n\t\t<\/div>\n\t\t\t\t\t<\/div>\n\t\t<\/section>\n\t\t\t\t<section class=\"elementor-section elementor-top-section elementor-element elementor-element-88c7ba9 elementor-section-boxed elementor-section-height-default elementor-section-height-default\" data-id=\"88c7ba9\" data-element_type=\"section\" data-e-type=\"section\">\n\t\t\t\t\t\t<div class=\"elementor-container elementor-column-gap-default\">\n\t\t\t\t\t<div class=\"elementor-column elementor-col-100 elementor-top-column elementor-element elementor-element-a289c91\" data-id=\"a289c91\" data-element_type=\"column\" data-e-type=\"column\">\n\t\t\t<div class=\"elementor-widget-wrap elementor-element-populated\">\n\t\t\t\t\t\t<div class=\"elementor-element elementor-element-bf90fe8 elementor-position-left elementor-vertical-align-top elementor-widget elementor-widget-image-box\" data-id=\"bf90fe8\" data-element_type=\"widget\" data-e-type=\"widget\" data-widget_type=\"image-box.default\">\n\t\t\t\t<div class=\"elementor-widget-container\">\n\t\t\t\t\t<div class=\"elementor-image-box-wrapper\"><figure class=\"elementor-image-box-img\"><a href=\"https:\/\/recarprofi.cz\/uvod\/komunalni-technika\/vozidla-boki\/boki-hy-1352-t\/\" tabindex=\"-1\"><img loading=\"lazy\" decoding=\"async\" width=\"960\" height=\"720\" src=\"https:\/\/recarprofi.cz\/wp-content\/uploads\/2024\/08\/boki-9.jpg\" class=\"attachment-full size-full wp-image-31887\" alt=\"\" srcset=\"https:\/\/recarprofi.cz\/wp-content\/uploads\/2024\/08\/boki-9.jpg 960w, https:\/\/recarprofi.cz\/wp-content\/uploads\/2024\/08\/boki-9-744x558.jpg 744w, https:\/\/recarprofi.cz\/wp-content\/uploads\/2024\/08\/boki-9-420x315.jpg 420w, https:\/\/recarprofi.cz\/wp-content\/uploads\/2024\/08\/boki-9-768x576.jpg 768w, https:\/\/recarprofi.cz\/wp-content\/uploads\/2024\/08\/boki-9-600x450.jpg 600w\" sizes=\"(max-width: 960px) 100vw, 960px\" \/><\/a><\/figure><div class=\"elementor-image-box-content\"><h3 class=\"elementor-image-box-title\"><a href=\"https:\/\/recarprofi.cz\/uvod\/komunalni-technika\/vozidla-boki\/boki-hy-1352-t\/\">Boki 1352 T<\/a><\/h3><p class=\"elementor-image-box-description\">V\u00fdkon 110 kW. \u0160\u00ed\u0159ka 1.700 mm<\/p><\/div><\/div>\t\t\t\t<\/div>\n\t\t\t\t<\/div>\n\t\t\t\t\t<\/div>\n\t\t<\/div>\n\t\t\t\t\t<\/div>\n\t\t<\/section>\n\t\t\t\t<\/div>\n\t\t","protected":false},"excerpt":{"rendered":"<p>Boki 1152 V\u00fdkon motoru 84 nebo 110 kW. \u0160\u00ed\u0159ka od 1.400 mm Boki 1252 V\u00fdkon motoru 84 kW. \u0160\u00ed\u0159ka od 1.300 mm Boki 1352 V\u00fdkon motoru 110 kW. \u0160\u00ed\u0159ka od 1.400 mm Boki 1152 T&hellip;<\/p>\n","protected":false},"author":1,"featured_media":31891,"parent":6072,"menu_order":3,"comment_status":"closed","ping_status":"closed","template":"","meta":{"footnotes":""},"class_list":["post-31881","page","type-page","status-publish","has-post-thumbnail","hentry"],"_links":{"self":[{"href":"https:\/\/recarprofi.cz\/uvod\/wp-json\/wp\/v2\/pages\/31881","targetHints":{"allow":["GET"]}}],"collection":[{"href":"https:\/\/recarprofi.cz\/uvod\/wp-json\/wp\/v2\/pages"}],"about":[{"href":"https:\/\/recarprofi.cz\/uvod\/wp-json\/wp\/v2\/types\/page"}],"author":[{"embeddable":true,"href":"https:\/\/recarprofi.cz\/uvod\/wp-json\/wp\/v2\/users\/1"}],"replies":[{"embeddable":true,"href":"https:\/\/recarprofi.cz\/uvod\/wp-json\/wp\/v2\/comments?post=31881"}],"version-history":[{"count":20,"href":"https:\/\/recarprofi.cz\/uvod\/wp-json\/wp\/v2\/pages\/31881\/revisions"}],"predecessor-version":[{"id":31985,"href":"https:\/\/recarprofi.cz\/uvod\/wp-json\/wp\/v2\/pages\/31881\/revisions\/31985"}],"up":[{"embeddable":true,"href":"https:\/\/recarprofi.cz\/uvod\/wp-json\/wp\/v2\/pages\/6072"}],"wp:featuredmedia":[{"embeddable":true,"href":"https:\/\/recarprofi.cz\/uvod\/wp-json\/wp\/v2\/media\/31891"}],"wp:attachment":[{"href":"https:\/\/recarprofi.cz\/uvod\/wp-json\/wp\/v2\/media?parent=31881"}],"curies":[{"name":"wp","href":"https:\/\/api.w.org\/{rel}","templated":true}]}}

<div data-elementor-type="wp-page" data-elementor-id="31881" class="elementor elementor-31881">
						<section class="elementor-section elementor-top-section elementor-element elementor-element-4ea8f43 elementor-section-boxed elementor-section-height-default elementor-section-height-default" data-id="4ea8f43" data-element_type="section" data-e-type="section">
						<div class="elementor-container elementor-column-gap-default">
					<div class="elementor-column elementor-col-100 elementor-top-column elementor-element elementor-element-ddad3e7" data-id="ddad3e7" data-element_type="column" data-e-type="column">
			<div class="elementor-widget-wrap elementor-element-populated">
						<div class="elementor-element elementor-element-9fd58cb elementor-position-left elementor-vertical-align-top elementor-widget elementor-widget-image-box" data-id="9fd58cb" data-element_type="widget" data-e-type="widget" data-widget_type="image-box.default">
				<div class="elementor-widget-container">
					<div class="elementor-image-box-wrapper"><figure class="elementor-image-box-img"><a href="https://recarprofi.cz/uvod/komunalni-technika/vozidla-boki/boki-1152-b/" tabindex="-1"><img fetchpriority="high" decoding="async" width="2560" height="1707" src="https://recarprofi.cz/wp-content/uploads/2024/08/boki-1-scaled.jpg" class="attachment-full size-full wp-image-31883" alt="" srcset="https://recarprofi.cz/wp-content/uploads/2024/08/boki-1-scaled.jpg 2560w, https://recarprofi.cz/wp-content/uploads/2024/08/boki-1-744x496.jpg 744w, https://recarprofi.cz/wp-content/uploads/2024/08/boki-1-1200x800.jpg 1200w, https://recarprofi.cz/wp-content/uploads/2024/08/boki-1-420x280.jpg 420w, https://recarprofi.cz/wp-content/uploads/2024/08/boki-1-768x512.jpg 768w, https://recarprofi.cz/wp-content/uploads/2024/08/boki-1-1536x1024.jpg 1536w, https://recarprofi.cz/wp-content/uploads/2024/08/boki-1-2048x1366.jpg 2048w, https://recarprofi.cz/wp-content/uploads/2024/08/boki-1-1024x683.jpg 1024w, https://recarprofi.cz/wp-content/uploads/2024/08/boki-1-1619x1080.jpg 1619w, https://recarprofi.cz/wp-content/uploads/2024/08/boki-1-600x400.jpg 600w" sizes="(max-width: 2560px) 100vw, 2560px" /></a></figure><div class="elementor-image-box-content"><h3 class="elementor-image-box-title"><a href="https://recarprofi.cz/uvod/komunalni-technika/vozidla-boki/boki-1152-b/">Boki 1152</a></h3><p class="elementor-image-box-description">Výkon motoru 84 nebo 110 kW. 
Šířka od 1.400 mm</p></div></div>				</div>
				</div>
					</div>
		</div>
					</div>
		</section>
				<section class="elementor-section elementor-top-section elementor-element elementor-element-3192e61 elementor-section-boxed elementor-section-height-default elementor-section-height-default" data-id="3192e61" data-element_type="section" data-e-type="section">
						<div class="elementor-container elementor-column-gap-default">
					<div class="elementor-column elementor-col-100 elementor-top-column elementor-element elementor-element-3e3fafd" data-id="3e3fafd" data-element_type="column" data-e-type="column">
			<div class="elementor-widget-wrap elementor-element-populated">
						<div class="elementor-element elementor-element-b1c8311 elementor-position-right elementor-vertical-align-top elementor-widget elementor-widget-image-box" data-id="b1c8311" data-element_type="widget" data-e-type="widget" data-widget_type="image-box.default">
				<div class="elementor-widget-container">
					<div class="elementor-image-box-wrapper"><figure class="elementor-image-box-img"><a href="https://recarprofi.cz/uvod/komunalni-technika/vozidla-boki/boki-1252-b/" tabindex="-1"><img decoding="async" width="2560" height="1920" src="https://recarprofi.cz/wp-content/uploads/2024/08/boki-2-scaled.jpg" class="attachment-full size-full wp-image-31884" alt="" srcset="https://recarprofi.cz/wp-content/uploads/2024/08/boki-2-scaled.jpg 2560w, https://recarprofi.cz/wp-content/uploads/2024/08/boki-2-744x558.jpg 744w, https://recarprofi.cz/wp-content/uploads/2024/08/boki-2-1200x900.jpg 1200w, https://recarprofi.cz/wp-content/uploads/2024/08/boki-2-420x315.jpg 420w, https://recarprofi.cz/wp-content/uploads/2024/08/boki-2-768x576.jpg 768w, https://recarprofi.cz/wp-content/uploads/2024/08/boki-2-1536x1152.jpg 1536w, https://recarprofi.cz/wp-content/uploads/2024/08/boki-2-2048x1536.jpg 2048w, https://recarprofi.cz/wp-content/uploads/2024/08/boki-2-1024x768.jpg 1024w, https://recarprofi.cz/wp-content/uploads/2024/08/boki-2-1440x1080.jpg 1440w, https://recarprofi.cz/wp-content/uploads/2024/08/boki-2-600x450.jpg 600w" sizes="(max-width: 2560px) 100vw, 2560px" /></a></figure><div class="elementor-image-box-content"><h3 class="elementor-image-box-title"><a href="https://recarprofi.cz/uvod/komunalni-technika/vozidla-boki/boki-1252-b/">Boki 1252</a></h3><p class="elementor-image-box-description">Výkon motoru 84 kW. Šířka od 1.300 mm</p></div></div>				</div>
				</div>
					</div>
		</div>
					</div>
		</section>
				<section class="elementor-section elementor-top-section elementor-element elementor-element-a8fabf1 elementor-section-boxed elementor-section-height-default elementor-section-height-default" data-id="a8fabf1" data-element_type="section" data-e-type="section">
						<div class="elementor-container elementor-column-gap-default">
					<div class="elementor-column elementor-col-100 elementor-top-column elementor-element elementor-element-6a76327" data-id="6a76327" data-element_type="column" data-e-type="column">
			<div class="elementor-widget-wrap elementor-element-populated">
						<div class="elementor-element elementor-element-2354d08 elementor-position-left elementor-vertical-align-top elementor-widget elementor-widget-image-box" data-id="2354d08" data-element_type="widget" data-e-type="widget" data-widget_type="image-box.default">
				<div class="elementor-widget-container">
					<div class="elementor-image-box-wrapper"><figure class="elementor-image-box-img"><a href="https://recarprofi.cz/uvod/komunalni-technika/vozidla-boki/boki-hy-1352-b/" tabindex="-1"><img decoding="async" src="https://recarprofi.cz/wp-content/uploads/2024/08/boki.jpg" title="" alt="" loading="lazy" /></a></figure><div class="elementor-image-box-content"><h3 class="elementor-image-box-title"><a href="https://recarprofi.cz/uvod/komunalni-technika/vozidla-boki/boki-hy-1352-b/">Boki 1352</a></h3><p class="elementor-image-box-description">Výkon motoru 110 kW. Šířka od 1.400 mm</p></div></div>				</div>
				</div>
					</div>
		</div>
					</div>
		</section>
				<section class="elementor-section elementor-top-section elementor-element elementor-element-047a1e0 elementor-section-boxed elementor-section-height-default elementor-section-height-default" data-id="047a1e0" data-element_type="section" data-e-type="section">
						<div class="elementor-container elementor-column-gap-default">
					<div class="elementor-column elementor-col-100 elementor-top-column elementor-element elementor-element-026c725" data-id="026c725" data-element_type="column" data-e-type="column">
			<div class="elementor-widget-wrap elementor-element-populated">
						<div class="elementor-element elementor-element-11e56f6 elementor-position-right elementor-vertical-align-top elementor-widget elementor-widget-image-box" data-id="11e56f6" data-element_type="widget" data-e-type="widget" data-widget_type="image-box.default">
				<div class="elementor-widget-container">
					<div class="elementor-image-box-wrapper"><figure class="elementor-image-box-img"><img decoding="async" width="2560" height="1440" src="https://recarprofi.cz/wp-content/uploads/2024/08/boki-8-scaled.jpg" class="attachment-full size-full wp-image-31886" alt="" srcset="https://recarprofi.cz/wp-content/uploads/2024/08/boki-8-scaled.jpg 2560w, https://recarprofi.cz/wp-content/uploads/2024/08/boki-8-744x419.jpg 744w, https://recarprofi.cz/wp-content/uploads/2024/08/boki-8-1200x675.jpg 1200w, https://recarprofi.cz/wp-content/uploads/2024/08/boki-8-420x236.jpg 420w, https://recarprofi.cz/wp-content/uploads/2024/08/boki-8-768x432.jpg 768w, https://recarprofi.cz/wp-content/uploads/2024/08/boki-8-1536x864.jpg 1536w, https://recarprofi.cz/wp-content/uploads/2024/08/boki-8-2048x1152.jpg 2048w, https://recarprofi.cz/wp-content/uploads/2024/08/boki-8-1024x576.jpg 1024w, https://recarprofi.cz/wp-content/uploads/2024/08/boki-8-1920x1080.jpg 1920w, https://recarprofi.cz/wp-content/uploads/2024/08/boki-8-600x338.jpg 600w" sizes="(max-width: 2560px) 100vw, 2560px" /></figure><div class="elementor-image-box-content"><h3 class="elementor-image-box-title">Boki 1152 T</h3><p class="elementor-image-box-description">Výkon motoru 110 kW. Šířka 1.700 mm</p></div></div>				</div>
				</div>
					</div>
		</div>
					</div>
		</section>
				<section class="elementor-section elementor-top-section elementor-element elementor-element-88c7ba9 elementor-section-boxed elementor-section-height-default elementor-section-height-default" data-id="88c7ba9" data-element_type="section" data-e-type="section">
						<div class="elementor-container elementor-column-gap-default">
					<div class="elementor-column elementor-col-100 elementor-top-column elementor-element elementor-element-a289c91" data-id="a289c91" data-element_type="column" data-e-type="column">
			<div class="elementor-widget-wrap elementor-element-populated">
						<div class="elementor-element elementor-element-bf90fe8 elementor-position-left elementor-vertical-align-top elementor-widget elementor-widget-image-box" data-id="bf90fe8" data-element_type="widget" data-e-type="widget" data-widget_type="image-box.default">
				<div class="elementor-widget-container">
					<div class="elementor-image-box-wrapper"><figure class="elementor-image-box-img"><a href="https://recarprofi.cz/uvod/komunalni-technika/vozidla-boki/boki-hy-1352-t/" tabindex="-1"><img loading="lazy" decoding="async" width="960" height="720" src="https://recarprofi.cz/wp-content/uploads/2024/08/boki-9.jpg" class="attachment-full size-full wp-image-31887" alt="" srcset="https://recarprofi.cz/wp-content/uploads/2024/08/boki-9.jpg 960w, https://recarprofi.cz/wp-content/uploads/2024/08/boki-9-744x558.jpg 744w, https://recarprofi.cz/wp-content/uploads/2024/08/boki-9-420x315.jpg 420w, https://recarprofi.cz/wp-content/uploads/2024/08/boki-9-768x576.jpg 768w, https://recarprofi.cz/wp-content/uploads/2024/08/boki-9-600x450.jpg 600w" sizes="(max-width: 960px) 100vw, 960px" /></a></figure><div class="elementor-image-box-content"><h3 class="elementor-image-box-title"><a href="https://recarprofi.cz/uvod/komunalni-technika/vozidla-boki/boki-hy-1352-t/">Boki 1352 T</a></h3><p class="elementor-image-box-description">Výkon 110 kW. Šířka 1.700 mm</p></div></div>				</div>
				</div>
					</div>
		</div>
					</div>
		</section>
				</div>

<p>Boki 1152 Výkon motoru 84 nebo 110 kW. Šířka od 1.400 mm Boki 1252 Výkon motoru 84 kW. Šířka od 1.300 mm Boki 1352 Výkon motoru 110 kW. Šířka od 1.400 mm Boki 1152 T&hellip;</p>
