{"id":3230,"date":"2013-03-12T13:53:52","date_gmt":"2013-03-12T12:53:52","guid":{"rendered":"http:\/\/recarprofi.cz\/?page_id=3230"},"modified":"2024-04-26T15:00:11","modified_gmt":"2024-04-26T13:00:11","slug":"hranate-unia","status":"publish","type":"page","link":"https:\/\/recarprofi.cz\/uvod\/zemedelska-technika\/picniny\/lisy\/hranate-unia\/","title":{"rendered":"Lis na mal\u00e9 hranat\u00e9 bal\u00edky Unia"},"content":{"rendered":"\t\t<div data-elementor-type=\"wp-page\" data-elementor-id=\"3230\" class=\"elementor elementor-3230\">\n\t\t\t\t\t\t<section class=\"elementor-section elementor-top-section elementor-element elementor-element-3610cc86 elementor-section-boxed elementor-section-height-default elementor-section-height-default\" data-id=\"3610cc86\" data-element_type=\"section\" data-e-type=\"section\">\n\t\t\t\t\t\t<div class=\"elementor-container elementor-column-gap-default\">\n\t\t\t\t\t<div class=\"elementor-column elementor-col-100 elementor-top-column elementor-element elementor-element-7b9e193b\" data-id=\"7b9e193b\" data-element_type=\"column\" data-e-type=\"column\">\n\t\t\t<div class=\"elementor-widget-wrap elementor-element-populated\">\n\t\t\t\t\t\t<div class=\"elementor-element elementor-element-72e7dd0b elementor-widget elementor-widget-text-editor\" data-id=\"72e7dd0b\" data-element_type=\"widget\" data-e-type=\"widget\" data-widget_type=\"text-editor.default\">\n\t\t\t\t<div class=\"elementor-widget-container\">\n\t\t\t\t\t\t\t\t\t<p>Vysokotlak\u00e9 sb\u011brac\u00ed lisy jsou ur\u010deny ke sb\u00edr\u00e1n\u00ed a lisov\u00e1n\u00ed sena a sl\u00e1my. \u0160\u00ed\u0159ka a v\u00fd\u0161ka lisovac\u00ed komory je konstantn\u00ed, d\u00e9lku bal\u00edk\u016f je mo\u017eno nastavit. Vyv\u00e1\u017een\u00fd klikov\u00fd mechanismus eliminuje nep\u0159\u00edzniv\u00e9 kmity pro traktor a \u0159idi\u010de. Zved\u00e1n\u00ed a\u00a0spou\u0161t\u011bn\u00ed sb\u011bra\u010de je mechanick\u00e9 (lankem) za p\u0159\u00edplatek hydraulick\u00e9. Po namontov\u00e1n\u00ed zadn\u00edho veden\u00ed se z\u00e1v\u011bsem je mo\u017eno bal\u00edky nakl\u00e1dat na p\u0159ipojen\u00fd p\u0159epravn\u00edk.<\/p><p><strong>Technick\u00e9 parametry:<a href=\"http:\/\/recarprofi.cz\/wp-content\/uploads\/2018\/07\/unia-kostka-z7111.png\"><img fetchpriority=\"high\" decoding=\"async\" class=\"aligncenter wp-image-10676 size-full\" src=\"https:\/\/recarprofi.cz\/wp-content\/uploads\/2018\/07\/unia-kostka-z7111.png\" alt=\"\" width=\"1080\" height=\"798\" srcset=\"https:\/\/recarprofi.cz\/wp-content\/uploads\/2018\/07\/unia-kostka-z7111.png 1080w, https:\/\/recarprofi.cz\/wp-content\/uploads\/2018\/07\/unia-kostka-z7111-600x443.png 600w, https:\/\/recarprofi.cz\/wp-content\/uploads\/2018\/07\/unia-kostka-z7111-420x310.png 420w, https:\/\/recarprofi.cz\/wp-content\/uploads\/2018\/07\/unia-kostka-z7111-744x550.png 744w, https:\/\/recarprofi.cz\/wp-content\/uploads\/2018\/07\/unia-kostka-z7111-768x567.png 768w\" sizes=\"(max-width: 1080px) 100vw, 1080px\" \/><\/a><\/strong><\/p><p>\u00a0<\/p><ul><li><h4>\u0160\u00ed\u0159ka bal\u00edk\u016f 460 mm<\/h4><\/li><li><h4>V\u00fd\u0161ka bal\u00edk\u016f 360 mm<\/h4><\/li><li><h4>D\u00e9lka bal\u00edk\u016f 300 &#8211; 1300 mm<\/h4><\/li><li><h4>\u0161\u00ed\u0159ka sb\u011bra\u010de 1850 mm<\/h4><\/li><li><h4>Hmotnost \u00a01300 kg<\/h4><\/li><li><h4>V\u00fdkon traktoru 30 k<\/h4><\/li><\/ul><p>\u00a0<\/p><p><a href=\"http:\/\/recarprofi.cz\/wp-content\/uploads\/2018\/07\/unia-kostka-z7115.png\"><img decoding=\"async\" class=\"aligncenter wp-image-10678 size-full\" src=\"https:\/\/recarprofi.cz\/wp-content\/uploads\/2018\/07\/unia-kostka-z7115.png\" alt=\"\" width=\"1080\" height=\"285\" srcset=\"https:\/\/recarprofi.cz\/wp-content\/uploads\/2018\/07\/unia-kostka-z7115.png 1080w, https:\/\/recarprofi.cz\/wp-content\/uploads\/2018\/07\/unia-kostka-z7115-600x158.png 600w, https:\/\/recarprofi.cz\/wp-content\/uploads\/2018\/07\/unia-kostka-z7115-420x111.png 420w, https:\/\/recarprofi.cz\/wp-content\/uploads\/2018\/07\/unia-kostka-z7115-744x196.png 744w, https:\/\/recarprofi.cz\/wp-content\/uploads\/2018\/07\/unia-kostka-z7115-768x203.png 768w\" sizes=\"(max-width: 1080px) 100vw, 1080px\" \/><\/a><\/p>\t\t\t\t\t\t\t\t<\/div>\n\t\t\t\t<\/div>\n\t\t\t\t\t<\/div>\n\t\t<\/div>\n\t\t\t\t\t<\/div>\n\t\t<\/section>\n\t\t\t\t<\/div>\n\t\t","protected":false},"excerpt":{"rendered":"<p>Vysokotlak\u00e9 sb\u011brac\u00ed lisy jsou ur\u010deny ke sb\u00edr\u00e1n\u00ed a lisov\u00e1n\u00ed sena a sl\u00e1my. \u0160\u00ed\u0159ka a v\u00fd\u0161ka lisovac\u00ed komory je konstantn\u00ed, d\u00e9lku bal\u00edk\u016f je mo\u017eno nastavit. Vyv\u00e1\u017een\u00fd klikov\u00fd mechanismus eliminuje nep\u0159\u00edzniv\u00e9 kmity pro traktor a \u0159idi\u010de. Zved\u00e1n\u00ed&hellip;<\/p>\n","protected":false},"author":1,"featured_media":0,"parent":2956,"menu_order":1,"comment_status":"closed","ping_status":"closed","template":"","meta":{"footnotes":""},"class_list":["post-3230","page","type-page","status-publish","hentry"],"_links":{"self":[{"href":"https:\/\/recarprofi.cz\/uvod\/wp-json\/wp\/v2\/pages\/3230","targetHints":{"allow":["GET"]}}],"collection":[{"href":"https:\/\/recarprofi.cz\/uvod\/wp-json\/wp\/v2\/pages"}],"about":[{"href":"https:\/\/recarprofi.cz\/uvod\/wp-json\/wp\/v2\/types\/page"}],"author":[{"embeddable":true,"href":"https:\/\/recarprofi.cz\/uvod\/wp-json\/wp\/v2\/users\/1"}],"replies":[{"embeddable":true,"href":"https:\/\/recarprofi.cz\/uvod\/wp-json\/wp\/v2\/comments?post=3230"}],"version-history":[{"count":23,"href":"https:\/\/recarprofi.cz\/uvod\/wp-json\/wp\/v2\/pages\/3230\/revisions"}],"predecessor-version":[{"id":21370,"href":"https:\/\/recarprofi.cz\/uvod\/wp-json\/wp\/v2\/pages\/3230\/revisions\/21370"}],"up":[{"embeddable":true,"href":"https:\/\/recarprofi.cz\/uvod\/wp-json\/wp\/v2\/pages\/2956"}],"wp:attachment":[{"href":"https:\/\/recarprofi.cz\/uvod\/wp-json\/wp\/v2\/media?parent=3230"}],"curies":[{"name":"wp","href":"https:\/\/api.w.org\/{rel}","templated":true}]}}

Lis na malé hranaté balíky Unia

<div data-elementor-type="wp-page" data-elementor-id="3230" class="elementor elementor-3230">
						<section class="elementor-section elementor-top-section elementor-element elementor-element-3610cc86 elementor-section-boxed elementor-section-height-default elementor-section-height-default" data-id="3610cc86" data-element_type="section" data-e-type="section">
						<div class="elementor-container elementor-column-gap-default">
					<div class="elementor-column elementor-col-100 elementor-top-column elementor-element elementor-element-7b9e193b" data-id="7b9e193b" data-element_type="column" data-e-type="column">
			<div class="elementor-widget-wrap elementor-element-populated">
						<div class="elementor-element elementor-element-72e7dd0b elementor-widget elementor-widget-text-editor" data-id="72e7dd0b" data-element_type="widget" data-e-type="widget" data-widget_type="text-editor.default">
				<div class="elementor-widget-container">
									<p>Vysokotlaké sběrací lisy jsou určeny ke sbírání a lisování sena a slámy. Šířka a výška lisovací komory je konstantní, délku balíků je možno nastavit. Vyvážený klikový mechanismus eliminuje nepříznivé kmity pro traktor a řidiče. Zvedání a spouštění sběrače je mechanické (lankem) za příplatek hydraulické. Po namontování zadního vedení se závěsem je možno balíky nakládat na připojený přepravník.</p><p><strong>Technické parametry:<a href="http://recarprofi.cz/wp-content/uploads/2018/07/unia-kostka-z7111.png"><img fetchpriority="high" decoding="async" class="aligncenter wp-image-10676 size-full" src="https://recarprofi.cz/wp-content/uploads/2018/07/unia-kostka-z7111.png" alt="" width="1080" height="798" srcset="https://recarprofi.cz/wp-content/uploads/2018/07/unia-kostka-z7111.png 1080w, https://recarprofi.cz/wp-content/uploads/2018/07/unia-kostka-z7111-600x443.png 600w, https://recarprofi.cz/wp-content/uploads/2018/07/unia-kostka-z7111-420x310.png 420w, https://recarprofi.cz/wp-content/uploads/2018/07/unia-kostka-z7111-744x550.png 744w, https://recarprofi.cz/wp-content/uploads/2018/07/unia-kostka-z7111-768x567.png 768w" sizes="(max-width: 1080px) 100vw, 1080px" /></a></strong></p><p> </p><ul><li><h4>Šířka balíků 460 mm</h4></li><li><h4>Výška balíků 360 mm</h4></li><li><h4>Délka balíků 300 &#8211; 1300 mm</h4></li><li><h4>šířka sběrače 1850 mm</h4></li><li><h4>Hmotnost  1300 kg</h4></li><li><h4>Výkon traktoru 30 k</h4></li></ul><p> </p><p><a href="http://recarprofi.cz/wp-content/uploads/2018/07/unia-kostka-z7115.png"><img decoding="async" class="aligncenter wp-image-10678 size-full" src="https://recarprofi.cz/wp-content/uploads/2018/07/unia-kostka-z7115.png" alt="" width="1080" height="285" srcset="https://recarprofi.cz/wp-content/uploads/2018/07/unia-kostka-z7115.png 1080w, https://recarprofi.cz/wp-content/uploads/2018/07/unia-kostka-z7115-600x158.png 600w, https://recarprofi.cz/wp-content/uploads/2018/07/unia-kostka-z7115-420x111.png 420w, https://recarprofi.cz/wp-content/uploads/2018/07/unia-kostka-z7115-744x196.png 744w, https://recarprofi.cz/wp-content/uploads/2018/07/unia-kostka-z7115-768x203.png 768w" sizes="(max-width: 1080px) 100vw, 1080px" /></a></p>								</div>
				</div>
					</div>
		</div>
					</div>
		</section>
				</div>

<p>Vysokotlaké sběrací lisy jsou určeny ke sbírání a lisování sena a slámy. Šířka a výška lisovací komory je konstantní, délku balíků je možno nastavit. Vyvážený klikový mechanismus eliminuje nepříznivé kmity pro traktor a řidiče. Zvedání&hellip;</p>
