{"id":33319,"date":"2026-03-23T14:11:29","date_gmt":"2026-03-23T13:11:29","guid":{"rendered":"https:\/\/recarprofi.cz\/uvod\/?page_id=33319"},"modified":"2026-03-24T09:06:24","modified_gmt":"2026-03-24T08:06:24","slug":"vysokozdvizne-voziky-elektricke","status":"publish","type":"page","link":"https:\/\/recarprofi.cz\/uvod\/bazar\/vysokozdvizne-voziky-elektricke\/","title":{"rendered":"Vysokozdvi\u017en\u00e9 voz\u00edky elektrick\u00e9"},"content":{"rendered":"\t\t<div data-elementor-type=\"wp-page\" data-elementor-id=\"33319\" class=\"elementor elementor-33319\">\n\t\t\t\t\t\t<section class=\"elementor-section elementor-top-section elementor-element elementor-element-e87c8d2 elementor-section-boxed elementor-section-height-default elementor-section-height-default\" data-id=\"e87c8d2\" data-element_type=\"section\" data-e-type=\"section\">\n\t\t\t\t\t\t<div class=\"elementor-container elementor-column-gap-default\">\n\t\t\t\t\t<div class=\"elementor-column elementor-col-100 elementor-top-column elementor-element elementor-element-da37095\" data-id=\"da37095\" data-element_type=\"column\" data-e-type=\"column\">\n\t\t\t<div class=\"elementor-widget-wrap elementor-element-populated\">\n\t\t\t\t\t\t<div class=\"elementor-element elementor-element-69ab83c elementor-position-left elementor-vertical-align-middle elementor-widget elementor-widget-image-box\" data-id=\"69ab83c\" data-element_type=\"widget\" data-e-type=\"widget\" data-widget_type=\"image-box.default\">\n\t\t\t\t<div class=\"elementor-widget-container\">\n\t\t\t\t\t<div class=\"elementor-image-box-wrapper\"><figure class=\"elementor-image-box-img\"><img fetchpriority=\"high\" decoding=\"async\" width=\"1919\" height=\"1880\" src=\"https:\/\/recarprofi.cz\/wp-content\/uploads\/2026\/03\/aisle-master.webp\" class=\"attachment-full size-full wp-image-33132\" alt=\"\" srcset=\"https:\/\/recarprofi.cz\/wp-content\/uploads\/2026\/03\/aisle-master.webp 1919w, https:\/\/recarprofi.cz\/wp-content\/uploads\/2026\/03\/aisle-master-744x729.webp 744w, https:\/\/recarprofi.cz\/wp-content\/uploads\/2026\/03\/aisle-master-1200x1176.webp 1200w, https:\/\/recarprofi.cz\/wp-content\/uploads\/2026\/03\/aisle-master-420x411.webp 420w, https:\/\/recarprofi.cz\/wp-content\/uploads\/2026\/03\/aisle-master-768x752.webp 768w, https:\/\/recarprofi.cz\/wp-content\/uploads\/2026\/03\/aisle-master-1536x1505.webp 1536w, https:\/\/recarprofi.cz\/wp-content\/uploads\/2026\/03\/aisle-master-600x588.webp 600w\" sizes=\"(max-width: 1919px) 100vw, 1919px\" \/><\/figure><div class=\"elementor-image-box-content\"><h3 class=\"elementor-image-box-title\">Kloubov\u00fd vysokozdvi\u017en\u00fd voz\u00edk Aisle-Master<\/h3><p class=\"elementor-image-box-description\">Nosnost 2.000kg., zdvih 9.000mm., pohon elektrick\u00fd, kabina s topen\u00edm, kola superelastik, bo\u010dn\u00ed posuv vidl\u00ed, pozicioner vidl\u00ed, v\u010detn\u011b nab\u00edje\u010dky, pln\u011b funk\u010dn\u00ed, z\u00e1ruka 6 m\u011bs\u00edc\u016f. Cena: 388.000,-K\u010d+DPH<\/p><\/div><\/div>\t\t\t\t<\/div>\n\t\t\t\t<\/div>\n\t\t\t\t\t<\/div>\n\t\t<\/div>\n\t\t\t\t\t<\/div>\n\t\t<\/section>\n\t\t\t\t<section class=\"elementor-section elementor-top-section elementor-element elementor-element-f5909e2 elementor-section-boxed elementor-section-height-default elementor-section-height-default\" data-id=\"f5909e2\" data-element_type=\"section\" data-e-type=\"section\">\n\t\t\t\t\t\t<div class=\"elementor-container elementor-column-gap-default\">\n\t\t\t\t\t<div class=\"elementor-column elementor-col-100 elementor-top-column elementor-element elementor-element-88d39de\" data-id=\"88d39de\" data-element_type=\"column\" data-e-type=\"column\">\n\t\t\t<div class=\"elementor-widget-wrap elementor-element-populated\">\n\t\t\t\t\t\t<div class=\"elementor-element elementor-element-d0fe66d elementor-position-left elementor-vertical-align-middle elementor-widget elementor-widget-image-box\" data-id=\"d0fe66d\" data-element_type=\"widget\" data-e-type=\"widget\" data-widget_type=\"image-box.default\">\n\t\t\t\t<div class=\"elementor-widget-container\">\n\t\t\t\t\t<div class=\"elementor-image-box-wrapper\"><figure class=\"elementor-image-box-img\"><img fetchpriority=\"high\" decoding=\"async\" width=\"1919\" height=\"1880\" src=\"https:\/\/recarprofi.cz\/wp-content\/uploads\/2026\/03\/aisle-master.webp\" class=\"attachment-full size-full wp-image-33132\" alt=\"\" srcset=\"https:\/\/recarprofi.cz\/wp-content\/uploads\/2026\/03\/aisle-master.webp 1919w, https:\/\/recarprofi.cz\/wp-content\/uploads\/2026\/03\/aisle-master-744x729.webp 744w, https:\/\/recarprofi.cz\/wp-content\/uploads\/2026\/03\/aisle-master-1200x1176.webp 1200w, https:\/\/recarprofi.cz\/wp-content\/uploads\/2026\/03\/aisle-master-420x411.webp 420w, https:\/\/recarprofi.cz\/wp-content\/uploads\/2026\/03\/aisle-master-768x752.webp 768w, https:\/\/recarprofi.cz\/wp-content\/uploads\/2026\/03\/aisle-master-1536x1505.webp 1536w, https:\/\/recarprofi.cz\/wp-content\/uploads\/2026\/03\/aisle-master-600x588.webp 600w\" sizes=\"(max-width: 1919px) 100vw, 1919px\" \/><\/figure><div class=\"elementor-image-box-content\"><h3 class=\"elementor-image-box-title\">Kloubov\u00fd vysokozdvi\u017en\u00fd voz\u00edk Aisle-Master<\/h3><p class=\"elementor-image-box-description\">Nosnost 2.000kg., zdvih 9.000mm., pohon elektrick\u00fd, kabina s topen\u00edm, bo\u010dn\u00ed posuv vidl\u00ed, n\u00e1hradn\u00ed baterie, v\u010detn\u011b nab\u00edje\u010dky, pln\u011b funk\u010dn\u00ed, z\u00e1ruka 6 m\u011bs\u00edc\u016f. Cena: 410.000,-K\u010d+DPH<\/p><\/div><\/div>\t\t\t\t<\/div>\n\t\t\t\t<\/div>\n\t\t\t\t\t<\/div>\n\t\t<\/div>\n\t\t\t\t\t<\/div>\n\t\t<\/section>\n\t\t\t\t<section class=\"elementor-section elementor-top-section elementor-element elementor-element-8b70cf2 elementor-section-boxed elementor-section-height-default elementor-section-height-default\" data-id=\"8b70cf2\" data-element_type=\"section\" data-e-type=\"section\">\n\t\t\t\t\t\t<div class=\"elementor-container elementor-column-gap-default\">\n\t\t\t\t\t<div class=\"elementor-column elementor-col-100 elementor-top-column elementor-element elementor-element-fd7d8e4\" data-id=\"fd7d8e4\" data-element_type=\"column\" data-e-type=\"column\">\n\t\t\t<div class=\"elementor-widget-wrap elementor-element-populated\">\n\t\t\t\t\t\t<div class=\"elementor-element elementor-element-64350a1 elementor-position-left elementor-vertical-align-middle elementor-widget elementor-widget-image-box\" data-id=\"64350a1\" data-element_type=\"widget\" data-e-type=\"widget\" data-widget_type=\"image-box.default\">\n\t\t\t\t<div class=\"elementor-widget-container\">\n\t\t\t\t\t<div class=\"elementor-image-box-wrapper\"><figure class=\"elementor-image-box-img\"><img decoding=\"async\" width=\"1600\" height=\"1200\" src=\"https:\/\/recarprofi.cz\/wp-content\/uploads\/2024\/01\/balkancar.jpg\" class=\"attachment-full size-full wp-image-27448\" alt=\"\" srcset=\"https:\/\/recarprofi.cz\/wp-content\/uploads\/2024\/01\/balkancar.jpg 1600w, https:\/\/recarprofi.cz\/wp-content\/uploads\/2024\/01\/balkancar-744x558.jpg 744w, https:\/\/recarprofi.cz\/wp-content\/uploads\/2024\/01\/balkancar-1200x900.jpg 1200w, https:\/\/recarprofi.cz\/wp-content\/uploads\/2024\/01\/balkancar-420x315.jpg 420w, https:\/\/recarprofi.cz\/wp-content\/uploads\/2024\/01\/balkancar-768x576.jpg 768w, https:\/\/recarprofi.cz\/wp-content\/uploads\/2024\/01\/balkancar-1536x1152.jpg 1536w, https:\/\/recarprofi.cz\/wp-content\/uploads\/2024\/01\/balkancar-1024x768.jpg 1024w, https:\/\/recarprofi.cz\/wp-content\/uploads\/2024\/01\/balkancar-1440x1080.jpg 1440w, https:\/\/recarprofi.cz\/wp-content\/uploads\/2024\/01\/balkancar-600x450.jpg 600w\" sizes=\"(max-width: 1600px) 100vw, 1600px\" \/><\/figure><div class=\"elementor-image-box-content\"><h3 class=\"elementor-image-box-title\">Vysokozdvi\u017en\u00fd voz\u00edk Balkancar<\/h3><p class=\"elementor-image-box-description\">Nosnost 700kg., zdvih 2.500mm., pohon elektrick\u00fd, kola superelastik, v\u010detn\u011b nab\u00edje\u010dky, pln\u011b funk\u010dn\u00ed. Cena: 48.000,-K\u010d+DPH<\/p><\/div><\/div>\t\t\t\t<\/div>\n\t\t\t\t<\/div>\n\t\t\t\t\t<\/div>\n\t\t<\/div>\n\t\t\t\t\t<\/div>\n\t\t<\/section>\n\t\t\t\t<section class=\"elementor-section elementor-top-section elementor-element elementor-element-24d17cc elementor-section-boxed elementor-section-height-default elementor-section-height-default\" data-id=\"24d17cc\" data-element_type=\"section\" data-e-type=\"section\">\n\t\t\t\t\t\t<div class=\"elementor-container elementor-column-gap-default\">\n\t\t\t\t\t<div class=\"elementor-column elementor-col-100 elementor-top-column elementor-element elementor-element-58f6843\" data-id=\"58f6843\" data-element_type=\"column\" data-e-type=\"column\">\n\t\t\t<div class=\"elementor-widget-wrap elementor-element-populated\">\n\t\t\t\t\t\t<div class=\"elementor-element elementor-element-c981c34 elementor-position-left elementor-vertical-align-middle elementor-widget elementor-widget-image-box\" data-id=\"c981c34\" data-element_type=\"widget\" data-e-type=\"widget\" data-widget_type=\"image-box.default\">\n\t\t\t\t<div class=\"elementor-widget-container\">\n\t\t\t\t\t<div class=\"elementor-image-box-wrapper\"><figure class=\"elementor-image-box-img\"><img decoding=\"async\" src=\"https:\/\/recarprofi.cz\/wp-content\/uploads\/elementor\/thumbs\/baoli-kbs121-qlkxfr8uhbvsh53jr6ptpce5mwldffid2g80r4burc.webp\" title=\"baoli kbs121\" alt=\"baoli kbs121\" loading=\"lazy\" \/><\/figure><div class=\"elementor-image-box-content\"><h3 class=\"elementor-image-box-title\">Ru\u010dn\u011b veden\u00fd vysokozdvi\u017en\u00fd voz\u00edk Baoli ES-12<\/h3><p class=\"elementor-image-box-description\">Nosnost 1.200kg, zdvih 2.800mm., pohon elektrick\u00fd, pln\u011b funk\u010dn\u00ed, z\u00e1ruka 12 m\u011bs\u00edc\u016f. Cena: 145.000,-K\u010d+DPH<\/p><\/div><\/div>\t\t\t\t<\/div>\n\t\t\t\t<\/div>\n\t\t\t\t\t<\/div>\n\t\t<\/div>\n\t\t\t\t\t<\/div>\n\t\t<\/section>\n\t\t\t\t<\/div>\n\t\t","protected":false},"excerpt":{"rendered":"<p>Kloubov\u00fd vysokozdvi\u017en\u00fd voz\u00edk Aisle-Master Nosnost 2.000kg., zdvih 9.000mm., pohon elektrick\u00fd, kabina s topen\u00edm, kola superelastik, bo\u010dn\u00ed posuv vidl\u00ed, pozicioner vidl\u00ed, v\u010detn\u011b nab\u00edje\u010dky, pln\u011b funk\u010dn\u00ed, z\u00e1ruka 6 m\u011bs\u00edc\u016f. Cena: 388.000,-K\u010d+DPH Kloubov\u00fd vysokozdvi\u017en\u00fd voz\u00edk Aisle-Master Nosnost 2.000kg.,&hellip;<\/p>\n","protected":false},"author":1,"featured_media":21672,"parent":187,"menu_order":3,"comment_status":"closed","ping_status":"closed","template":"","meta":{"footnotes":""},"class_list":["post-33319","page","type-page","status-publish","has-post-thumbnail","hentry"],"_links":{"self":[{"href":"https:\/\/recarprofi.cz\/uvod\/wp-json\/wp\/v2\/pages\/33319","targetHints":{"allow":["GET"]}}],"collection":[{"href":"https:\/\/recarprofi.cz\/uvod\/wp-json\/wp\/v2\/pages"}],"about":[{"href":"https:\/\/recarprofi.cz\/uvod\/wp-json\/wp\/v2\/types\/page"}],"author":[{"embeddable":true,"href":"https:\/\/recarprofi.cz\/uvod\/wp-json\/wp\/v2\/users\/1"}],"replies":[{"embeddable":true,"href":"https:\/\/recarprofi.cz\/uvod\/wp-json\/wp\/v2\/comments?post=33319"}],"version-history":[{"count":13,"href":"https:\/\/recarprofi.cz\/uvod\/wp-json\/wp\/v2\/pages\/33319\/revisions"}],"predecessor-version":[{"id":33337,"href":"https:\/\/recarprofi.cz\/uvod\/wp-json\/wp\/v2\/pages\/33319\/revisions\/33337"}],"up":[{"embeddable":true,"href":"https:\/\/recarprofi.cz\/uvod\/wp-json\/wp\/v2\/pages\/187"}],"wp:featuredmedia":[{"embeddable":true,"href":"https:\/\/recarprofi.cz\/uvod\/wp-json\/wp\/v2\/media\/21672"}],"wp:attachment":[{"href":"https:\/\/recarprofi.cz\/uvod\/wp-json\/wp\/v2\/media?parent=33319"}],"curies":[{"name":"wp","href":"https:\/\/api.w.org\/{rel}","templated":true}]}}

Vysokozdvižné vozíky elektrické

<div data-elementor-type="wp-page" data-elementor-id="33319" class="elementor elementor-33319">
						<section class="elementor-section elementor-top-section elementor-element elementor-element-e87c8d2 elementor-section-boxed elementor-section-height-default elementor-section-height-default" data-id="e87c8d2" data-element_type="section" data-e-type="section">
						<div class="elementor-container elementor-column-gap-default">
					<div class="elementor-column elementor-col-100 elementor-top-column elementor-element elementor-element-da37095" data-id="da37095" data-element_type="column" data-e-type="column">
			<div class="elementor-widget-wrap elementor-element-populated">
						<div class="elementor-element elementor-element-69ab83c elementor-position-left elementor-vertical-align-middle elementor-widget elementor-widget-image-box" data-id="69ab83c" data-element_type="widget" data-e-type="widget" data-widget_type="image-box.default">
				<div class="elementor-widget-container">
					<div class="elementor-image-box-wrapper"><figure class="elementor-image-box-img"><img fetchpriority="high" decoding="async" width="1919" height="1880" src="https://recarprofi.cz/wp-content/uploads/2026/03/aisle-master.webp" class="attachment-full size-full wp-image-33132" alt="" srcset="https://recarprofi.cz/wp-content/uploads/2026/03/aisle-master.webp 1919w, https://recarprofi.cz/wp-content/uploads/2026/03/aisle-master-744x729.webp 744w, https://recarprofi.cz/wp-content/uploads/2026/03/aisle-master-1200x1176.webp 1200w, https://recarprofi.cz/wp-content/uploads/2026/03/aisle-master-420x411.webp 420w, https://recarprofi.cz/wp-content/uploads/2026/03/aisle-master-768x752.webp 768w, https://recarprofi.cz/wp-content/uploads/2026/03/aisle-master-1536x1505.webp 1536w, https://recarprofi.cz/wp-content/uploads/2026/03/aisle-master-600x588.webp 600w" sizes="(max-width: 1919px) 100vw, 1919px" /></figure><div class="elementor-image-box-content"><h3 class="elementor-image-box-title">Kloubový vysokozdvižný vozík Aisle-Master</h3><p class="elementor-image-box-description">Nosnost 2.000kg., zdvih 9.000mm., pohon elektrický, kabina s topením, kola superelastik, boční posuv vidlí, pozicioner vidlí, včetně nabíječky, plně funkční, záruka 6 měsíců. Cena: 388.000,-Kč+DPH</p></div></div>				</div>
				</div>
					</div>
		</div>
					</div>
		</section>
				<section class="elementor-section elementor-top-section elementor-element elementor-element-f5909e2 elementor-section-boxed elementor-section-height-default elementor-section-height-default" data-id="f5909e2" data-element_type="section" data-e-type="section">
						<div class="elementor-container elementor-column-gap-default">
					<div class="elementor-column elementor-col-100 elementor-top-column elementor-element elementor-element-88d39de" data-id="88d39de" data-element_type="column" data-e-type="column">
			<div class="elementor-widget-wrap elementor-element-populated">
						<div class="elementor-element elementor-element-d0fe66d elementor-position-left elementor-vertical-align-middle elementor-widget elementor-widget-image-box" data-id="d0fe66d" data-element_type="widget" data-e-type="widget" data-widget_type="image-box.default">
				<div class="elementor-widget-container">
					<div class="elementor-image-box-wrapper"><figure class="elementor-image-box-img"><img fetchpriority="high" decoding="async" width="1919" height="1880" src="https://recarprofi.cz/wp-content/uploads/2026/03/aisle-master.webp" class="attachment-full size-full wp-image-33132" alt="" srcset="https://recarprofi.cz/wp-content/uploads/2026/03/aisle-master.webp 1919w, https://recarprofi.cz/wp-content/uploads/2026/03/aisle-master-744x729.webp 744w, https://recarprofi.cz/wp-content/uploads/2026/03/aisle-master-1200x1176.webp 1200w, https://recarprofi.cz/wp-content/uploads/2026/03/aisle-master-420x411.webp 420w, https://recarprofi.cz/wp-content/uploads/2026/03/aisle-master-768x752.webp 768w, https://recarprofi.cz/wp-content/uploads/2026/03/aisle-master-1536x1505.webp 1536w, https://recarprofi.cz/wp-content/uploads/2026/03/aisle-master-600x588.webp 600w" sizes="(max-width: 1919px) 100vw, 1919px" /></figure><div class="elementor-image-box-content"><h3 class="elementor-image-box-title">Kloubový vysokozdvižný vozík Aisle-Master</h3><p class="elementor-image-box-description">Nosnost 2.000kg., zdvih 9.000mm., pohon elektrický, kabina s topením, boční posuv vidlí, náhradní baterie, včetně nabíječky, plně funkční, záruka 6 měsíců. Cena: 410.000,-Kč+DPH</p></div></div>				</div>
				</div>
					</div>
		</div>
					</div>
		</section>
				<section class="elementor-section elementor-top-section elementor-element elementor-element-8b70cf2 elementor-section-boxed elementor-section-height-default elementor-section-height-default" data-id="8b70cf2" data-element_type="section" data-e-type="section">
						<div class="elementor-container elementor-column-gap-default">
					<div class="elementor-column elementor-col-100 elementor-top-column elementor-element elementor-element-fd7d8e4" data-id="fd7d8e4" data-element_type="column" data-e-type="column">
			<div class="elementor-widget-wrap elementor-element-populated">
						<div class="elementor-element elementor-element-64350a1 elementor-position-left elementor-vertical-align-middle elementor-widget elementor-widget-image-box" data-id="64350a1" data-element_type="widget" data-e-type="widget" data-widget_type="image-box.default">
				<div class="elementor-widget-container">
					<div class="elementor-image-box-wrapper"><figure class="elementor-image-box-img"><img decoding="async" width="1600" height="1200" src="https://recarprofi.cz/wp-content/uploads/2024/01/balkancar.jpg" class="attachment-full size-full wp-image-27448" alt="" srcset="https://recarprofi.cz/wp-content/uploads/2024/01/balkancar.jpg 1600w, https://recarprofi.cz/wp-content/uploads/2024/01/balkancar-744x558.jpg 744w, https://recarprofi.cz/wp-content/uploads/2024/01/balkancar-1200x900.jpg 1200w, https://recarprofi.cz/wp-content/uploads/2024/01/balkancar-420x315.jpg 420w, https://recarprofi.cz/wp-content/uploads/2024/01/balkancar-768x576.jpg 768w, https://recarprofi.cz/wp-content/uploads/2024/01/balkancar-1536x1152.jpg 1536w, https://recarprofi.cz/wp-content/uploads/2024/01/balkancar-1024x768.jpg 1024w, https://recarprofi.cz/wp-content/uploads/2024/01/balkancar-1440x1080.jpg 1440w, https://recarprofi.cz/wp-content/uploads/2024/01/balkancar-600x450.jpg 600w" sizes="(max-width: 1600px) 100vw, 1600px" /></figure><div class="elementor-image-box-content"><h3 class="elementor-image-box-title">Vysokozdvižný vozík Balkancar</h3><p class="elementor-image-box-description">Nosnost 700kg., zdvih 2.500mm., pohon elektrický, kola superelastik, včetně nabíječky, plně funkční. Cena: 48.000,-Kč+DPH</p></div></div>				</div>
				</div>
					</div>
		</div>
					</div>
		</section>
				<section class="elementor-section elementor-top-section elementor-element elementor-element-24d17cc elementor-section-boxed elementor-section-height-default elementor-section-height-default" data-id="24d17cc" data-element_type="section" data-e-type="section">
						<div class="elementor-container elementor-column-gap-default">
					<div class="elementor-column elementor-col-100 elementor-top-column elementor-element elementor-element-58f6843" data-id="58f6843" data-element_type="column" data-e-type="column">
			<div class="elementor-widget-wrap elementor-element-populated">
						<div class="elementor-element elementor-element-c981c34 elementor-position-left elementor-vertical-align-middle elementor-widget elementor-widget-image-box" data-id="c981c34" data-element_type="widget" data-e-type="widget" data-widget_type="image-box.default">
				<div class="elementor-widget-container">
					<div class="elementor-image-box-wrapper"><figure class="elementor-image-box-img"><img decoding="async" src="https://recarprofi.cz/wp-content/uploads/elementor/thumbs/baoli-kbs121-qlkxfr8uhbvsh53jr6ptpce5mwldffid2g80r4burc.webp" title="baoli kbs121" alt="baoli kbs121" loading="lazy" /></figure><div class="elementor-image-box-content"><h3 class="elementor-image-box-title">Ručně vedený vysokozdvižný vozík Baoli ES-12</h3><p class="elementor-image-box-description">Nosnost 1.200kg, zdvih 2.800mm., pohon elektrický, plně funkční, záruka 12 měsíců. Cena: 145.000,-Kč+DPH</p></div></div>				</div>
				</div>
					</div>
		</div>
					</div>
		</section>
				</div>

<p>Kloubový vysokozdvižný vozík Aisle-Master Nosnost 2.000kg., zdvih 9.000mm., pohon elektrický, kabina s topením, kola superelastik, boční posuv vidlí, pozicioner vidlí, včetně nabíječky, plně funkční, záruka 6 měsíců. Cena: 388.000,-Kč+DPH Kloubový vysokozdvižný vozík Aisle-Master Nosnost 2.000kg.,&hellip;</p>
