{"id":3334,"date":"2013-03-13T12:11:25","date_gmt":"2013-03-13T11:11:25","guid":{"rendered":"http:\/\/recarprofi.cz\/?page_id=3334"},"modified":"2024-04-25T15:06:10","modified_gmt":"2024-04-25T13:06:10","slug":"celni-nakladace-pro-traktory","status":"publish","type":"page","link":"https:\/\/recarprofi.cz\/uvod\/zemedelska-technika\/manipulace\/celni-nakladace-pro-traktory\/","title":{"rendered":"\u010celn\u00ed naklada\u010de pro traktory"},"content":{"rendered":"\t\t<div data-elementor-type=\"wp-page\" data-elementor-id=\"3334\" class=\"elementor elementor-3334\">\n\t\t\t\t\t\t<section class=\"elementor-section elementor-top-section elementor-element elementor-element-35b2259 elementor-section-boxed elementor-section-height-default elementor-section-height-default\" data-id=\"35b2259\" data-element_type=\"section\" data-e-type=\"section\">\n\t\t\t\t\t\t<div class=\"elementor-container elementor-column-gap-default\">\n\t\t\t\t\t<div class=\"elementor-column elementor-col-100 elementor-top-column elementor-element elementor-element-73e872a\" data-id=\"73e872a\" data-element_type=\"column\" data-e-type=\"column\">\n\t\t\t<div class=\"elementor-widget-wrap elementor-element-populated\">\n\t\t\t\t\t\t<div class=\"elementor-element elementor-element-843def8 elementor-position-left elementor-vertical-align-top elementor-widget elementor-widget-image-box\" data-id=\"843def8\" data-element_type=\"widget\" data-e-type=\"widget\" data-widget_type=\"image-box.default\">\n\t\t\t\t<div class=\"elementor-widget-container\">\n\t\t\t\t\t<div class=\"elementor-image-box-wrapper\"><figure class=\"elementor-image-box-img\"><a href=\"https:\/\/recarprofi.cz\/uvod\/zemedelska-technika\/manipulace\/celni-nakladace-pro-traktory\/quicke-2\/\" tabindex=\"-1\"><img fetchpriority=\"high\" decoding=\"async\" width=\"1215\" height=\"980\" src=\"https:\/\/recarprofi.cz\/wp-content\/uploads\/2019\/03\/quicke.png\" class=\"attachment-full size-full wp-image-11619\" alt=\"\" srcset=\"https:\/\/recarprofi.cz\/wp-content\/uploads\/2019\/03\/quicke.png 1215w, https:\/\/recarprofi.cz\/wp-content\/uploads\/2019\/03\/quicke-600x484.png 600w, https:\/\/recarprofi.cz\/wp-content\/uploads\/2019\/03\/quicke-420x339.png 420w, https:\/\/recarprofi.cz\/wp-content\/uploads\/2019\/03\/quicke-744x600.png 744w, https:\/\/recarprofi.cz\/wp-content\/uploads\/2019\/03\/quicke-768x619.png 768w, https:\/\/recarprofi.cz\/wp-content\/uploads\/2019\/03\/quicke-1200x968.png 1200w\" sizes=\"(max-width: 1215px) 100vw, 1215px\" \/><\/a><\/figure><div class=\"elementor-image-box-content\"><h3 class=\"elementor-image-box-title\"><a href=\"https:\/\/recarprofi.cz\/uvod\/zemedelska-technika\/manipulace\/celni-nakladace-pro-traktory\/quicke-2\/\">\u010celn\u00ed naklada\u010de Quicke<\/a><\/h3><p class=\"elementor-image-box-description\">Pro traktory od 60 do 280 kon\u00ed.<\/p><\/div><\/div>\t\t\t\t<\/div>\n\t\t\t\t<\/div>\n\t\t\t\t\t<\/div>\n\t\t<\/div>\n\t\t\t\t\t<\/div>\n\t\t<\/section>\n\t\t\t\t<section class=\"elementor-section elementor-top-section elementor-element elementor-element-edc1553 elementor-section-boxed elementor-section-height-default elementor-section-height-default\" data-id=\"edc1553\" data-element_type=\"section\" data-e-type=\"section\">\n\t\t\t\t\t\t<div class=\"elementor-container elementor-column-gap-default\">\n\t\t\t\t\t<div class=\"elementor-column elementor-col-100 elementor-top-column elementor-element elementor-element-9c1b48a\" data-id=\"9c1b48a\" data-element_type=\"column\" data-e-type=\"column\">\n\t\t\t<div class=\"elementor-widget-wrap elementor-element-populated\">\n\t\t\t\t\t\t<div class=\"elementor-element elementor-element-0c12a30 elementor-position-left elementor-vertical-align-top elementor-widget elementor-widget-image-box\" data-id=\"0c12a30\" data-element_type=\"widget\" data-e-type=\"widget\" data-widget_type=\"image-box.default\">\n\t\t\t\t<div class=\"elementor-widget-container\">\n\t\t\t\t\t<div class=\"elementor-image-box-wrapper\"><figure class=\"elementor-image-box-img\"><a href=\"https:\/\/recarprofi.cz\/uvod\/zemedelska-technika\/manipulace\/celni-nakladace-pro-traktory\/quicke-compact-2\/\" tabindex=\"-1\"><img decoding=\"async\" width=\"800\" height=\"634\" src=\"https:\/\/recarprofi.cz\/wp-content\/uploads\/2019\/04\/quicke-compact.jpg\" class=\"attachment-full size-full wp-image-11954\" alt=\"\" srcset=\"https:\/\/recarprofi.cz\/wp-content\/uploads\/2019\/04\/quicke-compact.jpg 800w, https:\/\/recarprofi.cz\/wp-content\/uploads\/2019\/04\/quicke-compact-600x476.jpg 600w\" sizes=\"(max-width: 800px) 100vw, 800px\" \/><\/a><\/figure><div class=\"elementor-image-box-content\"><h3 class=\"elementor-image-box-title\"><a href=\"https:\/\/recarprofi.cz\/uvod\/zemedelska-technika\/manipulace\/celni-nakladace-pro-traktory\/quicke-compact-2\/\">\u010celn\u00ed naklada\u010de Quicke Compact<\/a><\/h3><p class=\"elementor-image-box-description\">Pro traktory od 20 do 60 kon\u00ed.<\/p><\/div><\/div>\t\t\t\t<\/div>\n\t\t\t\t<\/div>\n\t\t\t\t\t<\/div>\n\t\t<\/div>\n\t\t\t\t\t<\/div>\n\t\t<\/section>\n\t\t\t\t<section class=\"elementor-section elementor-top-section elementor-element elementor-element-1455dc5 elementor-section-boxed elementor-section-height-default elementor-section-height-default\" data-id=\"1455dc5\" data-element_type=\"section\" data-e-type=\"section\">\n\t\t\t\t\t\t<div class=\"elementor-container elementor-column-gap-default\">\n\t\t\t\t\t<div class=\"elementor-column elementor-col-100 elementor-top-column elementor-element elementor-element-19a4225\" data-id=\"19a4225\" data-element_type=\"column\" data-e-type=\"column\">\n\t\t\t<div class=\"elementor-widget-wrap elementor-element-populated\">\n\t\t\t\t\t\t<div class=\"elementor-element elementor-element-f75a783 elementor-position-left elementor-vertical-align-top elementor-widget elementor-widget-image-box\" data-id=\"f75a783\" data-element_type=\"widget\" data-e-type=\"widget\" data-widget_type=\"image-box.default\">\n\t\t\t\t<div class=\"elementor-widget-container\">\n\t\t\t\t\t<div class=\"elementor-image-box-wrapper\"><figure class=\"elementor-image-box-img\"><a href=\"https:\/\/recarprofi.cz\/uvod\/zemedelska-technika\/manipulace\/celni-nakladace-pro-traktory\/tur\/\" tabindex=\"-1\"><img decoding=\"async\" width=\"633\" height=\"461\" src=\"https:\/\/recarprofi.cz\/wp-content\/uploads\/2019\/04\/ursus-tur.png\" class=\"attachment-full size-full wp-image-11953\" alt=\"\" srcset=\"https:\/\/recarprofi.cz\/wp-content\/uploads\/2019\/04\/ursus-tur.png 633w, https:\/\/recarprofi.cz\/wp-content\/uploads\/2019\/04\/ursus-tur-600x437.png 600w, https:\/\/recarprofi.cz\/wp-content\/uploads\/2019\/04\/ursus-tur-420x306.png 420w\" sizes=\"(max-width: 633px) 100vw, 633px\" \/><\/a><\/figure><div class=\"elementor-image-box-content\"><h3 class=\"elementor-image-box-title\"><a href=\"https:\/\/recarprofi.cz\/uvod\/zemedelska-technika\/manipulace\/celni-nakladace-pro-traktory\/tur\/\">\u010celn\u00ed naklada\u010de TUR<\/a><\/h3><p class=\"elementor-image-box-description\">Pro traktory od 30 do 120 kon\u00ed.<\/p><\/div><\/div>\t\t\t\t<\/div>\n\t\t\t\t<\/div>\n\t\t\t\t\t<\/div>\n\t\t<\/div>\n\t\t\t\t\t<\/div>\n\t\t<\/section>\n\t\t\t\t<section class=\"elementor-section elementor-top-section elementor-element elementor-element-d5dc0d9 elementor-section-boxed elementor-section-height-default elementor-section-height-default\" data-id=\"d5dc0d9\" data-element_type=\"section\" data-e-type=\"section\">\n\t\t\t\t\t\t<div class=\"elementor-container elementor-column-gap-default\">\n\t\t\t\t\t<div class=\"elementor-column elementor-col-100 elementor-top-column elementor-element elementor-element-0d4d1bb\" data-id=\"0d4d1bb\" data-element_type=\"column\" data-e-type=\"column\">\n\t\t\t<div class=\"elementor-widget-wrap elementor-element-populated\">\n\t\t\t\t\t\t<div class=\"elementor-element elementor-element-baa202c elementor-position-left elementor-vertical-align-top elementor-widget elementor-widget-image-box\" data-id=\"baa202c\" data-element_type=\"widget\" data-e-type=\"widget\" data-widget_type=\"image-box.default\">\n\t\t\t\t<div class=\"elementor-widget-container\">\n\t\t\t\t\t<div class=\"elementor-image-box-wrapper\"><figure class=\"elementor-image-box-img\"><a href=\"https:\/\/recarprofi.cz\/uvod\/zemedelska-technika\/manipulace\/celni-nakladace-pro-traktory\/prislusenstvi-celnich-nakladacu\/\" tabindex=\"-1\"><img loading=\"lazy\" decoding=\"async\" width=\"737\" height=\"544\" src=\"https:\/\/recarprofi.cz\/wp-content\/uploads\/2019\/04\/quicke-power.png\" class=\"attachment-full size-full wp-image-12019\" alt=\"\" srcset=\"https:\/\/recarprofi.cz\/wp-content\/uploads\/2019\/04\/quicke-power.png 737w, https:\/\/recarprofi.cz\/wp-content\/uploads\/2019\/04\/quicke-power-600x443.png 600w\" sizes=\"(max-width: 737px) 100vw, 737px\" \/><\/a><\/figure><div class=\"elementor-image-box-content\"><h3 class=\"elementor-image-box-title\"><a href=\"https:\/\/recarprofi.cz\/uvod\/zemedelska-technika\/manipulace\/celni-nakladace-pro-traktory\/prislusenstvi-celnich-nakladacu\/\">P\u0159\u00edslu\u0161enstv\u00ed \u010deln\u00edch naklada\u010d\u016f<\/a><\/h3><\/div><\/div>\t\t\t\t<\/div>\n\t\t\t\t<\/div>\n\t\t\t\t\t<\/div>\n\t\t<\/div>\n\t\t\t\t\t<\/div>\n\t\t<\/section>\n\t\t\t\t<\/div>\n\t\t","protected":false},"excerpt":{"rendered":"<p>\u010celn\u00ed naklada\u010de Quicke Pro traktory od 60 do 280 kon\u00ed. \u010celn\u00ed naklada\u010de Quicke Compact Pro traktory od 20 do 60 kon\u00ed. \u010celn\u00ed naklada\u010de TUR Pro traktory od 30 do 120 kon\u00ed. P\u0159\u00edslu\u0161enstv\u00ed \u010deln\u00edch naklada\u010d\u016f<\/p>\n","protected":false},"author":1,"featured_media":0,"parent":117,"menu_order":3,"comment_status":"closed","ping_status":"closed","template":"","meta":{"footnotes":""},"class_list":["post-3334","page","type-page","status-publish","hentry"],"_links":{"self":[{"href":"https:\/\/recarprofi.cz\/uvod\/wp-json\/wp\/v2\/pages\/3334","targetHints":{"allow":["GET"]}}],"collection":[{"href":"https:\/\/recarprofi.cz\/uvod\/wp-json\/wp\/v2\/pages"}],"about":[{"href":"https:\/\/recarprofi.cz\/uvod\/wp-json\/wp\/v2\/types\/page"}],"author":[{"embeddable":true,"href":"https:\/\/recarprofi.cz\/uvod\/wp-json\/wp\/v2\/users\/1"}],"replies":[{"embeddable":true,"href":"https:\/\/recarprofi.cz\/uvod\/wp-json\/wp\/v2\/comments?post=3334"}],"version-history":[{"count":52,"href":"https:\/\/recarprofi.cz\/uvod\/wp-json\/wp\/v2\/pages\/3334\/revisions"}],"predecessor-version":[{"id":31063,"href":"https:\/\/recarprofi.cz\/uvod\/wp-json\/wp\/v2\/pages\/3334\/revisions\/31063"}],"up":[{"embeddable":true,"href":"https:\/\/recarprofi.cz\/uvod\/wp-json\/wp\/v2\/pages\/117"}],"wp:attachment":[{"href":"https:\/\/recarprofi.cz\/uvod\/wp-json\/wp\/v2\/media?parent=3334"}],"curies":[{"name":"wp","href":"https:\/\/api.w.org\/{rel}","templated":true}]}}

Čelní nakladače pro traktory

<div data-elementor-type="wp-page" data-elementor-id="3334" class="elementor elementor-3334">
						<section class="elementor-section elementor-top-section elementor-element elementor-element-35b2259 elementor-section-boxed elementor-section-height-default elementor-section-height-default" data-id="35b2259" data-element_type="section" data-e-type="section">
						<div class="elementor-container elementor-column-gap-default">
					<div class="elementor-column elementor-col-100 elementor-top-column elementor-element elementor-element-73e872a" data-id="73e872a" data-element_type="column" data-e-type="column">
			<div class="elementor-widget-wrap elementor-element-populated">
						<div class="elementor-element elementor-element-843def8 elementor-position-left elementor-vertical-align-top elementor-widget elementor-widget-image-box" data-id="843def8" data-element_type="widget" data-e-type="widget" data-widget_type="image-box.default">
				<div class="elementor-widget-container">
					<div class="elementor-image-box-wrapper"><figure class="elementor-image-box-img"><a href="https://recarprofi.cz/uvod/zemedelska-technika/manipulace/celni-nakladace-pro-traktory/quicke-2/" tabindex="-1"><img fetchpriority="high" decoding="async" width="1215" height="980" src="https://recarprofi.cz/wp-content/uploads/2019/03/quicke.png" class="attachment-full size-full wp-image-11619" alt="" srcset="https://recarprofi.cz/wp-content/uploads/2019/03/quicke.png 1215w, https://recarprofi.cz/wp-content/uploads/2019/03/quicke-600x484.png 600w, https://recarprofi.cz/wp-content/uploads/2019/03/quicke-420x339.png 420w, https://recarprofi.cz/wp-content/uploads/2019/03/quicke-744x600.png 744w, https://recarprofi.cz/wp-content/uploads/2019/03/quicke-768x619.png 768w, https://recarprofi.cz/wp-content/uploads/2019/03/quicke-1200x968.png 1200w" sizes="(max-width: 1215px) 100vw, 1215px" /></a></figure><div class="elementor-image-box-content"><h3 class="elementor-image-box-title"><a href="https://recarprofi.cz/uvod/zemedelska-technika/manipulace/celni-nakladace-pro-traktory/quicke-2/">Čelní nakladače Quicke</a></h3><p class="elementor-image-box-description">Pro traktory od 60 do 280 koní.</p></div></div>				</div>
				</div>
					</div>
		</div>
					</div>
		</section>
				<section class="elementor-section elementor-top-section elementor-element elementor-element-edc1553 elementor-section-boxed elementor-section-height-default elementor-section-height-default" data-id="edc1553" data-element_type="section" data-e-type="section">
						<div class="elementor-container elementor-column-gap-default">
					<div class="elementor-column elementor-col-100 elementor-top-column elementor-element elementor-element-9c1b48a" data-id="9c1b48a" data-element_type="column" data-e-type="column">
			<div class="elementor-widget-wrap elementor-element-populated">
						<div class="elementor-element elementor-element-0c12a30 elementor-position-left elementor-vertical-align-top elementor-widget elementor-widget-image-box" data-id="0c12a30" data-element_type="widget" data-e-type="widget" data-widget_type="image-box.default">
				<div class="elementor-widget-container">
					<div class="elementor-image-box-wrapper"><figure class="elementor-image-box-img"><a href="https://recarprofi.cz/uvod/zemedelska-technika/manipulace/celni-nakladace-pro-traktory/quicke-compact-2/" tabindex="-1"><img decoding="async" width="800" height="634" src="https://recarprofi.cz/wp-content/uploads/2019/04/quicke-compact.jpg" class="attachment-full size-full wp-image-11954" alt="" srcset="https://recarprofi.cz/wp-content/uploads/2019/04/quicke-compact.jpg 800w, https://recarprofi.cz/wp-content/uploads/2019/04/quicke-compact-600x476.jpg 600w" sizes="(max-width: 800px) 100vw, 800px" /></a></figure><div class="elementor-image-box-content"><h3 class="elementor-image-box-title"><a href="https://recarprofi.cz/uvod/zemedelska-technika/manipulace/celni-nakladace-pro-traktory/quicke-compact-2/">Čelní nakladače Quicke Compact</a></h3><p class="elementor-image-box-description">Pro traktory od 20 do 60 koní.</p></div></div>				</div>
				</div>
					</div>
		</div>
					</div>
		</section>
				<section class="elementor-section elementor-top-section elementor-element elementor-element-1455dc5 elementor-section-boxed elementor-section-height-default elementor-section-height-default" data-id="1455dc5" data-element_type="section" data-e-type="section">
						<div class="elementor-container elementor-column-gap-default">
					<div class="elementor-column elementor-col-100 elementor-top-column elementor-element elementor-element-19a4225" data-id="19a4225" data-element_type="column" data-e-type="column">
			<div class="elementor-widget-wrap elementor-element-populated">
						<div class="elementor-element elementor-element-f75a783 elementor-position-left elementor-vertical-align-top elementor-widget elementor-widget-image-box" data-id="f75a783" data-element_type="widget" data-e-type="widget" data-widget_type="image-box.default">
				<div class="elementor-widget-container">
					<div class="elementor-image-box-wrapper"><figure class="elementor-image-box-img"><a href="https://recarprofi.cz/uvod/zemedelska-technika/manipulace/celni-nakladace-pro-traktory/tur/" tabindex="-1"><img decoding="async" width="633" height="461" src="https://recarprofi.cz/wp-content/uploads/2019/04/ursus-tur.png" class="attachment-full size-full wp-image-11953" alt="" srcset="https://recarprofi.cz/wp-content/uploads/2019/04/ursus-tur.png 633w, https://recarprofi.cz/wp-content/uploads/2019/04/ursus-tur-600x437.png 600w, https://recarprofi.cz/wp-content/uploads/2019/04/ursus-tur-420x306.png 420w" sizes="(max-width: 633px) 100vw, 633px" /></a></figure><div class="elementor-image-box-content"><h3 class="elementor-image-box-title"><a href="https://recarprofi.cz/uvod/zemedelska-technika/manipulace/celni-nakladace-pro-traktory/tur/">Čelní nakladače TUR</a></h3><p class="elementor-image-box-description">Pro traktory od 30 do 120 koní.</p></div></div>				</div>
				</div>
					</div>
		</div>
					</div>
		</section>
				<section class="elementor-section elementor-top-section elementor-element elementor-element-d5dc0d9 elementor-section-boxed elementor-section-height-default elementor-section-height-default" data-id="d5dc0d9" data-element_type="section" data-e-type="section">
						<div class="elementor-container elementor-column-gap-default">
					<div class="elementor-column elementor-col-100 elementor-top-column elementor-element elementor-element-0d4d1bb" data-id="0d4d1bb" data-element_type="column" data-e-type="column">
			<div class="elementor-widget-wrap elementor-element-populated">
						<div class="elementor-element elementor-element-baa202c elementor-position-left elementor-vertical-align-top elementor-widget elementor-widget-image-box" data-id="baa202c" data-element_type="widget" data-e-type="widget" data-widget_type="image-box.default">
				<div class="elementor-widget-container">
					<div class="elementor-image-box-wrapper"><figure class="elementor-image-box-img"><a href="https://recarprofi.cz/uvod/zemedelska-technika/manipulace/celni-nakladace-pro-traktory/prislusenstvi-celnich-nakladacu/" tabindex="-1"><img loading="lazy" decoding="async" width="737" height="544" src="https://recarprofi.cz/wp-content/uploads/2019/04/quicke-power.png" class="attachment-full size-full wp-image-12019" alt="" srcset="https://recarprofi.cz/wp-content/uploads/2019/04/quicke-power.png 737w, https://recarprofi.cz/wp-content/uploads/2019/04/quicke-power-600x443.png 600w" sizes="(max-width: 737px) 100vw, 737px" /></a></figure><div class="elementor-image-box-content"><h3 class="elementor-image-box-title"><a href="https://recarprofi.cz/uvod/zemedelska-technika/manipulace/celni-nakladace-pro-traktory/prislusenstvi-celnich-nakladacu/">Příslušenství čelních nakladačů</a></h3></div></div>				</div>
				</div>
					</div>
		</div>
					</div>
		</section>
				</div>

<p>Čelní nakladače Quicke Pro traktory od 60 do 280 koní. Čelní nakladače Quicke Compact Pro traktory od 20 do 60 koní. Čelní nakladače TUR Pro traktory od 30 do 120 koní. Příslušenství čelních nakladačů</p>
