{"id":33355,"date":"2026-03-24T10:11:55","date_gmt":"2026-03-24T09:11:55","guid":{"rendered":"https:\/\/recarprofi.cz\/uvod\/?page_id=33355"},"modified":"2026-03-24T10:37:40","modified_gmt":"2026-03-24T09:37:40","slug":"elektromobily-skladove","status":"publish","type":"page","link":"https:\/\/recarprofi.cz\/uvod\/bazar\/elektromobily-skladove\/","title":{"rendered":"Elektromobily skladov\u00e9"},"content":{"rendered":"\t\t<div data-elementor-type=\"wp-page\" data-elementor-id=\"33355\" class=\"elementor elementor-33355\">\n\t\t\t\t\t\t<section class=\"elementor-section elementor-top-section elementor-element elementor-element-7cf689c elementor-section-boxed elementor-section-height-default elementor-section-height-default\" data-id=\"7cf689c\" data-element_type=\"section\" data-e-type=\"section\">\n\t\t\t\t\t\t<div class=\"elementor-container elementor-column-gap-default\">\n\t\t\t\t\t<div class=\"elementor-column elementor-col-100 elementor-top-column elementor-element elementor-element-6065c88\" data-id=\"6065c88\" data-element_type=\"column\" data-e-type=\"column\">\n\t\t\t<div class=\"elementor-widget-wrap elementor-element-populated\">\n\t\t\t\t\t\t<div class=\"elementor-element elementor-element-e06e773 elementor-position-left elementor-vertical-align-middle elementor-widget elementor-widget-image-box\" data-id=\"e06e773\" data-element_type=\"widget\" data-e-type=\"widget\" data-widget_type=\"image-box.default\">\n\t\t\t\t<div class=\"elementor-widget-container\">\n\t\t\t\t\t<div class=\"elementor-image-box-wrapper\"><figure class=\"elementor-image-box-img\"><img fetchpriority=\"high\" decoding=\"async\" width=\"800\" height=\"800\" src=\"https:\/\/recarprofi.cz\/wp-content\/uploads\/2026\/03\/evum-25.jpg\" class=\"attachment-full size-full wp-image-33223\" alt=\"\" srcset=\"https:\/\/recarprofi.cz\/wp-content\/uploads\/2026\/03\/evum-25.jpg 800w, https:\/\/recarprofi.cz\/wp-content\/uploads\/2026\/03\/evum-25-744x744.jpg 744w, https:\/\/recarprofi.cz\/wp-content\/uploads\/2026\/03\/evum-25-420x420.jpg 420w, https:\/\/recarprofi.cz\/wp-content\/uploads\/2026\/03\/evum-25-768x768.jpg 768w, https:\/\/recarprofi.cz\/wp-content\/uploads\/2026\/03\/evum-25-300x300.jpg 300w, https:\/\/recarprofi.cz\/wp-content\/uploads\/2026\/03\/evum-25-600x600.jpg 600w, https:\/\/recarprofi.cz\/wp-content\/uploads\/2026\/03\/evum-25-100x100.jpg 100w\" sizes=\"(max-width: 800px) 100vw, 800px\" \/><\/figure><div class=\"elementor-image-box-content\"><h3 class=\"elementor-image-box-title\">Evum aCar<\/h3><p class=\"elementor-image-box-description\">U\u017eitkov\u00fd elektromobil, barva b\u00edla, pohon 4x4, valn\u00edk, nez\u00e1visle topen\u00ed, r\u00e1dio, z\u00e1suvka na pracovn\u00ed n\u00e1\u0159ad\u00ed 230V\/3kW., baterie 16kWh, v\u010detn\u011b nab\u00edjec\u00edho kabele,  z\u00e1ruka 24 m\u011bs\u00edc\u016f. Cena: 1.199.000,-K\u010d+DPH<\/p><\/div><\/div>\t\t\t\t<\/div>\n\t\t\t\t<\/div>\n\t\t\t\t\t<\/div>\n\t\t<\/div>\n\t\t\t\t\t<\/div>\n\t\t<\/section>\n\t\t\t\t<\/div>\n\t\t","protected":false},"excerpt":{"rendered":"<p>Evum aCar U\u017eitkov\u00fd elektromobil, barva b\u00edla, pohon 4&#215;4, valn\u00edk, nez\u00e1visle topen\u00ed, r\u00e1dio, z\u00e1suvka na pracovn\u00ed n\u00e1\u0159ad\u00ed 230V\/3kW., baterie 16kWh, v\u010detn\u011b nab\u00edjec\u00edho kabele, z\u00e1ruka 24 m\u011bs\u00edc\u016f. Cena: 1.199.000,-K\u010d+DPH<\/p>\n","protected":false},"author":1,"featured_media":32772,"parent":187,"menu_order":5,"comment_status":"closed","ping_status":"closed","template":"","meta":{"footnotes":""},"class_list":["post-33355","page","type-page","status-publish","has-post-thumbnail","hentry"],"_links":{"self":[{"href":"https:\/\/recarprofi.cz\/uvod\/wp-json\/wp\/v2\/pages\/33355","targetHints":{"allow":["GET"]}}],"collection":[{"href":"https:\/\/recarprofi.cz\/uvod\/wp-json\/wp\/v2\/pages"}],"about":[{"href":"https:\/\/recarprofi.cz\/uvod\/wp-json\/wp\/v2\/types\/page"}],"author":[{"embeddable":true,"href":"https:\/\/recarprofi.cz\/uvod\/wp-json\/wp\/v2\/users\/1"}],"replies":[{"embeddable":true,"href":"https:\/\/recarprofi.cz\/uvod\/wp-json\/wp\/v2\/comments?post=33355"}],"version-history":[{"count":7,"href":"https:\/\/recarprofi.cz\/uvod\/wp-json\/wp\/v2\/pages\/33355\/revisions"}],"predecessor-version":[{"id":33363,"href":"https:\/\/recarprofi.cz\/uvod\/wp-json\/wp\/v2\/pages\/33355\/revisions\/33363"}],"up":[{"embeddable":true,"href":"https:\/\/recarprofi.cz\/uvod\/wp-json\/wp\/v2\/pages\/187"}],"wp:featuredmedia":[{"embeddable":true,"href":"https:\/\/recarprofi.cz\/uvod\/wp-json\/wp\/v2\/media\/32772"}],"wp:attachment":[{"href":"https:\/\/recarprofi.cz\/uvod\/wp-json\/wp\/v2\/media?parent=33355"}],"curies":[{"name":"wp","href":"https:\/\/api.w.org\/{rel}","templated":true}]}}

Elektromobily skladové

<div data-elementor-type="wp-page" data-elementor-id="33355" class="elementor elementor-33355">
						<section class="elementor-section elementor-top-section elementor-element elementor-element-7cf689c elementor-section-boxed elementor-section-height-default elementor-section-height-default" data-id="7cf689c" data-element_type="section" data-e-type="section">
						<div class="elementor-container elementor-column-gap-default">
					<div class="elementor-column elementor-col-100 elementor-top-column elementor-element elementor-element-6065c88" data-id="6065c88" data-element_type="column" data-e-type="column">
			<div class="elementor-widget-wrap elementor-element-populated">
						<div class="elementor-element elementor-element-e06e773 elementor-position-left elementor-vertical-align-middle elementor-widget elementor-widget-image-box" data-id="e06e773" data-element_type="widget" data-e-type="widget" data-widget_type="image-box.default">
				<div class="elementor-widget-container">
					<div class="elementor-image-box-wrapper"><figure class="elementor-image-box-img"><img fetchpriority="high" decoding="async" width="800" height="800" src="https://recarprofi.cz/wp-content/uploads/2026/03/evum-25.jpg" class="attachment-full size-full wp-image-33223" alt="" srcset="https://recarprofi.cz/wp-content/uploads/2026/03/evum-25.jpg 800w, https://recarprofi.cz/wp-content/uploads/2026/03/evum-25-744x744.jpg 744w, https://recarprofi.cz/wp-content/uploads/2026/03/evum-25-420x420.jpg 420w, https://recarprofi.cz/wp-content/uploads/2026/03/evum-25-768x768.jpg 768w, https://recarprofi.cz/wp-content/uploads/2026/03/evum-25-300x300.jpg 300w, https://recarprofi.cz/wp-content/uploads/2026/03/evum-25-600x600.jpg 600w, https://recarprofi.cz/wp-content/uploads/2026/03/evum-25-100x100.jpg 100w" sizes="(max-width: 800px) 100vw, 800px" /></figure><div class="elementor-image-box-content"><h3 class="elementor-image-box-title">Evum aCar</h3><p class="elementor-image-box-description">Užitkový elektromobil, barva bíla, pohon 4x4, valník, nezávisle topení, rádio, zásuvka na pracovní nářadí 230V/3kW., baterie 16kWh, včetně nabíjecího kabele,  záruka 24 měsíců. Cena: 1.199.000,-Kč+DPH</p></div></div>				</div>
				</div>
					</div>
		</div>
					</div>
		</section>
				</div>

<p>Evum aCar Užitkový elektromobil, barva bíla, pohon 4&#215;4, valník, nezávisle topení, rádio, zásuvka na pracovní nářadí 230V/3kW., baterie 16kWh, včetně nabíjecího kabele, záruka 24 měsíců. Cena: 1.199.000,-Kč+DPH</p>
