{"id":33367,"date":"2026-03-24T12:08:35","date_gmt":"2026-03-24T11:08:35","guid":{"rendered":"https:\/\/recarprofi.cz\/uvod\/?page_id=33367"},"modified":"2026-03-24T12:15:23","modified_gmt":"2026-03-24T11:15:23","slug":"dopravni-technika-skladova","status":"publish","type":"page","link":"https:\/\/recarprofi.cz\/uvod\/bazar\/dopravni-technika-skladova\/","title":{"rendered":"Dopravn\u00ed technika skladov\u00e1"},"content":{"rendered":"\t\t<div data-elementor-type=\"wp-page\" data-elementor-id=\"33367\" class=\"elementor elementor-33367\">\n\t\t\t\t\t\t<section class=\"elementor-section elementor-top-section elementor-element elementor-element-cd1d9e2 elementor-section-boxed elementor-section-height-default elementor-section-height-default\" data-id=\"cd1d9e2\" data-element_type=\"section\" data-e-type=\"section\">\n\t\t\t\t\t\t<div class=\"elementor-container elementor-column-gap-default\">\n\t\t\t\t\t<div class=\"elementor-column elementor-col-100 elementor-top-column elementor-element elementor-element-0b56a7b\" data-id=\"0b56a7b\" data-element_type=\"column\" data-e-type=\"column\">\n\t\t\t<div class=\"elementor-widget-wrap elementor-element-populated\">\n\t\t\t\t\t\t<div class=\"elementor-element elementor-element-e695c46 elementor-position-left elementor-vertical-align-middle elementor-widget elementor-widget-image-box\" data-id=\"e695c46\" data-element_type=\"widget\" data-e-type=\"widget\" data-widget_type=\"image-box.default\">\n\t\t\t\t<div class=\"elementor-widget-container\">\n\t\t\t\t\t<div class=\"elementor-image-box-wrapper\"><figure class=\"elementor-image-box-img\"><img fetchpriority=\"high\" decoding=\"async\" width=\"1024\" height=\"768\" src=\"https:\/\/recarprofi.cz\/wp-content\/uploads\/2026\/03\/n1.jpg\" class=\"attachment-full size-full wp-image-33370\" alt=\"\" srcset=\"https:\/\/recarprofi.cz\/wp-content\/uploads\/2026\/03\/n1.jpg 1024w, https:\/\/recarprofi.cz\/wp-content\/uploads\/2026\/03\/n1-744x558.jpg 744w, https:\/\/recarprofi.cz\/wp-content\/uploads\/2026\/03\/n1-420x315.jpg 420w, https:\/\/recarprofi.cz\/wp-content\/uploads\/2026\/03\/n1-768x576.jpg 768w, https:\/\/recarprofi.cz\/wp-content\/uploads\/2026\/03\/n1-600x450.jpg 600w\" sizes=\"(max-width: 1024px) 100vw, 1024px\" \/><\/figure><div class=\"elementor-image-box-content\"><h3 class=\"elementor-image-box-title\">Cisterna na vodu N-1550<\/h3><p class=\"elementor-image-box-description\">Nov\u00e1 cisterna na vodu, vlastn\u00ed \u010derpadlo, sac\u00ed hadice 5m, rozv\u00e1d\u011b\u010d se 4 okruhy, objem 1.550 L., z\u00e1ruka 24 m\u011bs\u00edc\u016f. Cena: 126.500,-K\u010d+DPH<\/p><\/div><\/div>\t\t\t\t<\/div>\n\t\t\t\t<\/div>\n\t\t\t\t\t<\/div>\n\t\t<\/div>\n\t\t\t\t\t<\/div>\n\t\t<\/section>\n\t\t\t\t<\/div>\n\t\t","protected":false},"excerpt":{"rendered":"<p>Cisterna na vodu N-1550 Nov\u00e1 cisterna na vodu, vlastn\u00ed \u010derpadlo, sac\u00ed hadice 5m, rozv\u00e1d\u011b\u010d se 4 okruhy, objem 1.550 L., z\u00e1ruka 24 m\u011bs\u00edc\u016f. Cena: 126.500,-K\u010d+DPH<\/p>\n","protected":false},"author":1,"featured_media":33214,"parent":187,"menu_order":6,"comment_status":"closed","ping_status":"closed","template":"","meta":{"footnotes":""},"class_list":["post-33367","page","type-page","status-publish","has-post-thumbnail","hentry"],"_links":{"self":[{"href":"https:\/\/recarprofi.cz\/uvod\/wp-json\/wp\/v2\/pages\/33367","targetHints":{"allow":["GET"]}}],"collection":[{"href":"https:\/\/recarprofi.cz\/uvod\/wp-json\/wp\/v2\/pages"}],"about":[{"href":"https:\/\/recarprofi.cz\/uvod\/wp-json\/wp\/v2\/types\/page"}],"author":[{"embeddable":true,"href":"https:\/\/recarprofi.cz\/uvod\/wp-json\/wp\/v2\/users\/1"}],"replies":[{"embeddable":true,"href":"https:\/\/recarprofi.cz\/uvod\/wp-json\/wp\/v2\/comments?post=33367"}],"version-history":[{"count":4,"href":"https:\/\/recarprofi.cz\/uvod\/wp-json\/wp\/v2\/pages\/33367\/revisions"}],"predecessor-version":[{"id":33373,"href":"https:\/\/recarprofi.cz\/uvod\/wp-json\/wp\/v2\/pages\/33367\/revisions\/33373"}],"up":[{"embeddable":true,"href":"https:\/\/recarprofi.cz\/uvod\/wp-json\/wp\/v2\/pages\/187"}],"wp:featuredmedia":[{"embeddable":true,"href":"https:\/\/recarprofi.cz\/uvod\/wp-json\/wp\/v2\/media\/33214"}],"wp:attachment":[{"href":"https:\/\/recarprofi.cz\/uvod\/wp-json\/wp\/v2\/media?parent=33367"}],"curies":[{"name":"wp","href":"https:\/\/api.w.org\/{rel}","templated":true}]}}

Dopravní technika skladová

<div data-elementor-type="wp-page" data-elementor-id="33367" class="elementor elementor-33367">
						<section class="elementor-section elementor-top-section elementor-element elementor-element-cd1d9e2 elementor-section-boxed elementor-section-height-default elementor-section-height-default" data-id="cd1d9e2" data-element_type="section" data-e-type="section">
						<div class="elementor-container elementor-column-gap-default">
					<div class="elementor-column elementor-col-100 elementor-top-column elementor-element elementor-element-0b56a7b" data-id="0b56a7b" data-element_type="column" data-e-type="column">
			<div class="elementor-widget-wrap elementor-element-populated">
						<div class="elementor-element elementor-element-e695c46 elementor-position-left elementor-vertical-align-middle elementor-widget elementor-widget-image-box" data-id="e695c46" data-element_type="widget" data-e-type="widget" data-widget_type="image-box.default">
				<div class="elementor-widget-container">
					<div class="elementor-image-box-wrapper"><figure class="elementor-image-box-img"><img fetchpriority="high" decoding="async" width="1024" height="768" src="https://recarprofi.cz/wp-content/uploads/2026/03/n1.jpg" class="attachment-full size-full wp-image-33370" alt="" srcset="https://recarprofi.cz/wp-content/uploads/2026/03/n1.jpg 1024w, https://recarprofi.cz/wp-content/uploads/2026/03/n1-744x558.jpg 744w, https://recarprofi.cz/wp-content/uploads/2026/03/n1-420x315.jpg 420w, https://recarprofi.cz/wp-content/uploads/2026/03/n1-768x576.jpg 768w, https://recarprofi.cz/wp-content/uploads/2026/03/n1-600x450.jpg 600w" sizes="(max-width: 1024px) 100vw, 1024px" /></figure><div class="elementor-image-box-content"><h3 class="elementor-image-box-title">Cisterna na vodu N-1550</h3><p class="elementor-image-box-description">Nová cisterna na vodu, vlastní čerpadlo, sací hadice 5m, rozváděč se 4 okruhy, objem 1.550 L., záruka 24 měsíců. Cena: 126.500,-Kč+DPH</p></div></div>				</div>
				</div>
					</div>
		</div>
					</div>
		</section>
				</div>

<p>Cisterna na vodu N-1550 Nová cisterna na vodu, vlastní čerpadlo, sací hadice 5m, rozváděč se 4 okruhy, objem 1.550 L., záruka 24 měsíců. Cena: 126.500,-Kč+DPH</p>
