{"id":33378,"date":"2026-03-24T13:47:24","date_gmt":"2026-03-24T12:47:24","guid":{"rendered":"https:\/\/recarprofi.cz\/uvod\/?page_id=33378"},"modified":"2026-03-24T14:25:54","modified_gmt":"2026-03-24T13:25:54","slug":"stroje-pro-pripravu-pudy","status":"publish","type":"page","link":"https:\/\/recarprofi.cz\/uvod\/bazar\/stroje-pro-pripravu-pudy\/","title":{"rendered":"Stroje pro p\u0159\u00edpravu p\u016fdy"},"content":{"rendered":"\t\t<div data-elementor-type=\"wp-page\" data-elementor-id=\"33378\" class=\"elementor elementor-33378\">\n\t\t\t\t\t\t<section class=\"elementor-section elementor-top-section elementor-element elementor-element-c60537d elementor-section-boxed elementor-section-height-default elementor-section-height-default\" data-id=\"c60537d\" data-element_type=\"section\" data-e-type=\"section\">\n\t\t\t\t\t\t<div class=\"elementor-container elementor-column-gap-default\">\n\t\t\t\t\t<div class=\"elementor-column elementor-col-100 elementor-top-column elementor-element elementor-element-9e9e03e\" data-id=\"9e9e03e\" data-element_type=\"column\" data-e-type=\"column\">\n\t\t\t<div class=\"elementor-widget-wrap elementor-element-populated\">\n\t\t\t\t\t\t<div class=\"elementor-element elementor-element-f2c3647 elementor-position-left elementor-vertical-align-middle elementor-widget elementor-widget-image-box\" data-id=\"f2c3647\" data-element_type=\"widget\" data-e-type=\"widget\" data-widget_type=\"image-box.default\">\n\t\t\t\t<div class=\"elementor-widget-container\">\n\t\t\t\t\t<div class=\"elementor-image-box-wrapper\"><figure class=\"elementor-image-box-img\"><img fetchpriority=\"high\" decoding=\"async\" width=\"999\" height=\"660\" src=\"https:\/\/recarprofi.cz\/wp-content\/uploads\/2026\/03\/sukov-mm251.jpeg\" class=\"attachment-full size-full wp-image-32887\" alt=\"\" srcset=\"https:\/\/recarprofi.cz\/wp-content\/uploads\/2026\/03\/sukov-mm251.jpeg 999w, https:\/\/recarprofi.cz\/wp-content\/uploads\/2026\/03\/sukov-mm251-744x492.jpeg 744w, https:\/\/recarprofi.cz\/wp-content\/uploads\/2026\/03\/sukov-mm251-420x277.jpeg 420w, https:\/\/recarprofi.cz\/wp-content\/uploads\/2026\/03\/sukov-mm251-768x507.jpeg 768w, https:\/\/recarprofi.cz\/wp-content\/uploads\/2026\/03\/sukov-mm251-650x430.jpeg 650w, https:\/\/recarprofi.cz\/wp-content\/uploads\/2026\/03\/sukov-mm251-600x396.jpeg 600w\" sizes=\"(max-width: 999px) 100vw, 999px\" \/><\/figure><div class=\"elementor-image-box-content\"><h3 class=\"elementor-image-box-title\">Pluh Sukov MM-25<\/h3><p class=\"elementor-image-box-description\">Nov\u00fd pluh, pracovn\u00ed z\u00e1b\u011br radlice 25-30 cm., v\u00fd\u0161ka pod r\u00e1m 390 mm., hmotnost 41 kg, z\u00e1ruka 24 m\u011bs\u00edc\u016f. Cena: 9.550,-K\u010d+DPH<\/p><\/div><\/div>\t\t\t\t<\/div>\n\t\t\t\t<\/div>\n\t\t\t\t\t<\/div>\n\t\t<\/div>\n\t\t\t\t\t<\/div>\n\t\t<\/section>\n\t\t\t\t<section class=\"elementor-section elementor-top-section elementor-element elementor-element-84fc0df elementor-section-boxed elementor-section-height-default elementor-section-height-default\" data-id=\"84fc0df\" data-element_type=\"section\" data-e-type=\"section\">\n\t\t\t\t\t\t<div class=\"elementor-container elementor-column-gap-default\">\n\t\t\t\t\t<div class=\"elementor-column elementor-col-100 elementor-top-column elementor-element elementor-element-562a7bc\" data-id=\"562a7bc\" data-element_type=\"column\" data-e-type=\"column\">\n\t\t\t<div class=\"elementor-widget-wrap elementor-element-populated\">\n\t\t\t\t\t\t<div class=\"elementor-element elementor-element-f7856b7 elementor-position-left elementor-vertical-align-middle elementor-widget elementor-widget-image-box\" data-id=\"f7856b7\" data-element_type=\"widget\" data-e-type=\"widget\" data-widget_type=\"image-box.default\">\n\t\t\t\t<div class=\"elementor-widget-container\">\n\t\t\t\t\t<div class=\"elementor-image-box-wrapper\"><figure class=\"elementor-image-box-img\"><img decoding=\"async\" width=\"999\" height=\"660\" src=\"https:\/\/recarprofi.cz\/wp-content\/uploads\/2024\/05\/sukov-mz251.jpeg\" class=\"attachment-full size-full wp-image-31568\" alt=\"\" srcset=\"https:\/\/recarprofi.cz\/wp-content\/uploads\/2024\/05\/sukov-mz251.jpeg 999w, https:\/\/recarprofi.cz\/wp-content\/uploads\/2024\/05\/sukov-mz251-744x492.jpeg 744w, https:\/\/recarprofi.cz\/wp-content\/uploads\/2024\/05\/sukov-mz251-420x277.jpeg 420w, https:\/\/recarprofi.cz\/wp-content\/uploads\/2024\/05\/sukov-mz251-768x507.jpeg 768w, https:\/\/recarprofi.cz\/wp-content\/uploads\/2024\/05\/sukov-mz251-600x396.jpeg 600w\" sizes=\"(max-width: 999px) 100vw, 999px\" \/><\/figure><div class=\"elementor-image-box-content\"><h3 class=\"elementor-image-box-title\">Pluh Sukov ZM-25<\/h3><p class=\"elementor-image-box-description\">Nov\u00fd, mechanick\u00fd oto\u010dn\u00fd pluh, pracovn\u00ed z\u00e1b\u011br radlice 25-30 cm., v\u00fd\u0161ka pod r\u00e1m 390 mm., hmotnost 70 kg, z\u00e1ruka 24 m\u011bs\u00edc\u016f. Cena: 23.900,-K\u010d+DPH<\/p><\/div><\/div>\t\t\t\t<\/div>\n\t\t\t\t<\/div>\n\t\t\t\t\t<\/div>\n\t\t<\/div>\n\t\t\t\t\t<\/div>\n\t\t<\/section>\n\t\t\t\t<section class=\"elementor-section elementor-top-section elementor-element elementor-element-a20c0f0 elementor-section-boxed elementor-section-height-default elementor-section-height-default\" data-id=\"a20c0f0\" data-element_type=\"section\" data-e-type=\"section\">\n\t\t\t\t\t\t<div class=\"elementor-container elementor-column-gap-default\">\n\t\t\t\t\t<div class=\"elementor-column elementor-col-100 elementor-top-column elementor-element elementor-element-f1e94dc\" data-id=\"f1e94dc\" data-element_type=\"column\" data-e-type=\"column\">\n\t\t\t<div class=\"elementor-widget-wrap elementor-element-populated\">\n\t\t\t\t\t\t<div class=\"elementor-element elementor-element-fe4bad9 elementor-position-left elementor-vertical-align-middle elementor-widget elementor-widget-image-box\" data-id=\"fe4bad9\" data-element_type=\"widget\" data-e-type=\"widget\" data-widget_type=\"image-box.default\">\n\t\t\t\t<div class=\"elementor-widget-container\">\n\t\t\t\t\t<div class=\"elementor-image-box-wrapper\"><figure class=\"elementor-image-box-img\"><img decoding=\"async\" width=\"999\" height=\"660\" src=\"https:\/\/recarprofi.cz\/wp-content\/uploads\/2023\/04\/sukov-gard256.jpg\" class=\"attachment-full size-full wp-image-25661\" alt=\"\" srcset=\"https:\/\/recarprofi.cz\/wp-content\/uploads\/2023\/04\/sukov-gard256.jpg 999w, https:\/\/recarprofi.cz\/wp-content\/uploads\/2023\/04\/sukov-gard256-744x492.jpg 744w, https:\/\/recarprofi.cz\/wp-content\/uploads\/2023\/04\/sukov-gard256-420x277.jpg 420w, https:\/\/recarprofi.cz\/wp-content\/uploads\/2023\/04\/sukov-gard256-768x507.jpg 768w, https:\/\/recarprofi.cz\/wp-content\/uploads\/2023\/04\/sukov-gard256-91x60.jpg 91w, https:\/\/recarprofi.cz\/wp-content\/uploads\/2023\/04\/sukov-gard256-600x396.jpg 600w\" sizes=\"(max-width: 999px) 100vw, 999px\" \/><\/figure><div class=\"elementor-image-box-content\"><h3 class=\"elementor-image-box-title\">Pluh Sukov Gard-25\/2<\/h3><p class=\"elementor-image-box-description\">Nov\u00fd oto\u010dn\u00fd pluh, po\u010det radlic 2+2, pracovn\u00ed z\u00e1b\u011br radlice 25 cm., v\u00fd\u0161ka pod r\u00e1m 490 mm., rozestup mezi t\u011blesy 650 mm., hmotnost 230 kg., z\u00e1ruka 24 m\u011bs\u00edc\u016f. Cena: 58.800,-K\u010d+DPH <\/p><\/div><\/div>\t\t\t\t<\/div>\n\t\t\t\t<\/div>\n\t\t\t\t\t<\/div>\n\t\t<\/div>\n\t\t\t\t\t<\/div>\n\t\t<\/section>\n\t\t\t\t<section class=\"elementor-section elementor-top-section elementor-element elementor-element-45d3d3e elementor-section-boxed elementor-section-height-default elementor-section-height-default\" data-id=\"45d3d3e\" data-element_type=\"section\" data-e-type=\"section\">\n\t\t\t\t\t\t<div class=\"elementor-container elementor-column-gap-default\">\n\t\t\t\t\t<div class=\"elementor-column elementor-col-100 elementor-top-column elementor-element elementor-element-a05bc96\" data-id=\"a05bc96\" data-element_type=\"column\" data-e-type=\"column\">\n\t\t\t<div class=\"elementor-widget-wrap elementor-element-populated\">\n\t\t\t\t\t\t<div class=\"elementor-element elementor-element-23453cf elementor-position-left elementor-vertical-align-middle elementor-widget elementor-widget-image-box\" data-id=\"23453cf\" data-element_type=\"widget\" data-e-type=\"widget\" data-widget_type=\"image-box.default\">\n\t\t\t\t<div class=\"elementor-widget-container\">\n\t\t\t\t\t<div class=\"elementor-image-box-wrapper\"><figure class=\"elementor-image-box-img\"><img loading=\"lazy\" decoding=\"async\" width=\"290\" height=\"218\" src=\"https:\/\/recarprofi.cz\/wp-content\/uploads\/2026\/03\/lucni-brany-4m.webp\" class=\"attachment-full size-full wp-image-33392\" alt=\"\" \/><\/figure><div class=\"elementor-image-box-content\"><h3 class=\"elementor-image-box-title\">Lu\u010dn\u00ed br\u00e1ny<\/h3><p class=\"elementor-image-box-description\">Lu\u010dn\u00ed br\u00e1ny nov\u00e9, hydraulick\u00fd skl\u00e1dan\u00e9, pracovn\u00ed z\u00e1b\u011br 4m., hmotnost 350 kg., z\u00e1ruka 24 m\u011bs\u00edc\u016f. Cena: 35.500,-K\u010d+DPH <\/p><\/div><\/div>\t\t\t\t<\/div>\n\t\t\t\t<\/div>\n\t\t\t\t\t<\/div>\n\t\t<\/div>\n\t\t\t\t\t<\/div>\n\t\t<\/section>\n\t\t\t\t<\/div>\n\t\t","protected":false},"excerpt":{"rendered":"<p>Pluh Sukov MM-25 Nov\u00fd pluh, pracovn\u00ed z\u00e1b\u011br radlice 25-30 cm., v\u00fd\u0161ka pod r\u00e1m 390 mm., hmotnost 41 kg, z\u00e1ruka 24 m\u011bs\u00edc\u016f. Cena: 9.550,-K\u010d+DPH Pluh Sukov ZM-25 Nov\u00fd, mechanick\u00fd oto\u010dn\u00fd pluh, pracovn\u00ed z\u00e1b\u011br radlice 25-30 cm.,&hellip;<\/p>\n","protected":false},"author":1,"featured_media":33177,"parent":187,"menu_order":7,"comment_status":"closed","ping_status":"closed","template":"","meta":{"footnotes":""},"class_list":["post-33378","page","type-page","status-publish","has-post-thumbnail","hentry"],"_links":{"self":[{"href":"https:\/\/recarprofi.cz\/uvod\/wp-json\/wp\/v2\/pages\/33378","targetHints":{"allow":["GET"]}}],"collection":[{"href":"https:\/\/recarprofi.cz\/uvod\/wp-json\/wp\/v2\/pages"}],"about":[{"href":"https:\/\/recarprofi.cz\/uvod\/wp-json\/wp\/v2\/types\/page"}],"author":[{"embeddable":true,"href":"https:\/\/recarprofi.cz\/uvod\/wp-json\/wp\/v2\/users\/1"}],"replies":[{"embeddable":true,"href":"https:\/\/recarprofi.cz\/uvod\/wp-json\/wp\/v2\/comments?post=33378"}],"version-history":[{"count":13,"href":"https:\/\/recarprofi.cz\/uvod\/wp-json\/wp\/v2\/pages\/33378\/revisions"}],"predecessor-version":[{"id":33395,"href":"https:\/\/recarprofi.cz\/uvod\/wp-json\/wp\/v2\/pages\/33378\/revisions\/33395"}],"up":[{"embeddable":true,"href":"https:\/\/recarprofi.cz\/uvod\/wp-json\/wp\/v2\/pages\/187"}],"wp:featuredmedia":[{"embeddable":true,"href":"https:\/\/recarprofi.cz\/uvod\/wp-json\/wp\/v2\/media\/33177"}],"wp:attachment":[{"href":"https:\/\/recarprofi.cz\/uvod\/wp-json\/wp\/v2\/media?parent=33378"}],"curies":[{"name":"wp","href":"https:\/\/api.w.org\/{rel}","templated":true}]}}

Stroje pro přípravu půdy

<div data-elementor-type="wp-page" data-elementor-id="33378" class="elementor elementor-33378">
						<section class="elementor-section elementor-top-section elementor-element elementor-element-c60537d elementor-section-boxed elementor-section-height-default elementor-section-height-default" data-id="c60537d" data-element_type="section" data-e-type="section">
						<div class="elementor-container elementor-column-gap-default">
					<div class="elementor-column elementor-col-100 elementor-top-column elementor-element elementor-element-9e9e03e" data-id="9e9e03e" data-element_type="column" data-e-type="column">
			<div class="elementor-widget-wrap elementor-element-populated">
						<div class="elementor-element elementor-element-f2c3647 elementor-position-left elementor-vertical-align-middle elementor-widget elementor-widget-image-box" data-id="f2c3647" data-element_type="widget" data-e-type="widget" data-widget_type="image-box.default">
				<div class="elementor-widget-container">
					<div class="elementor-image-box-wrapper"><figure class="elementor-image-box-img"><img fetchpriority="high" decoding="async" width="999" height="660" src="https://recarprofi.cz/wp-content/uploads/2026/03/sukov-mm251.jpeg" class="attachment-full size-full wp-image-32887" alt="" srcset="https://recarprofi.cz/wp-content/uploads/2026/03/sukov-mm251.jpeg 999w, https://recarprofi.cz/wp-content/uploads/2026/03/sukov-mm251-744x492.jpeg 744w, https://recarprofi.cz/wp-content/uploads/2026/03/sukov-mm251-420x277.jpeg 420w, https://recarprofi.cz/wp-content/uploads/2026/03/sukov-mm251-768x507.jpeg 768w, https://recarprofi.cz/wp-content/uploads/2026/03/sukov-mm251-650x430.jpeg 650w, https://recarprofi.cz/wp-content/uploads/2026/03/sukov-mm251-600x396.jpeg 600w" sizes="(max-width: 999px) 100vw, 999px" /></figure><div class="elementor-image-box-content"><h3 class="elementor-image-box-title">Pluh Sukov MM-25</h3><p class="elementor-image-box-description">Nový pluh, pracovní záběr radlice 25-30 cm., výška pod rám 390 mm., hmotnost 41 kg, záruka 24 měsíců. Cena: 9.550,-Kč+DPH</p></div></div>				</div>
				</div>
					</div>
		</div>
					</div>
		</section>
				<section class="elementor-section elementor-top-section elementor-element elementor-element-84fc0df elementor-section-boxed elementor-section-height-default elementor-section-height-default" data-id="84fc0df" data-element_type="section" data-e-type="section">
						<div class="elementor-container elementor-column-gap-default">
					<div class="elementor-column elementor-col-100 elementor-top-column elementor-element elementor-element-562a7bc" data-id="562a7bc" data-element_type="column" data-e-type="column">
			<div class="elementor-widget-wrap elementor-element-populated">
						<div class="elementor-element elementor-element-f7856b7 elementor-position-left elementor-vertical-align-middle elementor-widget elementor-widget-image-box" data-id="f7856b7" data-element_type="widget" data-e-type="widget" data-widget_type="image-box.default">
				<div class="elementor-widget-container">
					<div class="elementor-image-box-wrapper"><figure class="elementor-image-box-img"><img decoding="async" width="999" height="660" src="https://recarprofi.cz/wp-content/uploads/2024/05/sukov-mz251.jpeg" class="attachment-full size-full wp-image-31568" alt="" srcset="https://recarprofi.cz/wp-content/uploads/2024/05/sukov-mz251.jpeg 999w, https://recarprofi.cz/wp-content/uploads/2024/05/sukov-mz251-744x492.jpeg 744w, https://recarprofi.cz/wp-content/uploads/2024/05/sukov-mz251-420x277.jpeg 420w, https://recarprofi.cz/wp-content/uploads/2024/05/sukov-mz251-768x507.jpeg 768w, https://recarprofi.cz/wp-content/uploads/2024/05/sukov-mz251-600x396.jpeg 600w" sizes="(max-width: 999px) 100vw, 999px" /></figure><div class="elementor-image-box-content"><h3 class="elementor-image-box-title">Pluh Sukov ZM-25</h3><p class="elementor-image-box-description">Nový, mechanický otočný pluh, pracovní záběr radlice 25-30 cm., výška pod rám 390 mm., hmotnost 70 kg, záruka 24 měsíců. Cena: 23.900,-Kč+DPH</p></div></div>				</div>
				</div>
					</div>
		</div>
					</div>
		</section>
				<section class="elementor-section elementor-top-section elementor-element elementor-element-a20c0f0 elementor-section-boxed elementor-section-height-default elementor-section-height-default" data-id="a20c0f0" data-element_type="section" data-e-type="section">
						<div class="elementor-container elementor-column-gap-default">
					<div class="elementor-column elementor-col-100 elementor-top-column elementor-element elementor-element-f1e94dc" data-id="f1e94dc" data-element_type="column" data-e-type="column">
			<div class="elementor-widget-wrap elementor-element-populated">
						<div class="elementor-element elementor-element-fe4bad9 elementor-position-left elementor-vertical-align-middle elementor-widget elementor-widget-image-box" data-id="fe4bad9" data-element_type="widget" data-e-type="widget" data-widget_type="image-box.default">
				<div class="elementor-widget-container">
					<div class="elementor-image-box-wrapper"><figure class="elementor-image-box-img"><img decoding="async" width="999" height="660" src="https://recarprofi.cz/wp-content/uploads/2023/04/sukov-gard256.jpg" class="attachment-full size-full wp-image-25661" alt="" srcset="https://recarprofi.cz/wp-content/uploads/2023/04/sukov-gard256.jpg 999w, https://recarprofi.cz/wp-content/uploads/2023/04/sukov-gard256-744x492.jpg 744w, https://recarprofi.cz/wp-content/uploads/2023/04/sukov-gard256-420x277.jpg 420w, https://recarprofi.cz/wp-content/uploads/2023/04/sukov-gard256-768x507.jpg 768w, https://recarprofi.cz/wp-content/uploads/2023/04/sukov-gard256-91x60.jpg 91w, https://recarprofi.cz/wp-content/uploads/2023/04/sukov-gard256-600x396.jpg 600w" sizes="(max-width: 999px) 100vw, 999px" /></figure><div class="elementor-image-box-content"><h3 class="elementor-image-box-title">Pluh Sukov Gard-25/2</h3><p class="elementor-image-box-description">Nový otočný pluh, počet radlic 2+2, pracovní záběr radlice 25 cm., výška pod rám 490 mm., rozestup mezi tělesy 650 mm., hmotnost 230 kg., záruka 24 měsíců. Cena: 58.800,-Kč+DPH </p></div></div>				</div>
				</div>
					</div>
		</div>
					</div>
		</section>
				<section class="elementor-section elementor-top-section elementor-element elementor-element-45d3d3e elementor-section-boxed elementor-section-height-default elementor-section-height-default" data-id="45d3d3e" data-element_type="section" data-e-type="section">
						<div class="elementor-container elementor-column-gap-default">
					<div class="elementor-column elementor-col-100 elementor-top-column elementor-element elementor-element-a05bc96" data-id="a05bc96" data-element_type="column" data-e-type="column">
			<div class="elementor-widget-wrap elementor-element-populated">
						<div class="elementor-element elementor-element-23453cf elementor-position-left elementor-vertical-align-middle elementor-widget elementor-widget-image-box" data-id="23453cf" data-element_type="widget" data-e-type="widget" data-widget_type="image-box.default">
				<div class="elementor-widget-container">
					<div class="elementor-image-box-wrapper"><figure class="elementor-image-box-img"><img loading="lazy" decoding="async" width="290" height="218" src="https://recarprofi.cz/wp-content/uploads/2026/03/lucni-brany-4m.webp" class="attachment-full size-full wp-image-33392" alt="" /></figure><div class="elementor-image-box-content"><h3 class="elementor-image-box-title">Luční brány</h3><p class="elementor-image-box-description">Luční brány nové, hydraulický skládané, pracovní záběr 4m., hmotnost 350 kg., záruka 24 měsíců. Cena: 35.500,-Kč+DPH </p></div></div>				</div>
				</div>
					</div>
		</div>
					</div>
		</section>
				</div>

<p>Pluh Sukov MM-25 Nový pluh, pracovní záběr radlice 25-30 cm., výška pod rám 390 mm., hmotnost 41 kg, záruka 24 měsíců. Cena: 9.550,-Kč+DPH Pluh Sukov ZM-25 Nový, mechanický otočný pluh, pracovní záběr radlice 25-30 cm.,&hellip;</p>
