{"id":377,"date":"2013-02-01T14:37:46","date_gmt":"2013-02-01T13:37:46","guid":{"rendered":"http:\/\/recarprofi.cz\/?page_id=377"},"modified":"2026-01-08T11:44:37","modified_gmt":"2026-01-08T10:44:37","slug":"180d-250d-9","status":"publish","type":"page","link":"https:\/\/recarprofi.cz\/uvod\/manipulacni-technika\/vysokozdvizne-voziky-hyundai\/naftove\/180d-250d-9\/","title":{"rendered":"Vysokozdvi\u017en\u00e9 voz\u00edky Hyundai 180D\/250D-9"},"content":{"rendered":"\t\t<div data-elementor-type=\"wp-page\" data-elementor-id=\"377\" class=\"elementor elementor-377\">\n\t\t\t\t\t\t<section class=\"elementor-section elementor-top-section elementor-element elementor-element-67c90ab9 elementor-section-boxed elementor-section-height-default elementor-section-height-default\" data-id=\"67c90ab9\" data-element_type=\"section\" data-e-type=\"section\">\n\t\t\t\t\t\t<div class=\"elementor-container elementor-column-gap-default\">\n\t\t\t\t\t<div class=\"elementor-column elementor-col-100 elementor-top-column elementor-element elementor-element-6b218d5c\" data-id=\"6b218d5c\" data-element_type=\"column\" data-e-type=\"column\">\n\t\t\t<div class=\"elementor-widget-wrap elementor-element-populated\">\n\t\t\t\t\t\t<div class=\"elementor-element elementor-element-cea165b elementor-widget elementor-widget-text-editor\" data-id=\"cea165b\" data-element_type=\"widget\" data-e-type=\"widget\" data-widget_type=\"text-editor.default\">\n\t\t\t\t<div class=\"elementor-widget-container\">\n\t\t\t\t\t\t\t\t\t<p><a href=\"http:\/\/recarprofi.cz\/wp-content\/uploads\/2019\/03\/hyundai-180d-9.jpg\"><img fetchpriority=\"high\" decoding=\"async\" class=\"aligncenter wp-image-11713 size-large\" src=\"https:\/\/recarprofi.cz\/wp-content\/uploads\/2019\/03\/hyundai-180d-9-1200x860.jpg\" alt=\"\" width=\"1140\" height=\"817\" srcset=\"https:\/\/recarprofi.cz\/wp-content\/uploads\/2019\/03\/hyundai-180d-9-1200x860.jpg 1200w, https:\/\/recarprofi.cz\/wp-content\/uploads\/2019\/03\/hyundai-180d-9-scaled-600x430.jpg 600w, https:\/\/recarprofi.cz\/wp-content\/uploads\/2019\/03\/hyundai-180d-9-420x301.jpg 420w, https:\/\/recarprofi.cz\/wp-content\/uploads\/2019\/03\/hyundai-180d-9-744x533.jpg 744w, https:\/\/recarprofi.cz\/wp-content\/uploads\/2019\/03\/hyundai-180d-9-768x550.jpg 768w\" sizes=\"(max-width: 1140px) 100vw, 1140px\" \/><\/a><\/p><p><span style=\"color: #993366;\"><em><strong>Naftov\u00e9 vysokozdvi\u017en\u00e9 voz\u00edky Hyundai s\u00a0nosnosti 18 a 25t.<\/strong><\/em><\/span><\/p><p><strong>S\u00edla neznamenala nic bez kontroly. To je d\u016fvod, pro\u010d nov\u00e1 \u0159ada voz\u00edk\u016f zvl\u00e1d\u00e1 i ty nejt\u011b\u017e\u0161\u00ed zat\u00ed\u017een\u00ed s rafinovanou p\u0159esnost\u00ed. Proto\u017ee v\u017edycky p\u0159esn\u011b v\u00ed kolik zved\u00e1, hmotnost se p\u0159en\u00e1\u0161\u00ed pomoc\u00ed indik\u00e1toru s\u00edly na p\u0159\u00edstrojov\u00fd panel. Osv\u011bd\u010den\u00e1 \u00fa\u010dinn\u00e1 kombinace Cummins QSC motoru, p\u0159evodovky ZF a Kessler p\u0159edn\u00ed n\u00e1pravy zaji\u0161\u0165uje perfektn\u00ed v\u00fdkon. Na ramp\u00e1ch je nyn\u00ed velmi snadn\u00e1 manipulace, d\u00edky jemn\u00e9mu poj\u00ed\u017ed\u011bn\u00ed cut-off funkce. Prost\u011b nov\u00e1 \u0159ada je hv\u011bzdou ve sv\u00e9 t\u0159\u00edd\u011b jak v bezpe\u010dnosti a hospod\u00e1rnosti.<\/strong><\/p><p><strong><span style=\"color: #993366;\">Prospekt:<\/span> \u00a0<a href=\"http:\/\/recarprofi.cz\/wp-content\/uploads\/2013\/02\/hyundai-180d-9.pdf\">HYUNDAI 180D-9<\/a><\/strong><\/p><p><span style=\"color: #000000;\"><strong><span style=\"color: #993366;\">Prospekt:<\/span> <a href=\"http:\/\/recarprofi.cz\/wp-content\/uploads\/2013\/02\/hyundai-250d-9.pdf\">HYUNDAI 250D-9<\/a>\u00a0<\/strong><\/span><\/p><p><span style=\"color: #993366;\"><strong><em>Parametry:<\/em><\/strong><\/span><\/p><table border=\"1\" cellspacing=\"0\" cellpadding=\"0\"><tbody><tr><td valign=\"top\"><span style=\"color: #993366;\"><strong><em>Typ voz\u00edku<\/em><\/strong><\/span><\/td><td valign=\"top\"><span style=\"color: #993366;\"><strong><em>180D-9<\/em><\/strong><\/span><\/td><td valign=\"top\"><span style=\"color: #993366;\"><strong><em>250D-9<\/em><\/strong><\/span><\/td><\/tr><tr><td valign=\"top\"><strong><em>Pohon<\/em><\/strong><\/td><td valign=\"top\">Diesel<\/td><td valign=\"top\">Diesel<\/td><\/tr><tr><td valign=\"top\"><em><strong>Nosnost<\/strong><\/em><\/td><td valign=\"top\">18000 kg<\/td><td valign=\"top\">25000 kg<\/td><\/tr><tr><td valign=\"top\"><strong><em>Vylo\u017een\u00ed t\u011b\u017ei\u0161t\u011b<\/em><\/strong><\/td><td valign=\"top\">1200 mm<\/td><td valign=\"top\">1200 mm<\/td><\/tr><tr><td valign=\"top\"><em><strong>Vlastn\u00ed hmotnost<\/strong><\/em><\/td><td valign=\"top\">27015 kg<\/td><td valign=\"top\">37021 kg<\/td><\/tr><tr><td valign=\"top\"><em><strong>Pneumatiky p\u0159edn\u00ed<\/strong><\/em><\/td><td valign=\"top\">12.00-20<\/td><td valign=\"top\">14.00-24<\/td><\/tr><tr><td valign=\"top\"><strong><em>Pneumatiky zadn\u00ed<\/em><\/strong><\/td><td valign=\"top\">12.00-20<\/td><td valign=\"top\">14.00-24<\/td><\/tr><tr><td valign=\"top\"><em><strong>Rychlost pojezdu<\/strong><\/em><\/td><td valign=\"top\">37,5 km\/h<\/td><td valign=\"top\">31,5 km\/h<\/td><\/tr><tr><td valign=\"top\"><em><strong>Motor<\/strong><\/em><\/td><td valign=\"top\">Cummins QSC<\/td><td valign=\"top\">Cummins QSC<\/td><\/tr><tr><td valign=\"top\"><em><strong>V\u00fdkon motoru<\/strong><\/em><\/td><td valign=\"top\">194 kW<\/td><td valign=\"top\">204 kW<\/td><\/tr><\/tbody><\/table><p>\u00a0<\/p><p><a href=\"https:\/\/recarprofi.cz\/wp-content\/uploads\/2025\/03\/hyundai-250d.webp\"><img decoding=\"async\" class=\"alignnone size-medium wp-image-32304\" src=\"https:\/\/recarprofi.cz\/wp-content\/uploads\/2025\/03\/hyundai-250d-744x454.webp\" alt=\"\" width=\"744\" height=\"454\" srcset=\"https:\/\/recarprofi.cz\/wp-content\/uploads\/2025\/03\/hyundai-250d-744x454.webp 744w, https:\/\/recarprofi.cz\/wp-content\/uploads\/2025\/03\/hyundai-250d-420x256.webp 420w, https:\/\/recarprofi.cz\/wp-content\/uploads\/2025\/03\/hyundai-250d-768x468.webp 768w, https:\/\/recarprofi.cz\/wp-content\/uploads\/2025\/03\/hyundai-250d-1024x624.webp 1024w, https:\/\/recarprofi.cz\/wp-content\/uploads\/2025\/03\/hyundai-250d-600x366.webp 600w, https:\/\/recarprofi.cz\/wp-content\/uploads\/2025\/03\/hyundai-250d.webp 1043w\" sizes=\"(max-width: 744px) 100vw, 744px\" \/><\/a><\/p><p>\u00a0<\/p>\t\t\t\t\t\t\t\t<\/div>\n\t\t\t\t<\/div>\n\t\t\t\t\t<\/div>\n\t\t<\/div>\n\t\t\t\t\t<\/div>\n\t\t<\/section>\n\t\t\t\t<\/div>\n\t\t","protected":false},"excerpt":{"rendered":"<p>Naftov\u00e9 vysokozdvi\u017en\u00e9 voz\u00edky Hyundai s\u00a0nosnosti 18 a 25t. S\u00edla neznamenala nic bez kontroly. To je d\u016fvod, pro\u010d nov\u00e1 \u0159ada voz\u00edk\u016f zvl\u00e1d\u00e1 i ty nejt\u011b\u017e\u0161\u00ed zat\u00ed\u017een\u00ed s rafinovanou p\u0159esnost\u00ed. Proto\u017ee v\u017edycky p\u0159esn\u011b v\u00ed kolik zved\u00e1, hmotnost&hellip;<\/p>\n","protected":false},"author":1,"featured_media":9039,"parent":227,"menu_order":7,"comment_status":"closed","ping_status":"closed","template":"","meta":{"footnotes":""},"class_list":["post-377","page","type-page","status-publish","has-post-thumbnail","hentry"],"_links":{"self":[{"href":"https:\/\/recarprofi.cz\/uvod\/wp-json\/wp\/v2\/pages\/377","targetHints":{"allow":["GET"]}}],"collection":[{"href":"https:\/\/recarprofi.cz\/uvod\/wp-json\/wp\/v2\/pages"}],"about":[{"href":"https:\/\/recarprofi.cz\/uvod\/wp-json\/wp\/v2\/types\/page"}],"author":[{"embeddable":true,"href":"https:\/\/recarprofi.cz\/uvod\/wp-json\/wp\/v2\/users\/1"}],"replies":[{"embeddable":true,"href":"https:\/\/recarprofi.cz\/uvod\/wp-json\/wp\/v2\/comments?post=377"}],"version-history":[{"count":42,"href":"https:\/\/recarprofi.cz\/uvod\/wp-json\/wp\/v2\/pages\/377\/revisions"}],"predecessor-version":[{"id":32663,"href":"https:\/\/recarprofi.cz\/uvod\/wp-json\/wp\/v2\/pages\/377\/revisions\/32663"}],"up":[{"embeddable":true,"href":"https:\/\/recarprofi.cz\/uvod\/wp-json\/wp\/v2\/pages\/227"}],"wp:featuredmedia":[{"embeddable":true,"href":"https:\/\/recarprofi.cz\/uvod\/wp-json\/wp\/v2\/media\/9039"}],"wp:attachment":[{"href":"https:\/\/recarprofi.cz\/uvod\/wp-json\/wp\/v2\/media?parent=377"}],"curies":[{"name":"wp","href":"https:\/\/api.w.org\/{rel}","templated":true}]}}