{"id":497,"date":"2013-02-03T14:25:11","date_gmt":"2013-02-03T13:25:11","guid":{"rendered":"http:\/\/recarprofi.cz\/?page_id=497"},"modified":"2024-04-10T13:58:43","modified_gmt":"2024-04-10T11:58:43","slug":"22-35b-9","status":"publish","type":"page","link":"https:\/\/recarprofi.cz\/uvod\/manipulacni-technika\/vysokozdvizne-voziky-hyundai\/elektricke\/22-35b-9\/","title":{"rendered":"Vysokozdvi\u017en\u00e9 voz\u00edky Hyundai 22\/35B-9"},"content":{"rendered":"\t\t<div data-elementor-type=\"wp-page\" data-elementor-id=\"497\" class=\"elementor elementor-497\">\n\t\t\t\t\t\t<section class=\"elementor-section elementor-top-section elementor-element elementor-element-b55d517 elementor-section-boxed elementor-section-height-default elementor-section-height-default\" data-id=\"b55d517\" data-element_type=\"section\" data-e-type=\"section\">\n\t\t\t\t\t\t<div class=\"elementor-container elementor-column-gap-default\">\n\t\t\t\t\t<div class=\"elementor-column elementor-col-100 elementor-top-column elementor-element elementor-element-1cea4dfc\" data-id=\"1cea4dfc\" data-element_type=\"column\" data-e-type=\"column\">\n\t\t\t<div class=\"elementor-widget-wrap elementor-element-populated\">\n\t\t\t\t\t\t<div class=\"elementor-element elementor-element-292dabcb elementor-widget elementor-widget-text-editor\" data-id=\"292dabcb\" data-element_type=\"widget\" data-e-type=\"widget\" data-widget_type=\"text-editor.default\">\n\t\t\t\t<div class=\"elementor-widget-container\">\n\t\t\t\t\t\t\t\t\t<p><a href=\"http:\/\/recarprofi.cz\/wp-content\/uploads\/2019\/03\/hyundai-22b-9.jpg\"><img fetchpriority=\"high\" decoding=\"async\" class=\"aligncenter wp-image-11758 size-full\" src=\"https:\/\/recarprofi.cz\/wp-content\/uploads\/2019\/03\/hyundai-22b-9.jpg\" alt=\"\" width=\"738\" height=\"600\" srcset=\"https:\/\/recarprofi.cz\/wp-content\/uploads\/2019\/03\/hyundai-22b-9.jpg 738w, https:\/\/recarprofi.cz\/wp-content\/uploads\/2019\/03\/hyundai-22b-9-600x488.jpg 600w, https:\/\/recarprofi.cz\/wp-content\/uploads\/2019\/03\/hyundai-22b-9-420x341.jpg 420w\" sizes=\"(max-width: 738px) 100vw, 738px\" \/><\/a><\/p><h3 style=\"line-height: 14.25pt;\"><strong><i><span style=\"font-family: 'Georgia','serif'; color: green; font-size: 10pt;\">Vysokozdvi\u017en\u00e9 voz\u00edky Hyundai na elektrick\u00fd pohon, s nosnosti\u00a0od 2,2 do 3,5t.<\/span><\/i><\/strong><\/h3><h3 style=\"line-height: 14.25pt;\"><strong><span style=\"font-family: 'Georgia','serif'; color: #333333; font-size: 10pt;\">Nov\u00e1 \u0159ada 9 s pohonem na st\u0159\u00eddav\u00fd proud. Plynul\u00fd chod a ergonomick\u00e1 konstrukce, voz\u00edky jsou vyrobeny tak, aby splnily Va\u0161e po\u017eadavky. Ide\u00e1ln\u00ed uspo\u0159\u00e1d\u00e1n\u00ed jednotliv\u00fdch komponent\u016f zaru\u010duje snadn\u00fd a pohodln\u00fd p\u0159\u00edstup pro prov\u00e1d\u011bn\u00ed \u00fadr\u017eby. Jednod\u00edln\u00fd r\u00e1m voz\u00edku se zes\u00edlenou konstrukc\u00ed byl navr\u017een na z\u00e1klad\u011b p\u0159esn\u00fdch struktur\u00e1ln\u00edch anal\u00fdz a zaru\u010duje trvanlivost a bezpe\u010dnost provozu.<\/span><\/strong><\/h3><p>\u00a0<\/p><p style=\"line-height: 14.25pt;\"><strong>Prospekt: <a href=\"http:\/\/recarprofi.cz\/wp-content\/uploads\/2013\/02\/hyundai-22-35b-9.pdf\">hyundai 22-35b-9<\/a><\/strong><\/p><p>\u00a0<\/p><p style=\"line-height: 14.25pt;\"><strong><span style=\"font-family: 'Georgia','serif'; color: green; font-size: 10pt;\">Parametry:<\/span><\/strong><\/p><table><tbody><tr><td><strong><em>Typ voz\u00edku\u00a0\u00a0\u00a0\u00a0\u00a0\u00a0\u00a0\u00a0\u00a0\u00a0\u00a0\u00a0\u00a0\u00a0\u00a0\u00a0\u00a0\u00a0\u00a0 <\/em><\/strong><\/td><td><strong><em>22B-9\u00a0\u00a0\u00a0\u00a0\u00a0\u00a0\u00a0\u00a0\u00a0\u00a0\u00a0 <\/em><\/strong><\/td><td><strong><em>25B-9\u00a0\u00a0\u00a0\u00a0\u00a0\u00a0\u00a0\u00a0\u00a0\u00a0 <\/em><\/strong><\/td><td><strong><em>30B-9\u00a0\u00a0\u00a0\u00a0\u00a0\u00a0\u00a0\u00a0\u00a0 <\/em><\/strong><\/td><td><strong><em>32B-9\u00a0\u00a0\u00a0\u00a0\u00a0\u00a0\u00a0\u00a0\u00a0 \u00a0\u00a0\u00a0\u00a0\u00a0\u00a0\u00a0\u00a0<\/em><\/strong><\/td><td><strong><em>35B-9<\/em><\/strong><\/td><\/tr><tr><td><strong><em>Pohon<\/em><\/strong><\/td><td>Elektrick\u00fd<\/td><td>Elektrick\u00fd<\/td><td>Elektrick\u00fd<\/td><td>Elektrick\u00fd<\/td><td>Elektrick\u00fd<\/td><\/tr><tr><td><strong><em>Nosnost<\/em><\/strong><\/td><td>2200 kg<\/td><td>2500 kg<\/td><td>3000 kg<\/td><td>3200 kg<\/td><td>3500 kg<\/td><\/tr><tr><td><strong><em>Vylo\u017een\u00ed t\u011b\u017ei\u0161t\u011b<\/em><\/strong><\/td><td>500 mm<\/td><td>500 mm<\/td><td>500 mm<\/td><td>500 mm<\/td><td>500 mm<\/td><\/tr><tr><td><strong><em>Vlastn\u00ed hmotnost<\/em><\/strong><\/td><td>4045 kg<\/td><td>4310 kg<\/td><td>4750 kg<\/td><td>4935 kg<\/td><td>5190 kg<\/td><\/tr><tr><td><strong><em>Pneumatiky p\u0159edn\u00ed<\/em><\/strong><\/td><td>23&#215;9-10<\/td><td>23&#215;9-10<\/td><td>23&#215;9-10<\/td><td>23&#215;9-10<\/td><td>23&#215;10-12<\/td><\/tr><tr><td><strong><em>Pneumatiky zadn\u00ed<\/em><\/strong><\/td><td>18&#215;7-8<\/td><td>18&#215;7-8<\/td><td>18&#215;7-8<\/td><td>18&#215;7-8<\/td><td>18&#215;7-8<\/td><\/tr><tr><td><strong><em>Rychlost pojezdu<\/em><\/strong><\/td><td>17 km\/h<\/td><td>17 km\/h<\/td><td>17 km\/h<\/td><td>17 km\/h<\/td><td>17 km\/h<\/td><\/tr><tr><td><strong><em>Motor pojezdu<\/em><\/strong><\/td><td>AC<\/td><td>AC<\/td><td>AC<\/td><td>AC<\/td><td>AC<\/td><\/tr><tr><td><strong><em>V\u00fdkon motoru<\/em><\/strong><\/td><td>7 kW<\/td><td>7 kW<\/td><td>7 kW<\/td><td>7 kW<\/td><td>7 kW<\/td><\/tr><\/tbody><\/table><p><a href=\"http:\/\/recarprofi.cz\/wp-content\/uploads\/2019\/03\/hyundai-30b-9.jpg\"><img decoding=\"async\" class=\"aligncenter wp-image-11760 size-full\" src=\"https:\/\/recarprofi.cz\/wp-content\/uploads\/2019\/03\/hyundai-30b-9-e1560323304869.jpg\" alt=\"\" width=\"722\" height=\"600\" srcset=\"https:\/\/recarprofi.cz\/wp-content\/uploads\/2019\/03\/hyundai-30b-9-e1560323304869.jpg 722w, https:\/\/recarprofi.cz\/wp-content\/uploads\/2019\/03\/hyundai-30b-9-e1560323304869-600x499.jpg 600w\" sizes=\"(max-width: 722px) 100vw, 722px\" \/><\/a><\/p>\t\t\t\t\t\t\t\t<\/div>\n\t\t\t\t<\/div>\n\t\t\t\t\t<\/div>\n\t\t<\/div>\n\t\t\t\t\t<\/div>\n\t\t<\/section>\n\t\t\t\t<\/div>\n\t\t","protected":false},"excerpt":{"rendered":"<p>Vysokozdvi\u017en\u00e9 voz\u00edky Hyundai na elektrick\u00fd pohon, s nosnosti\u00a0od 2,2 do 3,5t. Nov\u00e1 \u0159ada 9 s pohonem na st\u0159\u00eddav\u00fd proud. Plynul\u00fd chod a ergonomick\u00e1 konstrukce, voz\u00edky jsou vyrobeny tak, aby splnily Va\u0161e po\u017eadavky. Ide\u00e1ln\u00ed uspo\u0159\u00e1d\u00e1n\u00ed jednotliv\u00fdch&hellip;<\/p>\n","protected":false},"author":1,"featured_media":0,"parent":468,"menu_order":4,"comment_status":"closed","ping_status":"closed","template":"","meta":{"footnotes":""},"class_list":["post-497","page","type-page","status-publish","hentry"],"_links":{"self":[{"href":"https:\/\/recarprofi.cz\/uvod\/wp-json\/wp\/v2\/pages\/497","targetHints":{"allow":["GET"]}}],"collection":[{"href":"https:\/\/recarprofi.cz\/uvod\/wp-json\/wp\/v2\/pages"}],"about":[{"href":"https:\/\/recarprofi.cz\/uvod\/wp-json\/wp\/v2\/types\/page"}],"author":[{"embeddable":true,"href":"https:\/\/recarprofi.cz\/uvod\/wp-json\/wp\/v2\/users\/1"}],"replies":[{"embeddable":true,"href":"https:\/\/recarprofi.cz\/uvod\/wp-json\/wp\/v2\/comments?post=497"}],"version-history":[{"count":27,"href":"https:\/\/recarprofi.cz\/uvod\/wp-json\/wp\/v2\/pages\/497\/revisions"}],"predecessor-version":[{"id":20471,"href":"https:\/\/recarprofi.cz\/uvod\/wp-json\/wp\/v2\/pages\/497\/revisions\/20471"}],"up":[{"embeddable":true,"href":"https:\/\/recarprofi.cz\/uvod\/wp-json\/wp\/v2\/pages\/468"}],"wp:attachment":[{"href":"https:\/\/recarprofi.cz\/uvod\/wp-json\/wp\/v2\/media?parent=497"}],"curies":[{"name":"wp","href":"https:\/\/api.w.org\/{rel}","templated":true}]}}

Vysokozdvižné vozíky Hyundai 22/35B-9

<div data-elementor-type="wp-page" data-elementor-id="497" class="elementor elementor-497">
						<section class="elementor-section elementor-top-section elementor-element elementor-element-b55d517 elementor-section-boxed elementor-section-height-default elementor-section-height-default" data-id="b55d517" data-element_type="section" data-e-type="section">
						<div class="elementor-container elementor-column-gap-default">
					<div class="elementor-column elementor-col-100 elementor-top-column elementor-element elementor-element-1cea4dfc" data-id="1cea4dfc" data-element_type="column" data-e-type="column">
			<div class="elementor-widget-wrap elementor-element-populated">
						<div class="elementor-element elementor-element-292dabcb elementor-widget elementor-widget-text-editor" data-id="292dabcb" data-element_type="widget" data-e-type="widget" data-widget_type="text-editor.default">
				<div class="elementor-widget-container">
									<p><a href="http://recarprofi.cz/wp-content/uploads/2019/03/hyundai-22b-9.jpg"><img fetchpriority="high" decoding="async" class="aligncenter wp-image-11758 size-full" src="https://recarprofi.cz/wp-content/uploads/2019/03/hyundai-22b-9.jpg" alt="" width="738" height="600" srcset="https://recarprofi.cz/wp-content/uploads/2019/03/hyundai-22b-9.jpg 738w, https://recarprofi.cz/wp-content/uploads/2019/03/hyundai-22b-9-600x488.jpg 600w, https://recarprofi.cz/wp-content/uploads/2019/03/hyundai-22b-9-420x341.jpg 420w" sizes="(max-width: 738px) 100vw, 738px" /></a></p><h3 style="line-height: 14.25pt;"><strong><i><span style="font-family: 'Georgia','serif'; color: green; font-size: 10pt;">Vysokozdvižné vozíky Hyundai na elektrický pohon, s nosnosti od 2,2 do 3,5t.</span></i></strong></h3><h3 style="line-height: 14.25pt;"><strong><span style="font-family: 'Georgia','serif'; color: #333333; font-size: 10pt;">Nová řada 9 s pohonem na střídavý proud. Plynulý chod a ergonomická konstrukce, vozíky jsou vyrobeny tak, aby splnily Vaše požadavky. Ideální uspořádání jednotlivých komponentů zaručuje snadný a pohodlný přístup pro provádění údržby. Jednodílný rám vozíku se zesílenou konstrukcí byl navržen na základě přesných strukturálních analýz a zaručuje trvanlivost a bezpečnost provozu.</span></strong></h3><p> </p><p style="line-height: 14.25pt;"><strong>Prospekt: <a href="http://recarprofi.cz/wp-content/uploads/2013/02/hyundai-22-35b-9.pdf">hyundai 22-35b-9</a></strong></p><p> </p><p style="line-height: 14.25pt;"><strong><span style="font-family: 'Georgia','serif'; color: green; font-size: 10pt;">Parametry:</span></strong></p><table><tbody><tr><td><strong><em>Typ vozíku                    </em></strong></td><td><strong><em>22B-9            </em></strong></td><td><strong><em>25B-9           </em></strong></td><td><strong><em>30B-9          </em></strong></td><td><strong><em>32B-9                  </em></strong></td><td><strong><em>35B-9</em></strong></td></tr><tr><td><strong><em>Pohon</em></strong></td><td>Elektrický</td><td>Elektrický</td><td>Elektrický</td><td>Elektrický</td><td>Elektrický</td></tr><tr><td><strong><em>Nosnost</em></strong></td><td>2200 kg</td><td>2500 kg</td><td>3000 kg</td><td>3200 kg</td><td>3500 kg</td></tr><tr><td><strong><em>Vyložení těžiště</em></strong></td><td>500 mm</td><td>500 mm</td><td>500 mm</td><td>500 mm</td><td>500 mm</td></tr><tr><td><strong><em>Vlastní hmotnost</em></strong></td><td>4045 kg</td><td>4310 kg</td><td>4750 kg</td><td>4935 kg</td><td>5190 kg</td></tr><tr><td><strong><em>Pneumatiky přední</em></strong></td><td>23&#215;9-10</td><td>23&#215;9-10</td><td>23&#215;9-10</td><td>23&#215;9-10</td><td>23&#215;10-12</td></tr><tr><td><strong><em>Pneumatiky zadní</em></strong></td><td>18&#215;7-8</td><td>18&#215;7-8</td><td>18&#215;7-8</td><td>18&#215;7-8</td><td>18&#215;7-8</td></tr><tr><td><strong><em>Rychlost pojezdu</em></strong></td><td>17 km/h</td><td>17 km/h</td><td>17 km/h</td><td>17 km/h</td><td>17 km/h</td></tr><tr><td><strong><em>Motor pojezdu</em></strong></td><td>AC</td><td>AC</td><td>AC</td><td>AC</td><td>AC</td></tr><tr><td><strong><em>Výkon motoru</em></strong></td><td>7 kW</td><td>7 kW</td><td>7 kW</td><td>7 kW</td><td>7 kW</td></tr></tbody></table><p><a href="http://recarprofi.cz/wp-content/uploads/2019/03/hyundai-30b-9.jpg"><img decoding="async" class="aligncenter wp-image-11760 size-full" src="https://recarprofi.cz/wp-content/uploads/2019/03/hyundai-30b-9-e1560323304869.jpg" alt="" width="722" height="600" srcset="https://recarprofi.cz/wp-content/uploads/2019/03/hyundai-30b-9-e1560323304869.jpg 722w, https://recarprofi.cz/wp-content/uploads/2019/03/hyundai-30b-9-e1560323304869-600x499.jpg 600w" sizes="(max-width: 722px) 100vw, 722px" /></a></p>								</div>
				</div>
					</div>
		</div>
					</div>
		</section>
				</div>

<p>Vysokozdvižné vozíky Hyundai na elektrický pohon, s nosnosti od 2,2 do 3,5t. Nová řada 9 s pohonem na střídavý proud. Plynulý chod a ergonomická konstrukce, vozíky jsou vyrobeny tak, aby splnily Vaše požadavky. Ideální uspořádání jednotlivých&hellip;</p>
