{"id":6080,"date":"2014-05-22T13:02:06","date_gmt":"2014-05-22T11:02:06","guid":{"rendered":"http:\/\/recarprofi.cz\/?page_id=6080"},"modified":"2026-02-25T14:24:17","modified_gmt":"2026-02-25T13:24:17","slug":"snehove-radlice-zadni","status":"publish","type":"page","link":"https:\/\/recarprofi.cz\/uvod\/komunalni-technika\/snehove-radlice-zadni\/","title":{"rendered":"Sn\u011bhov\u00e9 radlice zadn\u00ed"},"content":{"rendered":"\t\t<div data-elementor-type=\"wp-page\" data-elementor-id=\"6080\" class=\"elementor elementor-6080\">\n\t\t\t\t\t\t<section class=\"elementor-section elementor-top-section elementor-element elementor-element-b049219 elementor-section-boxed elementor-section-height-default elementor-section-height-default\" data-id=\"b049219\" data-element_type=\"section\" data-e-type=\"section\">\n\t\t\t\t\t\t<div class=\"elementor-container elementor-column-gap-default\">\n\t\t\t\t\t<div class=\"elementor-column elementor-col-100 elementor-top-column elementor-element elementor-element-66f61fb\" data-id=\"66f61fb\" data-element_type=\"column\" data-e-type=\"column\">\n\t\t\t<div class=\"elementor-widget-wrap elementor-element-populated\">\n\t\t\t\t\t\t<div class=\"elementor-element elementor-element-3c0e234 elementor-widget elementor-widget-image\" data-id=\"3c0e234\" data-element_type=\"widget\" data-e-type=\"widget\" data-widget_type=\"image.default\">\n\t\t\t\t<div class=\"elementor-widget-container\">\n\t\t\t\t\t\t\t\t\t\t\t\t\t\t\t<img fetchpriority=\"high\" decoding=\"async\" width=\"458\" height=\"480\" src=\"https:\/\/recarprofi.cz\/wp-content\/uploads\/2026\/02\/radlice-snehova-zadni.webp\" class=\"attachment-large size-large wp-image-32844\" alt=\"\" srcset=\"https:\/\/recarprofi.cz\/wp-content\/uploads\/2026\/02\/radlice-snehova-zadni.webp 458w, https:\/\/recarprofi.cz\/wp-content\/uploads\/2026\/02\/radlice-snehova-zadni-420x440.webp 420w\" sizes=\"(max-width: 458px) 100vw, 458px\" \/>\t\t\t\t\t\t\t\t\t\t\t\t\t\t\t<\/div>\n\t\t\t\t<\/div>\n\t\t\t\t\t<\/div>\n\t\t<\/div>\n\t\t\t\t\t<\/div>\n\t\t<\/section>\n\t\t\t\t<section class=\"elementor-section elementor-top-section elementor-element elementor-element-9b25ff5 elementor-section-boxed elementor-section-height-default elementor-section-height-default\" data-id=\"9b25ff5\" data-element_type=\"section\" data-e-type=\"section\">\n\t\t\t\t\t\t<div class=\"elementor-container elementor-column-gap-default\">\n\t\t\t\t\t<div class=\"elementor-column elementor-col-100 elementor-top-column elementor-element elementor-element-a71e184\" data-id=\"a71e184\" data-element_type=\"column\" data-e-type=\"column\">\n\t\t\t<div class=\"elementor-widget-wrap elementor-element-populated\">\n\t\t\t\t\t\t<div class=\"elementor-element elementor-element-e70689e elementor-widget elementor-widget-button\" data-id=\"e70689e\" data-element_type=\"widget\" data-e-type=\"widget\" data-widget_type=\"button.default\">\n\t\t\t\t<div class=\"elementor-widget-container\">\n\t\t\t\t\t\t\t\t\t<div class=\"elementor-button-wrapper\">\n\t\t\t\t\t<a class=\"elementor-button elementor-button-link elementor-size-sm\" href=\"https:\/\/recarprofi.cz\/uvod\/kategorie-produktu\/snehove-radlice\/\">\n\t\t\t\t\t\t<span class=\"elementor-button-content-wrapper\">\n\t\t\t\t\t\t\t\t\t<span class=\"elementor-button-text\">Vstup do Eshopu<\/span>\n\t\t\t\t\t<\/span>\n\t\t\t\t\t<\/a>\n\t\t\t\t<\/div>\n\t\t\t\t\t\t\t\t<\/div>\n\t\t\t\t<\/div>\n\t\t\t\t\t<\/div>\n\t\t<\/div>\n\t\t\t\t\t<\/div>\n\t\t<\/section>\n\t\t\t\t<section class=\"elementor-section elementor-top-section elementor-element elementor-element-721f847 elementor-section-boxed elementor-section-height-default elementor-section-height-default\" data-id=\"721f847\" data-element_type=\"section\" data-e-type=\"section\">\n\t\t\t\t\t\t<div class=\"elementor-container elementor-column-gap-default\">\n\t\t\t\t\t<div class=\"elementor-column elementor-col-100 elementor-top-column elementor-element elementor-element-09f67e5\" data-id=\"09f67e5\" data-element_type=\"column\" data-e-type=\"column\">\n\t\t\t<div class=\"elementor-widget-wrap elementor-element-populated\">\n\t\t\t\t\t\t<div class=\"elementor-element elementor-element-3a7579c elementor-widget elementor-widget-text-editor\" data-id=\"3a7579c\" data-element_type=\"widget\" data-e-type=\"widget\" data-widget_type=\"text-editor.default\">\n\t\t\t\t<div class=\"elementor-widget-container\">\n\t\t\t\t\t\t\t\t\t<p>Sn\u011bhov\u00e1 radlice zadn\u00ed, do t\u0159\u00edbodov\u00e9ho z\u00e1v\u011bs traktoru, s manu\u00e1ln\u00edm nastaven\u00edm sklonu a mo\u017enost\u00ed oto\u010den\u00ed do protism\u011bru.<\/p><p>Ide\u00e1ln\u00ed pro zimn\u00ed \u00fadr\u017ebu \u00fa\u010delov\u00fdch komunikac\u00ed i lehk\u00e9 shrnov\u00e1n\u00ed\/rovn\u00e1n\u00ed.<\/p><p>Gumov\u00fd b\u0159it je v z\u00e1kladn\u00ed v\u00fdbav\u011b.<\/p><p>Mo\u017enost p\u0159\u00edplatkov\u00e9 v\u00fdbavy:<\/p><ul><li>hydraulick\u00e9 nastaven\u00ed \u00fahlu radlice<\/li><li>b\u0159it z materi\u00e1lu polyuretan<\/li><li>b\u0159it z materi\u00e1lu kov HB 500\u00a0<\/li><\/ul>\t\t\t\t\t\t\t\t<\/div>\n\t\t\t\t<\/div>\n\t\t\t\t\t<\/div>\n\t\t<\/div>\n\t\t\t\t\t<\/div>\n\t\t<\/section>\n\t\t\t\t<section class=\"elementor-section elementor-top-section elementor-element elementor-element-f9c101c elementor-section-boxed elementor-section-height-default elementor-section-height-default\" data-id=\"f9c101c\" data-element_type=\"section\" data-e-type=\"section\">\n\t\t\t\t\t\t<div class=\"elementor-container elementor-column-gap-default\">\n\t\t\t\t\t<div class=\"elementor-column elementor-col-100 elementor-top-column elementor-element elementor-element-3001709\" data-id=\"3001709\" data-element_type=\"column\" data-e-type=\"column\">\n\t\t\t<div class=\"elementor-widget-wrap elementor-element-populated\">\n\t\t\t\t\t\t<div class=\"elementor-element elementor-element-0ba73d4 elementor-widget elementor-widget-image\" data-id=\"0ba73d4\" data-element_type=\"widget\" data-e-type=\"widget\" data-widget_type=\"image.default\">\n\t\t\t\t<div class=\"elementor-widget-container\">\n\t\t\t\t\t\t\t\t\t\t\t\t\t\t\t<img decoding=\"async\" width=\"847\" height=\"635\" src=\"https:\/\/recarprofi.cz\/wp-content\/uploads\/2026\/02\/radlice-snehova-zadni2-1200x900.png\" class=\"attachment-large size-large wp-image-32846\" alt=\"\" srcset=\"https:\/\/recarprofi.cz\/wp-content\/uploads\/2026\/02\/radlice-snehova-zadni2-1200x900.png 1200w, https:\/\/recarprofi.cz\/wp-content\/uploads\/2026\/02\/radlice-snehova-zadni2-744x558.png 744w, https:\/\/recarprofi.cz\/wp-content\/uploads\/2026\/02\/radlice-snehova-zadni2-420x315.png 420w, https:\/\/recarprofi.cz\/wp-content\/uploads\/2026\/02\/radlice-snehova-zadni2-768x576.png 768w, https:\/\/recarprofi.cz\/wp-content\/uploads\/2026\/02\/radlice-snehova-zadni2-1536x1152.png 1536w, https:\/\/recarprofi.cz\/wp-content\/uploads\/2026\/02\/radlice-snehova-zadni2-600x450.png 600w, https:\/\/recarprofi.cz\/wp-content\/uploads\/2026\/02\/radlice-snehova-zadni2.png 2000w\" sizes=\"(max-width: 847px) 100vw, 847px\" \/>\t\t\t\t\t\t\t\t\t\t\t\t\t\t\t<\/div>\n\t\t\t\t<\/div>\n\t\t\t\t\t<\/div>\n\t\t<\/div>\n\t\t\t\t\t<\/div>\n\t\t<\/section>\n\t\t\t\t<\/div>\n\t\t","protected":false},"excerpt":{"rendered":"<p>Vstup do Eshopu Sn\u011bhov\u00e1 radlice zadn\u00ed, do t\u0159\u00edbodov\u00e9ho z\u00e1v\u011bs traktoru, s manu\u00e1ln\u00edm nastaven\u00edm sklonu a mo\u017enost\u00ed oto\u010den\u00ed do protism\u011bru. Ide\u00e1ln\u00ed pro zimn\u00ed \u00fadr\u017ebu \u00fa\u010delov\u00fdch komunikac\u00ed i lehk\u00e9 shrnov\u00e1n\u00ed\/rovn\u00e1n\u00ed. Gumov\u00fd b\u0159it je v z\u00e1kladn\u00ed v\u00fdbav\u011b. Mo\u017enost&hellip;<\/p>\n","protected":false},"author":1,"featured_media":32575,"parent":6072,"menu_order":9,"comment_status":"closed","ping_status":"closed","template":"","meta":{"footnotes":""},"class_list":["post-6080","page","type-page","status-publish","has-post-thumbnail","hentry"],"_links":{"self":[{"href":"https:\/\/recarprofi.cz\/uvod\/wp-json\/wp\/v2\/pages\/6080","targetHints":{"allow":["GET"]}}],"collection":[{"href":"https:\/\/recarprofi.cz\/uvod\/wp-json\/wp\/v2\/pages"}],"about":[{"href":"https:\/\/recarprofi.cz\/uvod\/wp-json\/wp\/v2\/types\/page"}],"author":[{"embeddable":true,"href":"https:\/\/recarprofi.cz\/uvod\/wp-json\/wp\/v2\/users\/1"}],"replies":[{"embeddable":true,"href":"https:\/\/recarprofi.cz\/uvod\/wp-json\/wp\/v2\/comments?post=6080"}],"version-history":[{"count":24,"href":"https:\/\/recarprofi.cz\/uvod\/wp-json\/wp\/v2\/pages\/6080\/revisions"}],"predecessor-version":[{"id":32854,"href":"https:\/\/recarprofi.cz\/uvod\/wp-json\/wp\/v2\/pages\/6080\/revisions\/32854"}],"up":[{"embeddable":true,"href":"https:\/\/recarprofi.cz\/uvod\/wp-json\/wp\/v2\/pages\/6072"}],"wp:featuredmedia":[{"embeddable":true,"href":"https:\/\/recarprofi.cz\/uvod\/wp-json\/wp\/v2\/media\/32575"}],"wp:attachment":[{"href":"https:\/\/recarprofi.cz\/uvod\/wp-json\/wp\/v2\/media?parent=6080"}],"curies":[{"name":"wp","href":"https:\/\/api.w.org\/{rel}","templated":true}]}}

Sněhové radlice zadní

<div data-elementor-type="wp-page" data-elementor-id="6080" class="elementor elementor-6080">
						<section class="elementor-section elementor-top-section elementor-element elementor-element-b049219 elementor-section-boxed elementor-section-height-default elementor-section-height-default" data-id="b049219" data-element_type="section" data-e-type="section">
						<div class="elementor-container elementor-column-gap-default">
					<div class="elementor-column elementor-col-100 elementor-top-column elementor-element elementor-element-66f61fb" data-id="66f61fb" data-element_type="column" data-e-type="column">
			<div class="elementor-widget-wrap elementor-element-populated">
						<div class="elementor-element elementor-element-3c0e234 elementor-widget elementor-widget-image" data-id="3c0e234" data-element_type="widget" data-e-type="widget" data-widget_type="image.default">
				<div class="elementor-widget-container">
															<img fetchpriority="high" decoding="async" width="458" height="480" src="https://recarprofi.cz/wp-content/uploads/2026/02/radlice-snehova-zadni.webp" class="attachment-large size-large wp-image-32844" alt="" srcset="https://recarprofi.cz/wp-content/uploads/2026/02/radlice-snehova-zadni.webp 458w, https://recarprofi.cz/wp-content/uploads/2026/02/radlice-snehova-zadni-420x440.webp 420w" sizes="(max-width: 458px) 100vw, 458px" />															</div>
				</div>
					</div>
		</div>
					</div>
		</section>
				<section class="elementor-section elementor-top-section elementor-element elementor-element-9b25ff5 elementor-section-boxed elementor-section-height-default elementor-section-height-default" data-id="9b25ff5" data-element_type="section" data-e-type="section">
						<div class="elementor-container elementor-column-gap-default">
					<div class="elementor-column elementor-col-100 elementor-top-column elementor-element elementor-element-a71e184" data-id="a71e184" data-element_type="column" data-e-type="column">
			<div class="elementor-widget-wrap elementor-element-populated">
						<div class="elementor-element elementor-element-e70689e elementor-widget elementor-widget-button" data-id="e70689e" data-element_type="widget" data-e-type="widget" data-widget_type="button.default">
				<div class="elementor-widget-container">
									<div class="elementor-button-wrapper">
					<a class="elementor-button elementor-button-link elementor-size-sm" href="https://recarprofi.cz/uvod/kategorie-produktu/snehove-radlice/">
						<span class="elementor-button-content-wrapper">
									<span class="elementor-button-text">Vstup do Eshopu</span>
					</span>
					</a>
				</div>
								</div>
				</div>
					</div>
		</div>
					</div>
		</section>
				<section class="elementor-section elementor-top-section elementor-element elementor-element-721f847 elementor-section-boxed elementor-section-height-default elementor-section-height-default" data-id="721f847" data-element_type="section" data-e-type="section">
						<div class="elementor-container elementor-column-gap-default">
					<div class="elementor-column elementor-col-100 elementor-top-column elementor-element elementor-element-09f67e5" data-id="09f67e5" data-element_type="column" data-e-type="column">
			<div class="elementor-widget-wrap elementor-element-populated">
						<div class="elementor-element elementor-element-3a7579c elementor-widget elementor-widget-text-editor" data-id="3a7579c" data-element_type="widget" data-e-type="widget" data-widget_type="text-editor.default">
				<div class="elementor-widget-container">
									<p>Sněhová radlice zadní, do tříbodového závěs traktoru, s manuálním nastavením sklonu a možností otočení do protisměru.</p><p>Ideální pro zimní údržbu účelových komunikací i lehké shrnování/rovnání.</p><p>Gumový břit je v základní výbavě.</p><p>Možnost příplatkové výbavy:</p><ul><li>hydraulické nastavení úhlu radlice</li><li>břit z materiálu polyuretan</li><li>břit z materiálu kov HB 500 </li></ul>								</div>
				</div>
					</div>
		</div>
					</div>
		</section>
				<section class="elementor-section elementor-top-section elementor-element elementor-element-f9c101c elementor-section-boxed elementor-section-height-default elementor-section-height-default" data-id="f9c101c" data-element_type="section" data-e-type="section">
						<div class="elementor-container elementor-column-gap-default">
					<div class="elementor-column elementor-col-100 elementor-top-column elementor-element elementor-element-3001709" data-id="3001709" data-element_type="column" data-e-type="column">
			<div class="elementor-widget-wrap elementor-element-populated">
						<div class="elementor-element elementor-element-0ba73d4 elementor-widget elementor-widget-image" data-id="0ba73d4" data-element_type="widget" data-e-type="widget" data-widget_type="image.default">
				<div class="elementor-widget-container">
															<img decoding="async" width="847" height="635" src="https://recarprofi.cz/wp-content/uploads/2026/02/radlice-snehova-zadni2-1200x900.png" class="attachment-large size-large wp-image-32846" alt="" srcset="https://recarprofi.cz/wp-content/uploads/2026/02/radlice-snehova-zadni2-1200x900.png 1200w, https://recarprofi.cz/wp-content/uploads/2026/02/radlice-snehova-zadni2-744x558.png 744w, https://recarprofi.cz/wp-content/uploads/2026/02/radlice-snehova-zadni2-420x315.png 420w, https://recarprofi.cz/wp-content/uploads/2026/02/radlice-snehova-zadni2-768x576.png 768w, https://recarprofi.cz/wp-content/uploads/2026/02/radlice-snehova-zadni2-1536x1152.png 1536w, https://recarprofi.cz/wp-content/uploads/2026/02/radlice-snehova-zadni2-600x450.png 600w, https://recarprofi.cz/wp-content/uploads/2026/02/radlice-snehova-zadni2.png 2000w" sizes="(max-width: 847px) 100vw, 847px" />															</div>
				</div>
					</div>
		</div>
					</div>
		</section>
				</div>

<p>Vstup do Eshopu Sněhová radlice zadní, do tříbodového závěs traktoru, s manuálním nastavením sklonu a možností otočení do protisměru. Ideální pro zimní údržbu účelových komunikací i lehké shrnování/rovnání. Gumový břit je v základní výbavě. Možnost&hellip;</p>
